{"id":10648,"date":"2025-12-24T17:26:53","date_gmt":"2025-12-24T16:26:53","guid":{"rendered":"https:\/\/www.pedagogie.ac-nice.fr\/plplh\/?page_id=10648"},"modified":"2025-12-24T17:47:52","modified_gmt":"2025-12-24T16:47:52","slug":"emc-en-tle-bac-pro-2","status":"publish","type":"page","link":"https:\/\/www.pedagogie.ac-nice.fr\/plplh\/emc-en-tle-bac-pro-2\/","title":{"rendered":"EMC en Tle BAC PRO"},"content":{"rendered":"<h4><span style=\"color: #ff6600;\">1. Grille horaire<\/span><\/h4>\n<ul>\n<li>Consultez la <strong>grilles horaire de r\u00e9f\u00e9rence<\/strong> pour la <a href=\"https:\/\/www.pedagogie.ac-nice.fr\/plplh\/wp-content\/uploads\/sites\/18\/2024\/03\/Grille-horaire-Bac-Pro-2024.pdf\" target=\"_blank\" rel=\"noopener\"><strong>Terminale Bac Pro <\/strong><\/a>applicable \u00e0 partir de la <strong>rentr\u00e9e septembre 2024.<\/strong><\/li>\n<\/ul>\n<h4><span style=\"color: #ff6600;\">2. Programme<\/span><\/h4>\n<ul>\n<li>Le programme d\u2019<a href=\"https:\/\/www.pedagogie.ac-nice.fr\/plplh\/wp-content\/uploads\/sites\/18\/2020\/07\/EMC-TleBacPro.pdf\"><strong>EMC <\/strong><\/a>de Terminale Bac Pro.<\/li>\n<li><span style=\"color: #ff0000;\">\u00c0 partir de la rentr\u00e9e 2026<\/span>\n<ul>\n<li><a href=\"https:\/\/www.pedagogie.ac-nice.fr\/plplh\/wp-content\/uploads\/sites\/18\/2024\/06\/Programmes-EMC-TBAC.pdf\" target=\"_blank\" rel=\"noopener\"><strong>Terminale Bac professionnel<\/strong><\/a>\n<ul>\n<li>Th\u00e8me : La vie d\u00e9mocratique : d\u00e9bat, d\u00e9lib\u00e9ration et prise de d\u00e9cision<\/li>\n<\/ul>\n<\/li>\n<\/ul>\n<\/li>\n<\/ul>\n<h4><span style=\"color: #ff6600;\"><strong>3. D\u00e9finition de l\u2019\u00e9preuve d\u2019examen<\/strong><\/span><\/h4>\n<ul>\n<li>&nbsp;<a href=\"https:\/\/www.legifrance.gouv.fr\/affichTexte.do?cidTexte=JORFTEXT000042080678&amp;dateTexte=&amp;categorieLien=id\"><strong>Arr\u00eat\u00e9 du 17 juin 2020 <\/strong><\/a>de\u0301finissant les modalite\u0301s d\u2019<strong>\u00e9valuation des \u00e9preuves ou sous-\u00e9preuves d\u2019enseignement g\u00e9n\u00e9ral<\/strong> pour le Bac Pro.\n<ul>\n<li><strong><a href=\"https:\/\/www.pedagogie.ac-nice.fr\/plplh\/wp-content\/uploads\/sites\/18\/2020\/10\/BPro-Annexe-II.pdf\">Annexe<\/a><a href=\"https:\/\/www.pedagogie.ac-nice.fr\/plplh\/wp-content\/uploads\/sites\/18\/2020\/10\/BPro-Annexe-II.pdf\"> II<\/a><\/strong> : modalit\u00e9s d\u2019\u00e9valuation pour la sous-\u00e9preuve d\u2019<strong>Histoire-G\u00e9ographie-EMC<\/strong><\/li>\n<\/ul>\n<\/li>\n<li>Consultez le <a href=\"https:\/\/www.pedagogie.ac-nice.fr\/plplh\/wp-content\/uploads\/sites\/18\/2020\/10\/BO-N\u00b028-du-10-juillet-2020.pdf\"><strong>BO N\u00b028 du 10 juillet 2020<\/strong><\/a> pourtant sur la <strong>modification du livret scolaire<\/strong> en Terminale Bac Pro.<\/li>\n<li><a href=\"https:\/\/www.pedagogie.ac-nice.fr\/plplh\/wp-content\/uploads\/sites\/18\/2020\/10\/Livret-scolaire-BCP-R2020.pdf\"><strong>Nouveau livret scolaire<\/strong><\/a> pour l\u2019examen du Bac Professionnel (arr\u00eat\u00e9 du 17 juin 2020)<\/li>\n<li><strong><a href=\"https:\/\/www.pedagogie.ac-nice.fr\/plplh\/wp-content\/uploads\/sites\/18\/2020\/10\/Livret-scolaire-TBPro-LHG.pdf\">La page 17 du livret-scolaire <\/a><\/strong>consacr\u00e9e \u00e0 l\u2019\u00e9valuation <strong>du Fran\u00e7ais et de l\u2019Histoire-G\u00e9ographie-EMC<\/strong> en Terminale Bac Pro.<\/li>\n<\/ul>\n<h4><span style=\"color: #ff6600;\">4. Modalit\u00e9s de l&rsquo;\u00e9preuve orale de contr\u00f4le en bac pro<\/span><\/h4>\n<p>Le BO n\u00b04 du 27 janvier 2022 pr\u00e9cise <strong><a href=\"https:\/\/www.education.gouv.fr\/bo\/22\/Hebdo4\/MENE2139306N.htm\">les modalit\u00e9s pour l&rsquo;\u00e9preuve de contr\u00f4le du bac pro<\/a><\/strong> \u00e0 partir de la session de juin 2022.<\/p>\n<ul>\n<li><strong><a href=\"https:\/\/www.pedagogie.ac-nice.fr\/plplh\/wp-content\/uploads\/sites\/18\/2024\/06\/CADRAGE-EOC-2025.pdf\" target=\"_blank\" rel=\"noopener\">Lettre de cadrage des inspecteurs Lettres-Histoire-G\u00e9ographie <\/a>pour la session 2025<\/strong><\/li>\n<li><strong><a href=\"https:\/\/www.pedagogie.ac-nice.fr\/plplh\/wp-content\/uploads\/sites\/18\/2024\/06\/ORAL-DE-CONTROLE-25.pdf\" target=\"_blank\" rel=\"noopener\">Infographie acad\u00e9mique sur l&rsquo;\u00e9preuve orale de contr\u00f4le<\/a><\/strong><\/li>\n<li><a href=\"https:\/\/www.pedagogie.ac-nice.fr\/plplh\/wp-content\/uploads\/sites\/18\/2022\/02\/grille-evaluation-HG-EMC-annexe5-2022.pdf\"><strong>Grille nationale d&rsquo;\u00e9valuation de la sous-\u00e9preuve de contr\u00f4le de l&rsquo;histoire-g\u00e9ographie et EMC<\/strong><\/a> (Annexe 5)<\/li>\n<\/ul>\n","protected":false},"excerpt":{"rendered":"<p>1. Grille horaire Consultez la grilles horaire de r\u00e9f\u00e9rence pour la Terminale Bac Pro applicable \u00e0 partir de la rentr\u00e9e septembre 2024. 2. Programme Le programme d\u2019EMC de Terminale Bac Pro. \u00c0 partir de la rentr\u00e9e 2026 Terminale Bac professionnel Th\u00e8me : La vie d\u00e9mocratique : d\u00e9bat, d\u00e9lib\u00e9ration et prise de d\u00e9cision 3. D\u00e9finition de &hellip; <\/p>\n<p><a class=\"more-link btn\" href=\"https:\/\/www.pedagogie.ac-nice.fr\/plplh\/emc-en-tle-bac-pro-2\/\">Lire la suite<\/a><\/p>\n","protected":false},"author":195,"featured_media":0,"parent":0,"menu_order":0,"comment_status":"closed","ping_status":"closed","template":"","meta":{"ngg_post_thumbnail":0,"footnotes":""},"class_list":["post-10648","page","type-page","status-publish","hentry","nodate","item-wrap"],"rttpg_featured_image_url":null,"rttpg_author":{"display_name":"David Lamoureux","author_link":"https:\/\/www.pedagogie.ac-nice.fr\/plplh\/author\/dlamoureux\/"},"rttpg_comment":0,"rttpg_category":null,"rttpg_excerpt":"1. Grille horaire Consultez la grilles horaire de r\u00e9f\u00e9rence pour la Terminale Bac Pro applicable \u00e0 partir de la rentr\u00e9e septembre 2024. 2. Programme Le programme d\u2019EMC de Terminale Bac Pro. \u00c0 partir de la rentr\u00e9e 2026 Terminale Bac professionnel Th\u00e8me : La vie d\u00e9mocratique : d\u00e9bat, d\u00e9lib\u00e9ration et prise de d\u00e9cision 3. D\u00e9finition de\u2026","post_mailing_queue_ids":[],"_links":{"self":[{"href":"https:\/\/www.pedagogie.ac-nice.fr\/plplh\/wp-json\/wp\/v2\/pages\/10648","targetHints":{"allow":["GET"]}}],"collection":[{"href":"https:\/\/www.pedagogie.ac-nice.fr\/plplh\/wp-json\/wp\/v2\/pages"}],"about":[{"href":"https:\/\/www.pedagogie.ac-nice.fr\/plplh\/wp-json\/wp\/v2\/types\/page"}],"author":[{"embeddable":true,"href":"https:\/\/www.pedagogie.ac-nice.fr\/plplh\/wp-json\/wp\/v2\/users\/195"}],"replies":[{"embeddable":true,"href":"https:\/\/www.pedagogie.ac-nice.fr\/plplh\/wp-json\/wp\/v2\/comments?post=10648"}],"version-history":[{"count":4,"href":"https:\/\/www.pedagogie.ac-nice.fr\/plplh\/wp-json\/wp\/v2\/pages\/10648\/revisions"}],"predecessor-version":[{"id":10661,"href":"https:\/\/www.pedagogie.ac-nice.fr\/plplh\/wp-json\/wp\/v2\/pages\/10648\/revisions\/10661"}],"wp:attachment":[{"href":"https:\/\/www.pedagogie.ac-nice.fr\/plplh\/wp-json\/wp\/v2\/media?parent=10648"}],"curies":[{"name":"wp","href":"https:\/\/api.w.org\/{rel}","templated":true}]}}