{"id":4321,"date":"2020-09-08T09:16:01","date_gmt":"2020-09-08T07:16:01","guid":{"rendered":"https:\/\/www.pedagogie.ac-nice.fr\/plplh\/?page_id=4321"},"modified":"2026-01-15T09:36:02","modified_gmt":"2026-01-15T08:36:02","slug":"ressources-en-1ere-bac-pro","status":"publish","type":"page","link":"https:\/\/www.pedagogie.ac-nice.fr\/plplh\/enseigner\/ressources-en-1ere-bac-pro\/","title":{"rendered":"1\u00e8re BAC PRO &#8211; Ressources p\u00e9dagogiques"},"content":{"rendered":"<h3><span style=\"color: #ff6600;\">FRAN\u00c7AIS<\/span><\/h3>\n<ul>\n<li>La <strong><a href=\"https:\/\/bibliothequenumerique.tv5monde.com\/livres\">biblioth\u00e8que num\u00e9rique de TV5 monde<\/a><\/strong> : 572 livres gratuits de la litt\u00e9rature francophone (correspondances, romans, th\u00e9\u00e2tres, po\u00e9sies\u2026) du XIIIe au XXe si\u00e8cle. Certains sont accompagn\u00e9s d\u2019un livret p\u00e9dagogique.<\/li>\n<li><strong><a href=\"https:\/\/gallica.bnf.fr\/html\/und\/livres\/livres?mode=desktop\">Gallica &#8211; Livres<\/a><\/strong> propose plus de <span class=\"no-restricted-libelle\">642 000 documents consultables en ligne.<\/span><\/li>\n<li><strong><a href=\"http:\/\/www.litteratureaudio.com\/\">Litt\u00e9rature Audio<\/a><\/strong> propose plus de 8 000 livres gratuits \u00e0 \u00e9couter et \u00e0 t\u00e9l\u00e9charger.<\/li>\n<li><a href=\"https:\/\/www.pedagogie.ac-nice.fr\/plplh\/ressources-francais-1-livres-numeriques\/\"><strong>Livres num\u00e9riques<\/strong><\/a> : 160 livres en Pdf de l\u2019Antiquit\u00e9 au XIXe si\u00e8cle.<\/li>\n<li><strong><a href=\"https:\/\/poesie.webnet.fr\/lesgrandsclassiques\/\">Po\u00e9sie-Webnet<\/a><\/strong> regroupe plus de 6 000 po\u00e8mes des grands po\u00e8tes de langue fran\u00e7aise, du Moyen-\u00e2ge au XX\u00e8me si\u00e8cle.<\/li>\n<li>Le portail du minist\u00e8re de la culture <a href=\"https:\/\/histoiredesarts.culture.gouv.fr\/\"><strong>\u00ab\u00a0L&rsquo;Histoire des arts \u00e0 port\u00e9e de clics !\u00a0\u00bb<\/strong><\/a> vous permet d&rsquo;acc\u00e9der&nbsp; gratuitement \u00e0 plus de 5 000 ressources \u00e9ducatives notamment dans les domaines de la litt\u00e9rature et du th\u00e9\u00e2tre.<\/li>\n<li><a href=\"https:\/\/fr.wikisource.org\/wiki\/Cat%C3%A9gorie:Litt%C3%A9rature\"><strong>Wikisource<\/strong><\/a> est une biblioth\u00e8que de 296 950 textes francophones libres et gratuits.<\/li>\n<\/ul>\n<h4><span style=\"color: #0000ff;\">\u00c9tude de la langue<\/span><\/h4>\n<ul>\n<li>Une r\u00e9flexion sur <a href=\"https:\/\/www.pedagogie.ac-nice.fr\/plplh\/wp-content\/uploads\/sites\/18\/2020\/03\/Pre\u0301sentation-E-Langue.pdf\"><strong>la mise en \u0153uvre de l\u2019\u00e9tude de la langue<\/strong><\/a>.<\/li>\n<\/ul>\n<div class=\"page\" title=\"Page 1\">\n<div class=\"layoutArea\">\n<div class=\"column\">\n<h4><span style=\"color: #0000ff;\">Premier objet d&rsquo;\u00e9tude : Cre\u0301er, fabriquer : l\u2019invention et l\u2019imaginaire<\/span><\/h4>\n<ul>\n<li>BNF :\n<ul>\n<li><strong><a href=\"https:\/\/www.bnf.fr\/fr\/connaissez-vous-apollinaire\" target=\"_blank\" rel=\"noopener\">Connaissez-vous Apollinaire ?<\/a><\/strong><\/li>\n<li>Expositions virtuelles :\n<ul>\n<li><strong><a href=\"http:\/\/expositions.bnf.fr\/baudelaire\/\" target=\"_blank\" rel=\"noopener\">\u00ab\u00a0Baudelaire, la modernit\u00e9 m\u00e9lancolique\u00a0\u00bb <\/a><\/strong>(2021)<\/li>\n<li><strong><a href=\"http:\/\/expositions.bnf.fr\/brouillons\/\">\u00ab\u00a0Brouillons d&rsquo;\u00e9crivains : cr\u00e9ations litt\u00e9raires, manuscrits\u00a0\u00bb<\/a><\/strong><\/li>\n<\/ul>\n<\/li>\n<li><a href=\"https:\/\/gallica.bnf.fr\/conseils\/content\/gallica-vous-conseille\" target=\"_blank\" rel=\"noopener\"><strong>Gallica vous conseille<\/strong><\/a> : retrouvez des dossiers th\u00e9matiques sur Guillaume Apollinaire, Charles Baudelaire, St\u00e9phane Mallarm\u00e9 et bien d&rsquo;autres encore&#8230;<\/li>\n<\/ul>\n<\/li>\n<li>Vid\u00e9os de France Culture :\n<ul>\n<li class=\"style-scope ytd-watch-metadata\"><a href=\"https:\/\/youtu.be\/DWOYs_8quzo?si=OfPPXb6IXEPklD5d\" target=\"_blank\" rel=\"noopener\"><strong>Comment Charles Baudelaire a \u00e9crit \u00ab Les Fleurs du Mal \u00bb ? <\/strong><\/a>(2021)<\/li>\n<li class=\"style-scope ytd-watch-metadata\"><strong><a href=\"https:\/\/youtu.be\/FRmU70ZCJF8?si=maDqn_y0fRMhASyu\" target=\"_blank\" rel=\"noopener\">\u00ab Le Dormeur du val \u00bb, de Rimbaud lu par Christian Benedetti <\/a><\/strong>(2018)<\/li>\n<\/ul>\n<\/li>\n<\/ul>\n<h4><span style=\"color: #0000ff;\">Second objet d&rsquo;\u00e9tude : Lire et suivre un personnage : itine\u0301raires romanesques<\/span><\/h4>\n<ul>\n<li>BNF :\n<ul>\n<li>Expositions virtuelles :\n<ul>\n<li><strong><a href=\"http:\/\/expositions.bnf.fr\/brouillons\/\">\u00ab\u00a0Brouillons d&rsquo;\u00e9crivains : cr\u00e9ations litt\u00e9raires, manuscrits\u00a0\u00bb<\/a><\/strong><\/li>\n<li><strong><a href=\"http:\/\/expositions.bnf.fr\/zola\/index.htm\" target=\"_blank\" rel=\"noopener\">\u00ab\u00a0\u00c9mile Zola\u00a0\u00bb<\/a><\/strong><\/li>\n<\/ul>\n<\/li>\n<li><a href=\"https:\/\/gallica.bnf.fr\/conseils\/content\/gallica-vous-conseille\" target=\"_blank\" rel=\"noopener\"><strong>Gallica vous conseille<\/strong><\/a> : des dossiers th\u00e9matiques sur Gustave Flaubert, Guy de Maupassant,&nbsp; \u00c9mile Zola et bien d&rsquo;autres encore&#8230;<\/li>\n<li>&nbsp;\u00ab\u00a0<strong><a href=\"https:\/\/gallica.bnf.fr\/essentiels\/maupassant\">Les essentiels de la litt\u00e9rature : Maupassant 1850-1893&Prime;<\/a><\/strong>. Retrouvez en ligne les \u0153uvres :&nbsp; <em>Bel-Ami, Une Vie, Le Horla, Pierre et Jean<\/em>.<\/li>\n<\/ul>\n<\/li>\n<li>Vid\u00e9o de France Culture :\n<ul>\n<li><a href=\"https:\/\/youtu.be\/c3aBdiSBqZA?si=yDSsSfDj_uJqOFOh\" target=\"_blank\" rel=\"noopener\"><strong>\u00ab Germinal \u00bb : Zola, l\u2019\u00e9crivain-reporter <\/strong><\/a>(2022)<\/li>\n<\/ul>\n<\/li>\n<li>Proposition de croisement avec le th\u00e8me 2 d&rsquo;histoire :&nbsp;\n<ul>\n<li>Le personnage de Mathilde dans le roman <em>L&rsquo; Arm\u00e9e des ombres <\/em>de Joseph Kessel (1943).<\/li>\n<li>Le recueil de quatre nouvelles <em>Le Premier accroc co\u00fbte deux sous<\/em> d&rsquo;Elsa Triolet (1944) &#8211; Prix Goncourt.<\/li>\n<\/ul>\n<\/li>\n<\/ul>\n<\/div>\n<\/div>\n<\/div>\n<div class=\"page\" title=\"Page 1\">\n<div class=\"layoutArea\">\n<div class=\"column\">\n<ul>\n<li style=\"list-style-type: none;\">&nbsp;<\/li>\n<\/ul>\n<\/div>\n<\/div>\n<\/div>\n","protected":false},"excerpt":{"rendered":"<p>FRAN\u00c7AIS La biblioth\u00e8que num\u00e9rique de TV5 monde : 572 livres gratuits de la litt\u00e9rature francophone (correspondances, romans, th\u00e9\u00e2tres, po\u00e9sies\u2026) du XIIIe au XXe si\u00e8cle. Certains sont accompagn\u00e9s d\u2019un livret p\u00e9dagogique. Gallica &#8211; Livres propose plus de 642 000 documents consultables en ligne. Litt\u00e9rature Audio propose plus de 8 000 livres gratuits \u00e0 \u00e9couter et \u00e0 &hellip; <\/p>\n<p><a class=\"more-link btn\" href=\"https:\/\/www.pedagogie.ac-nice.fr\/plplh\/enseigner\/ressources-en-1ere-bac-pro\/\">Lire la suite<\/a><\/p>\n","protected":false},"author":195,"featured_media":0,"parent":1755,"menu_order":0,"comment_status":"closed","ping_status":"closed","template":"","meta":{"ngg_post_thumbnail":0,"footnotes":""},"class_list":["post-4321","page","type-page","status-publish","hentry","nodate","item-wrap"],"rttpg_featured_image_url":null,"rttpg_author":{"display_name":"David Lamoureux","author_link":"https:\/\/www.pedagogie.ac-nice.fr\/plplh\/author\/dlamoureux\/"},"rttpg_comment":0,"rttpg_category":null,"rttpg_excerpt":"FRAN\u00c7AIS La biblioth\u00e8que num\u00e9rique de TV5 monde : 572 livres gratuits de la litt\u00e9rature francophone (correspondances, romans, th\u00e9\u00e2tres, po\u00e9sies\u2026) du XIIIe au XXe si\u00e8cle. Certains sont accompagn\u00e9s d\u2019un livret p\u00e9dagogique. Gallica &#8211; Livres propose plus de 642 000 documents consultables en ligne. Litt\u00e9rature Audio propose plus de 8 000 livres gratuits \u00e0 \u00e9couter et \u00e0\u2026","post_mailing_queue_ids":[],"_links":{"self":[{"href":"https:\/\/www.pedagogie.ac-nice.fr\/plplh\/wp-json\/wp\/v2\/pages\/4321","targetHints":{"allow":["GET"]}}],"collection":[{"href":"https:\/\/www.pedagogie.ac-nice.fr\/plplh\/wp-json\/wp\/v2\/pages"}],"about":[{"href":"https:\/\/www.pedagogie.ac-nice.fr\/plplh\/wp-json\/wp\/v2\/types\/page"}],"author":[{"embeddable":true,"href":"https:\/\/www.pedagogie.ac-nice.fr\/plplh\/wp-json\/wp\/v2\/users\/195"}],"replies":[{"embeddable":true,"href":"https:\/\/www.pedagogie.ac-nice.fr\/plplh\/wp-json\/wp\/v2\/comments?post=4321"}],"version-history":[{"count":127,"href":"https:\/\/www.pedagogie.ac-nice.fr\/plplh\/wp-json\/wp\/v2\/pages\/4321\/revisions"}],"predecessor-version":[{"id":10768,"href":"https:\/\/www.pedagogie.ac-nice.fr\/plplh\/wp-json\/wp\/v2\/pages\/4321\/revisions\/10768"}],"up":[{"embeddable":true,"href":"https:\/\/www.pedagogie.ac-nice.fr\/plplh\/wp-json\/wp\/v2\/pages\/1755"}],"wp:attachment":[{"href":"https:\/\/www.pedagogie.ac-nice.fr\/plplh\/wp-json\/wp\/v2\/media?parent=4321"}],"curies":[{"name":"wp","href":"https:\/\/api.w.org\/{rel}","templated":true}]}}