{"id":4389,"date":"2020-09-17T16:50:16","date_gmt":"2020-09-17T14:50:16","guid":{"rendered":"https:\/\/www.pedagogie.ac-nice.fr\/plplh\/?page_id=4389"},"modified":"2026-03-11T19:05:49","modified_gmt":"2026-03-11T18:05:49","slug":"se-former-en-histoire-geographie-emc","status":"publish","type":"page","link":"https:\/\/www.pedagogie.ac-nice.fr\/plplh\/se-former-en-histoire-geographie-emc\/","title":{"rendered":"Veille scientifique en histoire-g\u00e9ographie"},"content":{"rendered":"<h4><span style=\"color: #ff6600;\"><strong>Lire<\/strong><\/span><\/h4>\n<h4><span style=\"color: #ff0000;\"><strong>Histoire<\/strong><\/span><\/h4>\n<h4><span style=\"color: #ff0000;\"><strong>G\u00e9ographie<\/strong><\/span><\/h4>\n<div class=\"page\" title=\"Page 1\">\n<div class=\"section\">\n<div class=\"layoutArea\">\n<ul>\n<li>Dossiers documentaires de Science Po\n<ul>\n<li><a href=\"https:\/\/dossiers-bibliotheque.sciencespo.fr\/villes-sobres-vers-quelles-transitions-urbaines\" hreflang=\"fr\"><strong>Villes sobres : vers quelles transitions urbaines ?<\/strong> (<\/a>2025)<\/li>\n<\/ul>\n<\/li>\n<li class=\"column\">Dossiers de veille de l\u2019IF\u00c9\n<ul>\n<li class=\"column\">\u00ab\u00a0<a href=\"https:\/\/www.pedagogie.ac-nice.fr\/plplh\/wp-content\/uploads\/sites\/18\/2023\/07\/HS-septembre-2022.pdf\" target=\"_blank\" rel=\"noopener\"><strong>Apprendre en Anthropoc\u00e8ne. \u00c9duquer \u00e0 la biodiversit\u00e9<\/strong><\/a><strong>\u00ab\u00a0<\/strong> d&rsquo;Anne-Franc\u0327oise Gibert, Hors-S\u00e9rie, septembre 2022.<\/li>\n<\/ul>\n<\/li>\n<\/ul>\n<\/div>\n<\/div>\n<\/div>\n<ul>\n<li style=\"list-style-type: none;\">\n<ul>\n<li><strong>\u201c<a href=\"https:\/\/www.pedagogie.ac-nice.fr\/plplh\/wp-content\/uploads\/sites\/18\/2023\/04\/Eduquer-urgence-climatique.pdf\">\u00c9duquer \u00e0 l&rsquo;urgence climatique\u201d<\/a> <\/strong>d&rsquo;Anne-Franc\u0327oise Gibert, n\u00b0133, mars 2020.&nbsp;<\/li>\n<\/ul>\n<\/li>\n<li>Publications <a href=\"https:\/\/www.observatoire-des-territoires.gouv.fr\/kiosque\/2019-fiche-mobilites-se-deplacer-au-quotidien-enjeux-spatiaux-enjeux-sociaux\">\u00ab\u00a0Se d\u00e9placer au quotidien : enjeux spatiaux, enjeux sociaux\u00a0\u00bb<\/a>de l&rsquo;Observatoire des territoires (2019).<\/li>\n<li>Sites :\n<ul>\n<li>G\u00e9oconfluences : <strong><a href=\"https:\/\/geoconfluences.ens-lyon.fr\/informations-scientifiques\" target=\"_blank\" rel=\"noopener\">articles scientifiques&nbsp;de g\u00e9ographie pour les enseignants&nbsp;<\/a><\/strong><\/li>\n<\/ul>\n<\/li>\n<\/ul>\n<h4><span style=\"color: #ff6600;\"><strong>Voir<\/strong><\/span><\/h4>\n<h4><span style=\"color: #ff0000;\"><strong>Histoire<\/strong><\/span><\/h4>\n<ul>\n<li><a href=\"https:\/\/www.arte.tv\/fr\/videos\/RC-015950\/quand-l-histoire-fait-dates\/\"><strong>ARTE <\/strong><\/a>\n<ul>\n<li><a href=\"https:\/\/www.arte.tv\/fr\/videos\/RC-015950\/quand-l-histoire-fait-dates\/\"><strong>Quand l&rsquo;histoire fait dates<\/strong><\/a> : <span class=\"css-r1nv5n css-3jyrto css-zalou css-1rm7u2e\">Patrick Boucheron revisite l\u2019histoire \u00e0 travers le prisme des grandes dates.<\/span><\/li>\n<li><a href=\"https:\/\/www.arte.tv\/fr\/videos\/RC-020782\/faire-l-histoire\/\" target=\"_blank\" rel=\"noopener\"><strong>Faire l&rsquo;histoire<\/strong><\/a>&nbsp;: <span class=\"css-r1nv5n css-3jyrto css-zalou css-1rm7u2e\">Patrick Boucheron<\/span> aborde l&rsquo;histoire par le prisme des objets.<\/li>\n<\/ul>\n<\/li>\n<li>Vid\u00e9o de France Culture : <strong><a href=\"https:\/\/www.youtube.com\/watch?v=5oamDJKjjGc&amp;list=PLKpTasoeXDroMCMte_GTmH-UaRvUg6aXj&amp;index=40\" target=\"_blank\" rel=\"noopener\">\u00ab\u00a0Les matins de France Culture &#8211; D\u00e9barquement de Provence : l\u2019oubli\u00e9 du roman national\u00a0\u00bb<\/a><\/strong> (ao\u00fbt 2024)<\/li>\n<\/ul>\n<h4><span style=\"color: #ff0000;\"><strong>G\u00e9ographie<\/strong><\/span><\/h4>\n<ul>\n<li><strong><a href=\"https:\/\/www.arte.tv\/fr\/videos\/RC-014036\/le-dessous-des-cartes\/\">Le Dessous des Cartes d&rsquo;ARTE<\/a><\/strong>&nbsp; : D<span class=\"css-1oeooqk\">\u00e9crypte les enjeux de notre monde contemporain au moyen de cartes g\u00e9ographiques.<\/span><\/li>\n<\/ul>\n<h4><span style=\"color: #ff6600;\"><strong>Entendre<\/strong><\/span><\/h4>\n<h4><span style=\"color: #ff0000;\"><strong>Histoire<\/strong><\/span><\/h4>\n<ul>\n<li>Retrouvez tous les Podcast du <a href=\"https:\/\/www.franceculture.fr\/emissions\/le-cours-de-lhistoire\">Cours de l&rsquo;Histoire<\/a>, l&rsquo;\u00e9mission de France Culture dont :\n<ul>\n<li><strong><a href=\"https:\/\/www.radiofrance.fr\/franceculture\/podcasts\/serie-algerie-en-resistance-une-histoire-coloniale\" target=\"_blank\" rel=\"noopener\">\u00ab\u00a0Alg\u00e9rie en r\u00e9sistance, une histoire coloniale\u00a0\u00bb<\/a><\/strong> (4 \u00e9pisodes &#8211; 2024)<\/li>\n<li><a href=\"https:\/\/www.radiofrance.fr\/franceculture\/podcasts\/serie-ecrire-l-histoire-de-france-mode-d-emploi\" target=\"_blank\" rel=\"noopener\"><em><strong>\u00ab\u00a0<\/strong><\/em><strong>\u00c9crire l&rsquo;histoire de France, mode d&#8217;emploi<\/strong>\u00ab\u00a0<\/a>(5 \u00e9pisodes &#8211; 2025)<\/li>\n<li><strong><a href=\"https:\/\/www.radiofrance.fr\/franceculture\/podcasts\/serie-esclavage-une-histoire-plurielle\" target=\"_blank\" rel=\"noopener\">\u00ab\u00a0Esclavage, une histoire plurielle\u00a0\u00bb<\/a><\/strong> (4 \u00e9pisodes &#8211; 2024)<\/li>\n<li><strong><a href=\"https:\/\/www.radiofrance.fr\/franceculture\/podcasts\/serie-faire-campagne-et-voter-histoires-d-elections\" target=\"_blank\" rel=\"noopener\">\u00ab\u00a0Faire campagne et voter, histoire d&rsquo;\u00e9lections\u00a0\u00bb<\/a><\/strong> (4 \u00e9pisodes &#8211; 2024)<\/li>\n<li><a href=\"https:\/\/www.radiofrance.fr\/franceculture\/podcasts\/serie-nouveaux-regards-sur-la-premiere-guerre-mondiale\" target=\"_blank\" rel=\"noopener\"><strong>\u00ab\u00a0Nouveaux regards sur la Premi\u00e8re Guerre mondiale\u00a0\u00bb <\/strong><\/a>(4 \u00e9pisodes &#8211; 2025)<\/li>\n<li><strong><a href=\"https:\/\/www.radiofrance.fr\/franceculture\/podcasts\/serie-penser-la-construction-europeenne\" target=\"_blank\" rel=\"noopener\">\u00ab\u00a0Penser la construction europ\u00e9enne\u00a0\u00bb <\/a><\/strong>(4 \u00e9pisodes &#8211; 2024)<\/li>\n<li><strong><a href=\"https:\/\/www.radiofrance.fr\/franceculture\/podcasts\/serie-rentree-1944-enfin-la-liberation\" target=\"_blank\" rel=\"noopener\">\u00ab\u00a0Rentr\u00e9e 1944, enfin la lib\u00e9ration !\u00a0\u00bb<\/a><\/strong> (4 \u00e9pisodes &#8211; 2024)<\/li>\n<li><strong><a href=\"https:\/\/www.radiofrance.fr\/franceculture\/podcasts\/serie-universelle-et-solidaire-histoire-de-la-securite-sociale\" target=\"_blank\" rel=\"noopener\">\u00ab\u00a0Universelle et solidaire, l&rsquo;histoire de la S\u00e9curit\u00e9 sociale\u00a0\u00bb<\/a><\/strong> (4 \u00e9pisodes &#8211; 2024)<\/li>\n<\/ul>\n<\/li>\n<li>Retrouvez tous les Podcasts de <a href=\"https:\/\/www.franceculture.fr\/emissions\/concordance-des-temps\">Concordance des Temps<\/a>, l&rsquo;\u00e9mission de France Culture.<\/li>\n<li><a href=\"https:\/\/www.canalacademie.com\/ida12511-Qu-est-ce-qu-une-nation.html\">Qu&rsquo;est-ce qu&rsquo;une nation ?&nbsp; <\/a>de l&rsquo;historien Pascal Ory (f\u00e9vrier 2021).<\/li>\n<li><a href=\"https:\/\/www.franceculture.fr\/emissions\/le-cours-de-lhistoire\/la-commemoration-peut-elle-echapper-a-la-politique\">La comm\u00e9moration peut-elle \u00e9chapper au politique ?<\/a>, de l&rsquo;\u00e9mission <em>Le Cours de l&rsquo;Histoire<\/em> de France Culture avec Yves Bruley, historien et directeur de France M\u00e9moire (2021).<\/li>\n<li><a href=\"https:\/\/www.franceculture.fr\/histoire\/histoire-de-lesclavage-4-periodes-en-10-emissions?utm_medium=Social&amp;utm_source=Facebook&amp;fbclid=IwAR1nB0TGO3rdFAcLSKPNM5kXqlEMj3fDdgvW6ALLjXAF5XjN21y7igqnZFo#Echobox=1620399593\">L&rsquo;histoire de l&rsquo;esclavage : 4 p\u00e9riodes en 10 \u00e9missions<\/a> de France Culture \u00c9ducation (2021).<\/li>\n<\/ul>\n<h4><span style=\"color: #ff0000;\"><strong>G\u00e9ographie<\/strong><\/span><\/h4>\n<ul>\n<li>Podcasts de France Culture\n<ul>\n<li><em>Les chantiers de la recherche<\/em>&nbsp;\n<ul>\n<li><strong><a href=\"https:\/\/www.radiofrance.fr\/franceculture\/podcasts\/les-chantiers-de-la-recherche\/sommes-nous-egaux-face-aux-evenements-climatiques-extremes-8649287\" target=\"_blank\" rel=\"noopener\">Sommes-nous \u00e9gaux face aux \u00e9v\u00e8nements climatiques extr\u00eames ?<\/a><\/strong> (2025)<\/li>\n<li>&nbsp;<strong><a href=\"https:\/\/www.radiofrance.fr\/franceculture\/podcasts\/les-chantiers-de-la-recherche\/urbanisme-comment-mieux-adapter-nos-villes-au-rechauffement-climatique-5277737\" target=\"_blank\" rel=\"noopener\">Urbanisme : comment mieux adapter nos villes au r\u00e9chauffement climatique ?<\/a><\/strong> (2026)<\/li>\n<\/ul>\n<\/li>\n<li><a href=\"https:\/\/www.franceculture.fr\/emissions\/nos-geographies-dominique-rousset\"><strong>G\u00e9ographie \u00e0 la carte<\/strong><\/a><\/li>\n<li><strong><a href=\"https:\/\/www.radiofrance.fr\/franceculture\/podcasts\/le-mouvement-des-cartes\" target=\"_blank\" rel=\"noopener\">Les cartes en mouvement<\/a><\/strong><\/li>\n<\/ul>\n<\/li>\n<\/ul>\n<h4><span style=\"color: #ff6600;\">Rencontrer<\/span><\/h4>\n<p><span style=\"color: #ff0000;\"><strong>Histoire<\/strong><\/span><\/p>\n<ul>\n<li><a href=\"http:\/\/rdv-histoire.com\/\">Les rendez-vous de l&rsquo;Histoire de Blois<\/a><\/li>\n<\/ul>\n<p><span style=\"color: #ff0000;\"><strong>G\u00e9ographie<\/strong><\/span><\/p>\n<ul>\n<li><a href=\"https:\/\/www.fig.saint-die-des-vosges.fr\/\">Le festival international de G\u00e9ographie de Saint-Di\u00e9-des-Vosges<\/a><\/li>\n<\/ul>\n","protected":false},"excerpt":{"rendered":"<p>Lire Histoire G\u00e9ographie Dossiers documentaires de Science Po Villes sobres : vers quelles transitions urbaines ? (2025) Dossiers de veille de l\u2019IF\u00c9 \u00ab\u00a0Apprendre en Anthropoc\u00e8ne. \u00c9duquer \u00e0 la biodiversit\u00e9\u00ab\u00a0 d&rsquo;Anne-Franc\u0327oise Gibert, Hors-S\u00e9rie, septembre 2022. \u201c\u00c9duquer \u00e0 l&rsquo;urgence climatique\u201d d&rsquo;Anne-Franc\u0327oise Gibert, n\u00b0133, mars 2020.&nbsp; Publications \u00ab\u00a0Se d\u00e9placer au quotidien : enjeux spatiaux, enjeux sociaux\u00a0\u00bbde l&rsquo;Observatoire des &hellip; <\/p>\n<p><a class=\"more-link btn\" href=\"https:\/\/www.pedagogie.ac-nice.fr\/plplh\/se-former-en-histoire-geographie-emc\/\">Lire la suite<\/a><\/p>\n","protected":false},"author":195,"featured_media":0,"parent":0,"menu_order":0,"comment_status":"closed","ping_status":"closed","template":"","meta":{"ngg_post_thumbnail":0,"footnotes":""},"class_list":["post-4389","page","type-page","status-publish","hentry","nodate","item-wrap"],"rttpg_featured_image_url":null,"rttpg_author":{"display_name":"David Lamoureux","author_link":"https:\/\/www.pedagogie.ac-nice.fr\/plplh\/author\/dlamoureux\/"},"rttpg_comment":0,"rttpg_category":null,"rttpg_excerpt":"Lire Histoire G\u00e9ographie Dossiers documentaires de Science Po Villes sobres : vers quelles transitions urbaines ? (2025) Dossiers de veille de l\u2019IF\u00c9 \u00ab\u00a0Apprendre en Anthropoc\u00e8ne. \u00c9duquer \u00e0 la biodiversit\u00e9\u00ab\u00a0 d&rsquo;Anne-Franc\u0327oise Gibert, Hors-S\u00e9rie, septembre 2022. \u201c\u00c9duquer \u00e0 l&rsquo;urgence climatique\u201d d&rsquo;Anne-Franc\u0327oise Gibert, n\u00b0133, mars 2020.&nbsp; Publications \u00ab\u00a0Se d\u00e9placer au quotidien : enjeux spatiaux, enjeux sociaux\u00a0\u00bbde l&rsquo;Observatoire des\u2026","post_mailing_queue_ids":[],"_links":{"self":[{"href":"https:\/\/www.pedagogie.ac-nice.fr\/plplh\/wp-json\/wp\/v2\/pages\/4389","targetHints":{"allow":["GET"]}}],"collection":[{"href":"https:\/\/www.pedagogie.ac-nice.fr\/plplh\/wp-json\/wp\/v2\/pages"}],"about":[{"href":"https:\/\/www.pedagogie.ac-nice.fr\/plplh\/wp-json\/wp\/v2\/types\/page"}],"author":[{"embeddable":true,"href":"https:\/\/www.pedagogie.ac-nice.fr\/plplh\/wp-json\/wp\/v2\/users\/195"}],"replies":[{"embeddable":true,"href":"https:\/\/www.pedagogie.ac-nice.fr\/plplh\/wp-json\/wp\/v2\/comments?post=4389"}],"version-history":[{"count":41,"href":"https:\/\/www.pedagogie.ac-nice.fr\/plplh\/wp-json\/wp\/v2\/pages\/4389\/revisions"}],"predecessor-version":[{"id":10922,"href":"https:\/\/www.pedagogie.ac-nice.fr\/plplh\/wp-json\/wp\/v2\/pages\/4389\/revisions\/10922"}],"wp:attachment":[{"href":"https:\/\/www.pedagogie.ac-nice.fr\/plplh\/wp-json\/wp\/v2\/media?parent=4389"}],"curies":[{"name":"wp","href":"https:\/\/api.w.org\/{rel}","templated":true}]}}