{"id":62,"date":"2014-03-07T09:44:38","date_gmt":"2014-03-07T08:44:38","guid":{"rendered":"http:\/\/www.ac-nice.fr\/plplh\/?page_id=62"},"modified":"2025-01-25T14:43:19","modified_gmt":"2025-01-25T13:43:19","slug":"sujets-dexamens","status":"publish","type":"page","link":"https:\/\/www.pedagogie.ac-nice.fr\/plplh\/sinformer\/page-d-exemple-2\/sujets-dexamens\/","title":{"rendered":"Sujets d&rsquo;examens"},"content":{"rendered":"<ul>\n<li>\n<h3><a href=\"https:\/\/www.pedagogie.ac-nice.fr\/plplh\/certificat-de-formation-generale-cfg\/\" target=\"_blank\" rel=\"noopener\">Certificat de Formation G\u00e9n\u00e9rale (CFG)<\/a><\/h3>\n<\/li>\n<li>\n<h3><strong><a href=\"https:\/\/www.pedagogie.ac-nice.fr\/plplh\/dnb-sujets-dexamen\/\" target=\"_blank\" rel=\"noopener\">DNB &#8211; Brevet s\u00e9rie professionnelle<\/a><\/strong><\/h3>\n<\/li>\n<li>\n<h3><strong><span style=\"font-size: 14pt;\"><a href=\"https:\/\/www.pedagogie.ac-nice.fr\/plplh\/enseigner\/cap\/\" target=\"_blank\" rel=\"noopener\"><span style=\"font-size: 18pt;\">CAP<\/span><\/a><\/span><\/strong><\/h3>\n<\/li>\n<li>\n<h3><a href=\"https:\/\/www.pedagogie.ac-nice.fr\/plplh\/bac-sujets\/\" target=\"_blank\" rel=\"noopener\">BAC PRO&nbsp;<\/a><\/h3>\n<\/li>\n<li>\n<h3><span style=\"font-size: 18pt;\"><strong><a href=\"https:\/\/www.pedagogie.ac-nice.fr\/plplh\/bp-2\/\" target=\"_blank\" rel=\"noopener\">Brevet Professionnel<\/a> (Expression et connaissance du monde)<\/strong><\/span><\/h3>\n<\/li>\n<li>\n<h3>Archives<\/h3>\n<ul>\n<li>\n<h3><strong><a href=\"https:\/\/www.pedagogie.ac-nice.fr\/plplh\/enseigner\/bep\/\">BEP<\/a><\/strong><\/h3>\n<\/li>\n<li>\n<h3><strong><a href=\"https:\/\/www.pedagogie.ac-nice.fr\/plplh\/enseigner\/bac-pro\/\">BAC PRO<\/a><\/strong> avant la session 2022<\/h3>\n<\/li>\n<\/ul>\n<\/li>\n<\/ul>\n","protected":false},"excerpt":{"rendered":"<p>Certificat de Formation G\u00e9n\u00e9rale (CFG) DNB &#8211; Brevet s\u00e9rie professionnelle CAP BAC PRO&nbsp; Brevet Professionnel (Expression et connaissance du monde) Archives BEP BAC PRO avant la session 2022<\/p>\n","protected":false},"author":125,"featured_media":0,"parent":7,"menu_order":3,"comment_status":"closed","ping_status":"closed","template":"","meta":{"ngg_post_thumbnail":0,"footnotes":""},"class_list":["post-62","page","type-page","status-publish","hentry","nodate","item-wrap"],"rttpg_featured_image_url":null,"rttpg_author":{"display_name":"St\u00e9phane Cipriani","author_link":"https:\/\/www.pedagogie.ac-nice.fr\/plplh\/author\/fferrare\/"},"rttpg_comment":0,"rttpg_category":null,"rttpg_excerpt":"Certificat de Formation G\u00e9n\u00e9rale (CFG) DNB &#8211; Brevet s\u00e9rie professionnelle CAP BAC PRO&nbsp; Brevet Professionnel (Expression et connaissance du monde) Archives BEP BAC PRO avant la session 2022","post_mailing_queue_ids":[],"_links":{"self":[{"href":"https:\/\/www.pedagogie.ac-nice.fr\/plplh\/wp-json\/wp\/v2\/pages\/62","targetHints":{"allow":["GET"]}}],"collection":[{"href":"https:\/\/www.pedagogie.ac-nice.fr\/plplh\/wp-json\/wp\/v2\/pages"}],"about":[{"href":"https:\/\/www.pedagogie.ac-nice.fr\/plplh\/wp-json\/wp\/v2\/types\/page"}],"author":[{"embeddable":true,"href":"https:\/\/www.pedagogie.ac-nice.fr\/plplh\/wp-json\/wp\/v2\/users\/125"}],"replies":[{"embeddable":true,"href":"https:\/\/www.pedagogie.ac-nice.fr\/plplh\/wp-json\/wp\/v2\/comments?post=62"}],"version-history":[{"count":58,"href":"https:\/\/www.pedagogie.ac-nice.fr\/plplh\/wp-json\/wp\/v2\/pages\/62\/revisions"}],"predecessor-version":[{"id":9652,"href":"https:\/\/www.pedagogie.ac-nice.fr\/plplh\/wp-json\/wp\/v2\/pages\/62\/revisions\/9652"}],"up":[{"embeddable":true,"href":"https:\/\/www.pedagogie.ac-nice.fr\/plplh\/wp-json\/wp\/v2\/pages\/7"}],"wp:attachment":[{"href":"https:\/\/www.pedagogie.ac-nice.fr\/plplh\/wp-json\/wp\/v2\/media?parent=62"}],"curies":[{"name":"wp","href":"https:\/\/api.w.org\/{rel}","templated":true}]}}