{"id":7835,"date":"2023-08-22T17:37:11","date_gmt":"2023-08-22T15:37:11","guid":{"rendered":"https:\/\/www.pedagogie.ac-nice.fr\/plplh\/?page_id=7835"},"modified":"2025-03-14T09:37:34","modified_gmt":"2025-03-14T08:37:34","slug":"tvp","status":"publish","type":"page","link":"https:\/\/www.pedagogie.ac-nice.fr\/plplh\/tvp\/","title":{"rendered":"Transformation de la Voie Professionnelle"},"content":{"rendered":"<ul>\n<li>Consultez les <strong>grilles horaires de r\u00e9f\u00e9rence<\/strong> pour le <strong><a href=\"https:\/\/www.pedagogie.ac-nice.fr\/plplh\/wp-content\/uploads\/sites\/18\/2019\/08\/volume-horaire-de-re\u0301fe\u0301rence-CAP.pdf\"> CAP<\/a><\/strong>.<\/li>\n<li>Consultez les <strong>grilles horaires de r\u00e9f\u00e9rence<\/strong> pour la <a href=\"https:\/\/www.pedagogie.ac-nice.fr\/plplh\/wp-content\/uploads\/sites\/18\/2019\/08\/volume-horaire-de-re\u0301fe\u0301rence-en-2nde-bac-pro.pdf\"><strong>Seconde, la Premi\u00e8re et la Terminale Bac Pro.<\/strong><\/a><\/li>\n<li>Consultez les <strong>grilles horaires de r\u00e9f\u00e9rence<\/strong> pour la <a href=\"https:\/\/www.pedagogie.ac-nice.fr\/plplh\/wp-content\/uploads\/sites\/18\/2024\/03\/Grille-horaire-Bac-Pro-2024.pdf\" target=\"_blank\" rel=\"noopener\"><strong>Seconde, la Premi\u00e8re et la Terminale Bac Pro <\/strong><\/a>applicable \u00e0 partir de la <strong>rentr\u00e9e septembre 2024<\/strong><a href=\"https:\/\/www.pedagogie.ac-nice.fr\/plplh\/wp-content\/uploads\/sites\/18\/2024\/03\/Grille-horaire-Bac-Pro-2024.pdf\" target=\"_blank\" rel=\"noopener\"><strong>.<\/strong><\/a><\/li>\n<li><strong><a href=\"https:\/\/www.education.gouv.fr\/pid285\/bulletin_officiel.html?cid_bo=139809\">Bulletin officiel n\u00b012 du 21 mars 2019<\/a><\/strong> pr\u00e9sentant les <strong>horaires des enseignements g\u00e9n\u00e9raux et professionnels <\/strong>obligatoires dans les formations CAP et BAC Pro sous statut scolaire.\n<ul>\n<li>principes d\u2019organisation des enseignements en CAP et en baccalaur\u00e9at professionnel<\/li>\n<li>modalit\u00e9s d\u2019organisation des enseignements et des PFMP<\/li>\n<li>modalit\u00e9s p\u00e9dagogiques diversifi\u00e9es inscrites dans l\u2019emploi du temps de l\u2019\u00e9l\u00e8ve <em>\u2013 co-intervention, chef d\u2019oeuvre, accompagnement de l\u2019\u00e9l\u00e8ve<\/em>.<\/li>\n<\/ul>\n<\/li>\n<li><a href=\"https:\/\/www.education.gouv.fr\/pid285\/bulletin_officiel.html?pid_bo=38697\" target=\"_blank\" rel=\"noopener noreferrer\"><strong>Bulletin officiel sp\u00e9cial n\u00b05 du 11 avril 2019<\/strong><\/a> pr\u00e9sentant les <strong>programmes d\u2019enseignement g\u00e9n\u00e9ral.<\/strong> Ils entrent en application <strong>d\u00e8s la rentr\u00e9e 2019<\/strong> pour les classes de 2nde baccalaur\u00e9at professionnel et 1\u00e8re ann\u00e9e de CAP.<\/li>\n<li>La page Eduscol sur <strong><a href=\"https:\/\/eduscol.education.fr\/658\/l-accompagnement-personnalise-au-lycee-professionnel\">l\u2019Accompagnement personnalis\u00e9, consolidation et accompagnement au choix d\u2019orientation en LP<\/a><\/strong><\/li>\n<\/ul>\n<div class=\"page\" title=\"Page 1\">\n<div class=\"layoutArea\">\n<div class=\"column\">&nbsp;<\/div>\n<\/div>\n<\/div>\n<ul>\n<li><strong><a href=\"https:\/\/www.education.gouv.fr\/pid285\/bulletin_officiel.html?cid_bo=148209\">Bulletin officiel n\u00b03 du 16 janvier 2020<\/a><\/strong> sur la mise en \u0153uvre du CAP en 1, 2 ou 3 ans.<\/li>\n<\/ul>\n<h3><span style=\"color: #ff6600;\">Chef d\u2019\u0153uvre<\/span><\/h3>\n<div class=\"page\" title=\"Page 1\">\n<div class=\"layoutArea\">\n<div class=\"column\">\n<ul>\n<li><a href=\"https:\/\/www.education.gouv.fr\/bo\/20\/Hebdo8\/MENE2002480C.htm\"><strong>B<\/strong><strong>O n\u00b08 du 20 f\u00e9vrier 2020 <\/strong><\/a>d\u00e9finissant les modalit\u00e9s d\u2019<strong>\u00e9valuation du chef-d\u2019\u0153uvre<\/strong> pr\u00e9vue<br \/>\n\u00e0 l\u2019examen <strong>du certificat d\u2019aptitude professionnelle<\/strong><\/li>\n<li>Vad\u00e9m\u00e9cum sur<strong><a href=\"https:\/\/www.pedagogie.ac-nice.fr\/plplh\/wp-content\/uploads\/sites\/18\/2019\/02\/Vade-mecum-r\u00e9alisation-chef-doeuvre.pdf\"> la r\u00e9alisation du chef-d\u2019\u0153uvre<\/a><\/strong><\/li>\n<\/ul>\n<\/div>\n<\/div>\n<\/div>\n","protected":false},"excerpt":{"rendered":"<p>Consultez les grilles horaires de r\u00e9f\u00e9rence pour le CAP. Consultez les grilles horaires de r\u00e9f\u00e9rence pour la Seconde, la Premi\u00e8re et la Terminale Bac Pro. Consultez les grilles horaires de r\u00e9f\u00e9rence pour la Seconde, la Premi\u00e8re et la Terminale Bac Pro applicable \u00e0 partir de la rentr\u00e9e septembre 2024. Bulletin officiel n\u00b012 du 21 mars &hellip; <\/p>\n<p><a class=\"more-link btn\" href=\"https:\/\/www.pedagogie.ac-nice.fr\/plplh\/tvp\/\">Lire la suite<\/a><\/p>\n","protected":false},"author":195,"featured_media":0,"parent":0,"menu_order":0,"comment_status":"closed","ping_status":"closed","template":"","meta":{"ngg_post_thumbnail":0,"footnotes":""},"class_list":["post-7835","page","type-page","status-publish","hentry","nodate","item-wrap"],"rttpg_featured_image_url":null,"rttpg_author":{"display_name":"David Lamoureux","author_link":"https:\/\/www.pedagogie.ac-nice.fr\/plplh\/author\/dlamoureux\/"},"rttpg_comment":0,"rttpg_category":null,"rttpg_excerpt":"Consultez les grilles horaires de r\u00e9f\u00e9rence pour le CAP. Consultez les grilles horaires de r\u00e9f\u00e9rence pour la Seconde, la Premi\u00e8re et la Terminale Bac Pro. Consultez les grilles horaires de r\u00e9f\u00e9rence pour la Seconde, la Premi\u00e8re et la Terminale Bac Pro applicable \u00e0 partir de la rentr\u00e9e septembre 2024. Bulletin officiel n\u00b012 du 21 mars\u2026","post_mailing_queue_ids":[],"_links":{"self":[{"href":"https:\/\/www.pedagogie.ac-nice.fr\/plplh\/wp-json\/wp\/v2\/pages\/7835","targetHints":{"allow":["GET"]}}],"collection":[{"href":"https:\/\/www.pedagogie.ac-nice.fr\/plplh\/wp-json\/wp\/v2\/pages"}],"about":[{"href":"https:\/\/www.pedagogie.ac-nice.fr\/plplh\/wp-json\/wp\/v2\/types\/page"}],"author":[{"embeddable":true,"href":"https:\/\/www.pedagogie.ac-nice.fr\/plplh\/wp-json\/wp\/v2\/users\/195"}],"replies":[{"embeddable":true,"href":"https:\/\/www.pedagogie.ac-nice.fr\/plplh\/wp-json\/wp\/v2\/comments?post=7835"}],"version-history":[{"count":5,"href":"https:\/\/www.pedagogie.ac-nice.fr\/plplh\/wp-json\/wp\/v2\/pages\/7835\/revisions"}],"predecessor-version":[{"id":9765,"href":"https:\/\/www.pedagogie.ac-nice.fr\/plplh\/wp-json\/wp\/v2\/pages\/7835\/revisions\/9765"}],"wp:attachment":[{"href":"https:\/\/www.pedagogie.ac-nice.fr\/plplh\/wp-json\/wp\/v2\/media?parent=7835"}],"curies":[{"name":"wp","href":"https:\/\/api.w.org\/{rel}","templated":true}]}}