{"id":7910,"date":"2023-09-03T16:50:55","date_gmt":"2023-09-03T14:50:55","guid":{"rendered":"https:\/\/www.pedagogie.ac-nice.fr\/plplh\/?page_id=7910"},"modified":"2025-12-31T17:13:55","modified_gmt":"2025-12-31T16:13:55","slug":"ateliers-de-philosophie","status":"publish","type":"page","link":"https:\/\/www.pedagogie.ac-nice.fr\/plplh\/ateliers-de-philosophie\/","title":{"rendered":"Ateliers de philosophie"},"content":{"rendered":"<h3><img loading=\"lazy\" decoding=\"async\" class=\"size-medium wp-image-7920 alignright\" src=\"https:\/\/www.pedagogie.ac-nice.fr\/plplh\/wp-content\/uploads\/sites\/18\/2023\/09\/Ateliers-Philo--300x194.jpg\" alt=\"\" width=\"300\" height=\"194\" srcset=\"https:\/\/www.pedagogie.ac-nice.fr\/plplh\/wp-content\/uploads\/sites\/18\/2023\/09\/Ateliers-Philo--300x194.jpg 300w, https:\/\/www.pedagogie.ac-nice.fr\/plplh\/wp-content\/uploads\/sites\/18\/2023\/09\/Ateliers-Philo--1024x662.jpg 1024w, https:\/\/www.pedagogie.ac-nice.fr\/plplh\/wp-content\/uploads\/sites\/18\/2023\/09\/Ateliers-Philo--768x496.jpg 768w, https:\/\/www.pedagogie.ac-nice.fr\/plplh\/wp-content\/uploads\/sites\/18\/2023\/09\/Ateliers-Philo--1536x993.jpg 1536w, https:\/\/www.pedagogie.ac-nice.fr\/plplh\/wp-content\/uploads\/sites\/18\/2023\/09\/Ateliers-Philo--750x485.jpg 750w, https:\/\/www.pedagogie.ac-nice.fr\/plplh\/wp-content\/uploads\/sites\/18\/2023\/09\/Ateliers-Philo-.jpg 1615w\" sizes=\"auto, (max-width: 300px) 100vw, 300px\" \/><span style=\"color: #ff6600;\"><strong>Textes officiels<\/strong><\/span><\/h3>\n<p>Comme pr\u00e9cis\u00e9 au BO du 1er mars 2021, un am\u00e9nagement dans la classe de terminale en co-intervention est possible en permettant une introduction de <a href=\"https:\/\/www.education.gouv.fr\/bo\/21\/Hebdo15\/MENE2109013N.htm\" target=\"_blank\" rel=\"noopener\"><strong>l&rsquo;enseignement de la philosophie au lyc\u00e9e professionnel.<\/strong><\/a><\/p>\n","protected":false},"excerpt":{"rendered":"<p>Textes officiels Comme pr\u00e9cis\u00e9 au BO du 1er mars 2021, un am\u00e9nagement dans la classe de terminale en co-intervention est possible en permettant une introduction de l&rsquo;enseignement de la philosophie au lyc\u00e9e professionnel.<\/p>\n","protected":false},"author":195,"featured_media":0,"parent":0,"menu_order":0,"comment_status":"closed","ping_status":"closed","template":"","meta":{"ngg_post_thumbnail":0,"footnotes":""},"class_list":["post-7910","page","type-page","status-publish","hentry","nodate","item-wrap"],"rttpg_featured_image_url":null,"rttpg_author":{"display_name":"David Lamoureux","author_link":"https:\/\/www.pedagogie.ac-nice.fr\/plplh\/author\/dlamoureux\/"},"rttpg_comment":0,"rttpg_category":null,"rttpg_excerpt":"Textes officiels Comme pr\u00e9cis\u00e9 au BO du 1er mars 2021, un am\u00e9nagement dans la classe de terminale en co-intervention est possible en permettant une introduction de l&rsquo;enseignement de la philosophie au lyc\u00e9e professionnel.","post_mailing_queue_ids":[],"_links":{"self":[{"href":"https:\/\/www.pedagogie.ac-nice.fr\/plplh\/wp-json\/wp\/v2\/pages\/7910","targetHints":{"allow":["GET"]}}],"collection":[{"href":"https:\/\/www.pedagogie.ac-nice.fr\/plplh\/wp-json\/wp\/v2\/pages"}],"about":[{"href":"https:\/\/www.pedagogie.ac-nice.fr\/plplh\/wp-json\/wp\/v2\/types\/page"}],"author":[{"embeddable":true,"href":"https:\/\/www.pedagogie.ac-nice.fr\/plplh\/wp-json\/wp\/v2\/users\/195"}],"replies":[{"embeddable":true,"href":"https:\/\/www.pedagogie.ac-nice.fr\/plplh\/wp-json\/wp\/v2\/comments?post=7910"}],"version-history":[{"count":9,"href":"https:\/\/www.pedagogie.ac-nice.fr\/plplh\/wp-json\/wp\/v2\/pages\/7910\/revisions"}],"predecessor-version":[{"id":10728,"href":"https:\/\/www.pedagogie.ac-nice.fr\/plplh\/wp-json\/wp\/v2\/pages\/7910\/revisions\/10728"}],"wp:attachment":[{"href":"https:\/\/www.pedagogie.ac-nice.fr\/plplh\/wp-json\/wp\/v2\/media?parent=7910"}],"curies":[{"name":"wp","href":"https:\/\/api.w.org\/{rel}","templated":true}]}}