{"id":7926,"date":"2023-09-06T16:34:54","date_gmt":"2023-09-06T14:34:54","guid":{"rendered":"https:\/\/www.pedagogie.ac-nice.fr\/plplh\/?page_id=7926"},"modified":"2025-03-14T10:14:58","modified_gmt":"2025-03-14T09:14:58","slug":"savoirs-fondamentaux","status":"publish","type":"page","link":"https:\/\/www.pedagogie.ac-nice.fr\/plplh\/savoirs-fondamentaux\/","title":{"rendered":"Savoirs fondamentaux"},"content":{"rendered":"<h3><span style=\"color: #ff6600;\">Textes officiels<\/span><\/h3>\n<ul>\n<li>Page Eduscol consacr\u00e9e \u00e0 <strong><a href=\"https:\/\/eduscol.education.fr\/2224\/reforme-des-lycees-professionnels\" target=\"_blank\" rel=\"noopener\">la r\u00e9forme des lyc\u00e9es professionnels 2023<\/a><\/strong><\/li>\n<li>Fiche de la DGESCO &#8211; <a href=\"https:\/\/www.pedagogie.ac-nice.fr\/plplh\/wp-content\/uploads\/sites\/18\/2023\/09\/fiche-dgesco-enseignements-savoirs-fondamentaux-en-petits-groupes.pdf\" target=\"_blank\" rel=\"noopener\"><strong>Mesure n\u00b02 : Permettre des enseignements aux savoirs fondamentaux en classes r\u00e9duites<\/strong><\/a><\/li>\n<\/ul>\n<h3><span style=\"color: #ff6600;\">Consolidation des acquis et accompagnement personnalis\u00e9<\/span><\/h3>\n<ul>\n<li>Vad\u00e9m\u00e9cum sur<strong><a href=\"https:\/\/www.pedagogie.ac-nice.fr\/plplh\/wp-content\/uploads\/sites\/18\/2019\/02\/Vade-mecum-consolidation-et-AP1.pdf\"> la consolidation des acquis et accompagnement personnalis\u00e9<\/a><\/strong><\/li>\n<li><a href=\"https:\/\/www.pedagogie.ac-nice.fr\/plplh\/wp-content\/uploads\/sites\/18\/2019\/06\/3Pr\u00e9pa_m\u00e9tiers-Fichen\u00b07-CONSOLIDATION-.pdf\"><strong>Intervention d\u2019Anne Vibert<\/strong>, Inspectrice g\u00e9n\u00e9rale de Lettres : <em>\u201c<\/em><\/a><em><a href=\"https:\/\/www.pedagogie.ac-nice.fr\/plplh\/wp-content\/uploads\/sites\/18\/2016\/11\/faire-place-au-sujet-lecteur-1.pdf\">Faire place au sujet lecteur en classe <\/a>: quelles voies pour renouveler les approches de la lecture analytique ? \u201c<\/em><em> (m<\/em>ars 2011).<\/li>\n<li>Fiche : <strong><a href=\"https:\/\/www.pedagogie.ac-nice.fr\/plplh\/wp-content\/uploads\/sites\/18\/2021\/10\/RA16_C3_FRA_12_lect_eval_lectcons_N.D_612892-1-1.pdf\" target=\"_blank\" rel=\"noopener\">Travailler la compr\u00e9hension de consignes en cycle 3<\/a><\/strong><\/li>\n<\/ul>\n<h3><span style=\"color: #ff6600;\">Tests de positionnement<br \/>\n<\/span><\/h3>\n<ul>\n<li>Page Eduscol consacr\u00e9e <a href=\"https:\/\/eduscol.education.fr\/1501\/tests-de-positionnement-de-seconde-et-de-cap\" target=\"_blank\" rel=\"noopener\"><strong>aux tests de positionnement en 2de CAP et BAC Pro <\/strong><\/a>.<\/li>\n<li>Document d&rsquo;accompagnement au test positionnement de Seconde : <a href=\"https:\/\/cache.media.eduscol.education.fr\/file\/Tests_de_positionnement_2de\/27\/4\/RA19_Lycee_GT_TestsPo_2nde_FRA_propositions_sujets_support_question_1183274.pdf\"><strong>Entra\u00eenement \u00e0 la prise de parole en continu et interactions<\/strong><\/a>. Proposition de 32 sujets \u00e0 travailler avec vos \u00e9l\u00e8ves.<\/li>\n<li>Pr\u00e9sentation d&rsquo;A. Rossini, IA-IPR Lettres, <strong><a href=\"https:\/\/www.pedagogie.ac-nice.fr\/plplh\/presentation-tvp\/tests-de-seconde-nov-2019-enjeux-et-accompagnement-des-equipes\/\" rel=\"attachment wp-att-3574\">\u00ab\u00a0Tests de Seconde : des enjeux \u00e0 la mise en \u0153uvre<\/a>\u00ab\u00a0<\/strong><\/li>\n<\/ul>\n<h3><span style=\"color: #ff6600;\">&nbsp;<\/span><\/h3>\n<p><img loading=\"lazy\" decoding=\"async\" class=\"alignnone wp-image-4347\" src=\"https:\/\/www.pedagogie.ac-nice.fr\/plplh\/wp-content\/uploads\/sites\/18\/2020\/09\/enconstruction-300x300.jpg\" alt=\"\" width=\"241\" height=\"241\" srcset=\"https:\/\/www.pedagogie.ac-nice.fr\/plplh\/wp-content\/uploads\/sites\/18\/2020\/09\/enconstruction.jpg 300w, https:\/\/www.pedagogie.ac-nice.fr\/plplh\/wp-content\/uploads\/sites\/18\/2020\/09\/enconstruction-150x150.jpg 150w\" sizes=\"auto, (max-width: 241px) 100vw, 241px\" \/><\/p>\n","protected":false},"excerpt":{"rendered":"<p>Textes officiels Page Eduscol consacr\u00e9e \u00e0 la r\u00e9forme des lyc\u00e9es professionnels 2023 Fiche de la DGESCO &#8211; Mesure n\u00b02 : Permettre des enseignements aux savoirs fondamentaux en classes r\u00e9duites Consolidation des acquis et accompagnement personnalis\u00e9 Vad\u00e9m\u00e9cum sur la consolidation des acquis et accompagnement personnalis\u00e9 Intervention d\u2019Anne Vibert, Inspectrice g\u00e9n\u00e9rale de Lettres : \u201cFaire place au &hellip; <\/p>\n<p><a class=\"more-link btn\" href=\"https:\/\/www.pedagogie.ac-nice.fr\/plplh\/savoirs-fondamentaux\/\">Lire la suite<\/a><\/p>\n","protected":false},"author":195,"featured_media":0,"parent":0,"menu_order":0,"comment_status":"closed","ping_status":"closed","template":"","meta":{"ngg_post_thumbnail":0,"footnotes":""},"class_list":["post-7926","page","type-page","status-publish","hentry","nodate","item-wrap"],"rttpg_featured_image_url":null,"rttpg_author":{"display_name":"David Lamoureux","author_link":"https:\/\/www.pedagogie.ac-nice.fr\/plplh\/author\/dlamoureux\/"},"rttpg_comment":0,"rttpg_category":null,"rttpg_excerpt":"Textes officiels Page Eduscol consacr\u00e9e \u00e0 la r\u00e9forme des lyc\u00e9es professionnels 2023 Fiche de la DGESCO &#8211; Mesure n\u00b02 : Permettre des enseignements aux savoirs fondamentaux en classes r\u00e9duites Consolidation des acquis et accompagnement personnalis\u00e9 Vad\u00e9m\u00e9cum sur la consolidation des acquis et accompagnement personnalis\u00e9 Intervention d\u2019Anne Vibert, Inspectrice g\u00e9n\u00e9rale de Lettres : \u201cFaire place au\u2026","post_mailing_queue_ids":[],"_links":{"self":[{"href":"https:\/\/www.pedagogie.ac-nice.fr\/plplh\/wp-json\/wp\/v2\/pages\/7926","targetHints":{"allow":["GET"]}}],"collection":[{"href":"https:\/\/www.pedagogie.ac-nice.fr\/plplh\/wp-json\/wp\/v2\/pages"}],"about":[{"href":"https:\/\/www.pedagogie.ac-nice.fr\/plplh\/wp-json\/wp\/v2\/types\/page"}],"author":[{"embeddable":true,"href":"https:\/\/www.pedagogie.ac-nice.fr\/plplh\/wp-json\/wp\/v2\/users\/195"}],"replies":[{"embeddable":true,"href":"https:\/\/www.pedagogie.ac-nice.fr\/plplh\/wp-json\/wp\/v2\/comments?post=7926"}],"version-history":[{"count":10,"href":"https:\/\/www.pedagogie.ac-nice.fr\/plplh\/wp-json\/wp\/v2\/pages\/7926\/revisions"}],"predecessor-version":[{"id":7931,"href":"https:\/\/www.pedagogie.ac-nice.fr\/plplh\/wp-json\/wp\/v2\/pages\/7926\/revisions\/7931"}],"wp:attachment":[{"href":"https:\/\/www.pedagogie.ac-nice.fr\/plplh\/wp-json\/wp\/v2\/media?parent=7926"}],"curies":[{"name":"wp","href":"https:\/\/api.w.org\/{rel}","templated":true}]}}

<h3><span style="color: #ff6600;">Textes officiels</span></h3>
<ul>
<li>Page Eduscol consacrée à <strong><a href="https://eduscol.education.fr/2224/reforme-des-lycees-professionnels" target="_blank" rel="noopener">la réforme des lycées professionnels 2023</a></strong></li>
<li>Fiche de la DGESCO &#8211; <a href="https://www.pedagogie.ac-nice.fr/plplh/wp-content/uploads/sites/18/2023/09/fiche-dgesco-enseignements-savoirs-fondamentaux-en-petits-groupes.pdf" target="_blank" rel="noopener"><strong>Mesure n°2 : Permettre des enseignements aux savoirs fondamentaux en classes réduites</strong></a></li>
</ul>
<h3><span style="color: #ff6600;">Consolidation des acquis et accompagnement personnalisé</span></h3>
<ul>
<li>Vadémécum sur<strong><a href="https://www.pedagogie.ac-nice.fr/plplh/wp-content/uploads/sites/18/2019/02/Vade-mecum-consolidation-et-AP1.pdf"> la consolidation des acquis et accompagnement personnalisé</a></strong></li>
<li><a href="https://www.pedagogie.ac-nice.fr/plplh/wp-content/uploads/sites/18/2019/06/3Prépa_métiers-Fichen°7-CONSOLIDATION-.pdf"><strong>Intervention d’Anne Vibert</strong>, Inspectrice générale de Lettres : <em>“</em></a><em><a href="https://www.pedagogie.ac-nice.fr/plplh/wp-content/uploads/sites/18/2016/11/faire-place-au-sujet-lecteur-1.pdf">Faire place au sujet lecteur en classe </a>: quelles voies pour renouveler les approches de la lecture analytique ? “</em><em> (m</em>ars 2011).</li>
<li>Fiche : <strong><a href="https://www.pedagogie.ac-nice.fr/plplh/wp-content/uploads/sites/18/2021/10/RA16_C3_FRA_12_lect_eval_lectcons_N.D_612892-1-1.pdf" target="_blank" rel="noopener">Travailler la compréhension de consignes en cycle 3</a></strong></li>
</ul>
<h3><span style="color: #ff6600;">Tests de positionnement<br />
</span></h3>
<ul>
<li>Page Eduscol consacrée <a href="https://eduscol.education.fr/1501/tests-de-positionnement-de-seconde-et-de-cap" target="_blank" rel="noopener"><strong>aux tests de positionnement en 2de CAP et BAC Pro </strong></a>.</li>
<li>Document d&rsquo;accompagnement au test positionnement de Seconde : <a href="https://cache.media.eduscol.education.fr/file/Tests_de_positionnement_2de/27/4/RA19_Lycee_GT_TestsPo_2nde_FRA_propositions_sujets_support_question_1183274.pdf"><strong>Entraînement à la prise de parole en continu et interactions</strong></a>. Proposition de 32 sujets à travailler avec vos élèves.</li>
<li>Présentation d&rsquo;A. Rossini, IA-IPR Lettres, <strong><a href="https://www.pedagogie.ac-nice.fr/plplh/presentation-tvp/tests-de-seconde-nov-2019-enjeux-et-accompagnement-des-equipes/" rel="attachment wp-att-3574">« Tests de Seconde : des enjeux à la mise en œuvre</a>« </strong></li>
</ul>
<h3><span style="color: #ff6600;">&nbsp;</span></h3>
<p><img loading="lazy" decoding="async" class="alignnone wp-image-4347" src="https://www.pedagogie.ac-nice.fr/plplh/wp-content/uploads/sites/18/2020/09/enconstruction-300x300.jpg" alt="" width="241" height="241" srcset="https://www.pedagogie.ac-nice.fr/plplh/wp-content/uploads/sites/18/2020/09/enconstruction.jpg 300w, https://www.pedagogie.ac-nice.fr/plplh/wp-content/uploads/sites/18/2020/09/enconstruction-150x150.jpg 150w" sizes="auto, (max-width: 241px) 100vw, 241px" /></p>

<p>Textes officiels Page Eduscol consacrée à la réforme des lycées professionnels 2023 Fiche de la DGESCO &#8211; Mesure n°2 : Permettre des enseignements aux savoirs fondamentaux en classes réduites Consolidation des acquis et accompagnement personnalisé Vadémécum sur la consolidation des acquis et accompagnement personnalisé Intervention d’Anne Vibert, Inspectrice générale de Lettres : “Faire place au &hellip; </p>
<p><a class="more-link btn" href="https://www.pedagogie.ac-nice.fr/plplh/savoirs-fondamentaux/">Lire la suite</a></p>

Textes officiels Page Eduscol consacrée à la réforme des lycées professionnels 2023 Fiche de la DGESCO &#8211; Mesure n°2 : Permettre des enseignements aux savoirs fondamentaux en classes réduites Consolidation des acquis et accompagnement personnalisé Vadémécum sur la consolidation des acquis et accompagnement personnalisé Intervention d’Anne Vibert, Inspectrice générale de Lettres : “Faire place au…
