{"id":9454,"date":"2024-12-16T14:26:40","date_gmt":"2024-12-16T13:26:40","guid":{"rendered":"https:\/\/www.pedagogie.ac-nice.fr\/plplh\/?page_id=9454"},"modified":"2024-12-16T14:35:39","modified_gmt":"2024-12-16T13:35:39","slug":"francais-en-cap","status":"publish","type":"page","link":"https:\/\/www.pedagogie.ac-nice.fr\/plplh\/francais-en-cap\/","title":{"rendered":"Fran\u00e7ais en CAP"},"content":{"rendered":"<ul>\n<li><span style=\"font-size: 14pt;\"><strong><a href=\"https:\/\/www.pedagogie.ac-nice.fr\/plplh\/wp-content\/uploads\/sites\/18\/2019\/04\/fran\u00e7ais-CAP.pdf\">PROGRAMMES DE <span style=\"color: #ff6600;\">FRANCAIS<\/span><\/a><\/strong><\/span><\/li>\n<li>Pr\u00e9sentation acad\u00e9mique des <a href=\"https:\/\/www.pedagogie.ac-nice.fr\/plplh\/wp-content\/uploads\/sites\/18\/2019\/09\/PRESENTATION-FRANC%CC%A7AIS-2019.pdf\"><strong>programmes de fran\u00e7ais <\/strong>en 2de Bac Pro et <strong>CAP<\/strong><\/a><\/li>\n<li>Retrouvez les documents d&rsquo;accompagnement pour une mise en \u0153uvre par comp\u00e9tences sur la page <a href=\"https:\/\/www.pedagogie.ac-nice.fr\/plplh\/enseigner\/par-competences\/\"><strong>ENSEIGNER &gt; PAR COMP\u00c9TENCES <\/strong><\/a><\/li>\n<\/ul>\n","protected":false},"excerpt":{"rendered":"<p>PROGRAMMES DE FRANCAIS Pr\u00e9sentation acad\u00e9mique des programmes de fran\u00e7ais en 2de Bac Pro et CAP Retrouvez les documents d&rsquo;accompagnement pour une mise en \u0153uvre par comp\u00e9tences sur la page ENSEIGNER &gt; PAR COMP\u00c9TENCES<\/p>\n","protected":false},"author":195,"featured_media":0,"parent":0,"menu_order":0,"comment_status":"closed","ping_status":"closed","template":"","meta":{"ngg_post_thumbnail":0,"footnotes":""},"class_list":["post-9454","page","type-page","status-publish","hentry","nodate","item-wrap"],"rttpg_featured_image_url":null,"rttpg_author":{"display_name":"David Lamoureux","author_link":"https:\/\/www.pedagogie.ac-nice.fr\/plplh\/author\/dlamoureux\/"},"rttpg_comment":0,"rttpg_category":null,"rttpg_excerpt":"PROGRAMMES DE FRANCAIS Pr\u00e9sentation acad\u00e9mique des programmes de fran\u00e7ais en 2de Bac Pro et CAP Retrouvez les documents d&rsquo;accompagnement pour une mise en \u0153uvre par comp\u00e9tences sur la page ENSEIGNER &gt; PAR COMP\u00c9TENCES","post_mailing_queue_ids":[],"_links":{"self":[{"href":"https:\/\/www.pedagogie.ac-nice.fr\/plplh\/wp-json\/wp\/v2\/pages\/9454","targetHints":{"allow":["GET"]}}],"collection":[{"href":"https:\/\/www.pedagogie.ac-nice.fr\/plplh\/wp-json\/wp\/v2\/pages"}],"about":[{"href":"https:\/\/www.pedagogie.ac-nice.fr\/plplh\/wp-json\/wp\/v2\/types\/page"}],"author":[{"embeddable":true,"href":"https:\/\/www.pedagogie.ac-nice.fr\/plplh\/wp-json\/wp\/v2\/users\/195"}],"replies":[{"embeddable":true,"href":"https:\/\/www.pedagogie.ac-nice.fr\/plplh\/wp-json\/wp\/v2\/comments?post=9454"}],"version-history":[{"count":3,"href":"https:\/\/www.pedagogie.ac-nice.fr\/plplh\/wp-json\/wp\/v2\/pages\/9454\/revisions"}],"predecessor-version":[{"id":9465,"href":"https:\/\/www.pedagogie.ac-nice.fr\/plplh\/wp-json\/wp\/v2\/pages\/9454\/revisions\/9465"}],"wp:attachment":[{"href":"https:\/\/www.pedagogie.ac-nice.fr\/plplh\/wp-json\/wp\/v2\/media?parent=9454"}],"curies":[{"name":"wp","href":"https:\/\/api.w.org\/{rel}","templated":true}]}}