{"id":9524,"date":"2024-12-16T16:48:01","date_gmt":"2024-12-16T15:48:01","guid":{"rendered":"https:\/\/www.pedagogie.ac-nice.fr\/plplh\/?page_id=9524"},"modified":"2025-12-24T17:13:24","modified_gmt":"2025-12-24T16:13:24","slug":"histoire-geopgrahie-en-1re-bac-pro","status":"publish","type":"page","link":"https:\/\/www.pedagogie.ac-nice.fr\/plplh\/histoire-geopgrahie-en-1re-bac-pro\/","title":{"rendered":"Histoire-G\u00e9ographie en 1re BAC PRO"},"content":{"rendered":"<h4><span style=\"color: #ff6600;\"><strong>1. Grille horaire<\/strong><\/span><\/h4>\n<ul>\n<li style=\"list-style-type: none;\">\n<ul>\n<li>Consultez la <strong>grille horaire de r\u00e9f\u00e9rence<\/strong> pour la <a href=\"https:\/\/www.pedagogie.ac-nice.fr\/plplh\/wp-content\/uploads\/sites\/18\/2024\/03\/Grille-horaire-Bac-Pro-2024.pdf\" target=\"_blank\" rel=\"noopener\"><strong>Premi\u00e8re Bac Pro<\/strong><\/a><strong>.<\/strong><\/li>\n<\/ul>\n<\/li>\n<\/ul>\n<h4><span style=\"color: #ff6600;\">2. Programme<\/span><\/h4>\n<ul>\n<li><strong><a href=\"https:\/\/www.pedagogie.ac-nice.fr\/plplh\/wp-content\/uploads\/sites\/18\/2020\/02\/HG-1erBacPro.pdf\"><span style=\"font-size: 14pt;\">PROGRAMME D&rsquo;<\/span><\/a><span style=\"font-size: 14pt; color: #ff6600;\"><a style=\"color: #ff6600;\" href=\"https:\/\/www.pedagogie.ac-nice.fr\/plplh\/wp-content\/uploads\/sites\/18\/2020\/02\/HG-1erBacPro.pdf\">HISTOIRE-G\u00c9OGRAPHIE<\/a><\/span><\/strong><\/li>\n<li>Documents de <strong>mise en \u0153uvre en classe <\/strong>:\n<ul>\n<li><a href=\"https:\/\/www.pedagogie.ac-nice.fr\/plplh\/wp-content\/uploads\/sites\/18\/2021\/08\/RA20_Lycee_P_CAP12T_COM_GEO_approche_competences_1325596.pdf\" target=\"_blank\" rel=\"noopener\"><strong>Approche par comp\u00e9tences en LP : mise en \u0153uvre et progressivit\u00e9 sur le cycle de bac professionnel<\/strong> <\/a><\/li>\n<li><a href=\"https:\/\/www.pedagogie.ac-nice.fr\/plplh\/wp-content\/uploads\/sites\/18\/2021\/11\/ra21_lycee_p_21t_histgeo_fixer-reperes-notions-mots-cles.pdf\" target=\"_blank\" rel=\"noopener\"><strong>Fixer des rep\u00e8res et des notions et mots-cl\u00e9s en histoire-g\u00e9ographie \u2013 mise en \u0153uvre et progressivit\u00e9 sur le cycle baccalaur\u00e9at professionnel<\/strong><\/a><\/li>\n<\/ul>\n<\/li>\n<li>Les th\u00e8mes d&rsquo;<strong>Histoire<\/strong> :\n<ul>\n<li><strong><a href=\"https:\/\/www.pedagogie.ac-nice.fr\/plplh\/wp-content\/uploads\/sites\/18\/2023\/07\/LP_1_COM_HIST_travail_colonies_francaises_1325930.pdf\" target=\"_blank\" rel=\"noopener\">Th\u00e8me 1 : Hommes et femmes au travail en m\u00e9tropole et dans les colonies fran\u00e7aises<\/a><\/strong><\/li>\n<li><a href=\"https:\/\/www.pedagogie.ac-nice.fr\/plplh\/wp-content\/uploads\/sites\/18\/2023\/07\/LP_1_COM_HIST_guerres_europeennes_1326315.pdf\" target=\"_blank\" rel=\"noopener\"><strong>Th\u00e8me 2 : Guerres europ\u00e9ennes, guerres mondiales, guerres totales (1914-1945)<\/strong><\/a><\/li>\n<\/ul>\n<\/li>\n<li>Les th\u00e8mes de <strong>G\u00e9ographie<\/strong> :\n<ul>\n<li><a href=\"https:\/\/www.pedagogie.ac-nice.fr\/plplh\/wp-content\/uploads\/sites\/18\/2023\/07\/LP_1_COM_GEO_metropolisation_1326318.pdf\" target=\"_blank\" rel=\"noopener\"><strong>Th\u00e8me 1 : La recomposition du territoire urbain en France : m\u00e9tropolisation et p\u00e9riurbanisation<\/strong><\/a><\/li>\n<li><strong><a href=\"https:\/\/www.pedagogie.ac-nice.fr\/plplh\/wp-content\/uploads\/sites\/18\/2023\/07\/LP_1_COM_GEO_afrique_recompositions.pdf\" target=\"_blank\" rel=\"noopener\">Th\u00e8me 2 : L\u2019Afrique, un continent en recomposition<\/a><\/strong><\/li>\n<\/ul>\n<\/li>\n<\/ul>\n<h4><strong><span style=\"color: #ff6600;\">3. D\u00e9finition de l\u2019\u00e9preuve d\u2019examen : attestation de r\u00e9ussite interm\u00e9diaire<\/span><br \/>\n<\/strong><\/h4>\n<ul>\n<li>Consultez&nbsp;<strong><a href=\"https:\/\/www.pedagogie.ac-nice.fr\/plplh\/wp-content\/uploads\/sites\/18\/2021\/01\/JO-7012021-attestation-interme\u0301diaire-BCP.pdf\"> les conditions de de\u0301livrance de l\u2019attestation de re\u0301ussite interme\u0301diaire en baccalaure\u0301at professionnel et a\u0300 son mode\u0300le<\/a><\/strong> (arr\u00eat\u00e9 du16 d\u00e9cembre 2020).\n<ul>\n<li><strong><a href=\"https:\/\/www.education.gouv.fr\/bo\/2024\/Hebdo32\/MENE2421719N\" target=\"_blank\" rel=\"noopener\">BO&nbsp; n\u00b032 du 29 ao\u00fbt 2024<\/a><\/strong> portant le remplacement du mot \u00ab chef-d\u2019\u0153uvre \u00bb par le mot \u00ab projet \u00bb<\/li>\n<\/ul>\n<\/li>\n<li><a href=\"https:\/\/www.pedagogie.ac-nice.fr\/plplh\/wp-content\/uploads\/sites\/18\/2020\/10\/Livret-scolaire-BCP-R2020.pdf\"><strong>Le nouveau livret scolaire<\/strong><\/a> pour l\u2019examen du Bac Professionnel (arr\u00eat\u00e9 du 17 juin 2020).<\/li>\n<li><a href=\"https:\/\/www.pedagogie.ac-nice.fr\/plplh\/wp-content\/uploads\/sites\/18\/2020\/10\/Livret-scolaire-1Bpro-LHG.pdf\"><strong>La page 8 du livret scolaire<\/strong><\/a> consacr\u00e9e \u00e0 l\u2019\u00e9valuation <strong>du Fran\u00e7ais et de l\u2019Histoire-G\u00e9ographie-EMC<\/strong> en Premi\u00e8re Bac Pro.<\/li>\n<\/ul>\n","protected":false},"excerpt":{"rendered":"<p>1. Grille horaire Consultez la grille horaire de r\u00e9f\u00e9rence pour la Premi\u00e8re Bac Pro. 2. Programme PROGRAMME D&rsquo;HISTOIRE-G\u00c9OGRAPHIE Documents de mise en \u0153uvre en classe : Approche par comp\u00e9tences en LP : mise en \u0153uvre et progressivit\u00e9 sur le cycle de bac professionnel Fixer des rep\u00e8res et des notions et mots-cl\u00e9s en histoire-g\u00e9ographie \u2013 mise &hellip; <\/p>\n<p><a class=\"more-link btn\" href=\"https:\/\/www.pedagogie.ac-nice.fr\/plplh\/histoire-geopgrahie-en-1re-bac-pro\/\">Lire la suite<\/a><\/p>\n","protected":false},"author":195,"featured_media":0,"parent":0,"menu_order":0,"comment_status":"closed","ping_status":"closed","template":"","meta":{"ngg_post_thumbnail":0,"footnotes":""},"class_list":["post-9524","page","type-page","status-publish","hentry","nodate","item-wrap"],"rttpg_featured_image_url":null,"rttpg_author":{"display_name":"David Lamoureux","author_link":"https:\/\/www.pedagogie.ac-nice.fr\/plplh\/author\/dlamoureux\/"},"rttpg_comment":0,"rttpg_category":null,"rttpg_excerpt":"1. Grille horaire Consultez la grille horaire de r\u00e9f\u00e9rence pour la Premi\u00e8re Bac Pro. 2. Programme PROGRAMME D&rsquo;HISTOIRE-G\u00c9OGRAPHIE Documents de mise en \u0153uvre en classe : Approche par comp\u00e9tences en LP : mise en \u0153uvre et progressivit\u00e9 sur le cycle de bac professionnel Fixer des rep\u00e8res et des notions et mots-cl\u00e9s en histoire-g\u00e9ographie \u2013 mise\u2026","post_mailing_queue_ids":[],"_links":{"self":[{"href":"https:\/\/www.pedagogie.ac-nice.fr\/plplh\/wp-json\/wp\/v2\/pages\/9524","targetHints":{"allow":["GET"]}}],"collection":[{"href":"https:\/\/www.pedagogie.ac-nice.fr\/plplh\/wp-json\/wp\/v2\/pages"}],"about":[{"href":"https:\/\/www.pedagogie.ac-nice.fr\/plplh\/wp-json\/wp\/v2\/types\/page"}],"author":[{"embeddable":true,"href":"https:\/\/www.pedagogie.ac-nice.fr\/plplh\/wp-json\/wp\/v2\/users\/195"}],"replies":[{"embeddable":true,"href":"https:\/\/www.pedagogie.ac-nice.fr\/plplh\/wp-json\/wp\/v2\/comments?post=9524"}],"version-history":[{"count":8,"href":"https:\/\/www.pedagogie.ac-nice.fr\/plplh\/wp-json\/wp\/v2\/pages\/9524\/revisions"}],"predecessor-version":[{"id":10636,"href":"https:\/\/www.pedagogie.ac-nice.fr\/plplh\/wp-json\/wp\/v2\/pages\/9524\/revisions\/10636"}],"wp:attachment":[{"href":"https:\/\/www.pedagogie.ac-nice.fr\/plplh\/wp-json\/wp\/v2\/media?parent=9524"}],"curies":[{"name":"wp","href":"https:\/\/api.w.org\/{rel}","templated":true}]}}