{"id":114,"date":"2015-01-28T23:41:17","date_gmt":"2015-01-28T22:41:17","guid":{"rendered":"http:\/\/www.ac-nice.fr\/plpms\/2015\/?page_id=114"},"modified":"2020-08-31T09:48:31","modified_gmt":"2020-08-31T07:48:31","slug":"les-inspecteurs-de-leducation-nationale","status":"publish","type":"page","link":"https:\/\/www.pedagogie.ac-nice.fr\/plpms\/les-inspecteurs-de-leducation-nationale\/","title":{"rendered":"Les inspecteurs de l\u2019\u00c9ducation Nationale"},"content":{"rendered":"<p><strong>Les Inspecteurs de l\u2019\u00c9ducation Nationale<br \/>\n<\/strong>Math\u00e9matiques \/ Sciences physiques et chimiques<\/p>\n<p class=\"p1\">Jean-Pierre\u00a0NUZZO<\/p>\n<p>Emmanuel DENISE<\/p>\n<h3><strong>R\u00c9PARTITION DES \u00c9TABLISSEMENTS<\/strong><\/h3>\n<table style=\"width: 100%; height: 193px;\">\n<tbody>\n<tr style=\"height: 97px;\">\n<td style=\"height: 97px;\" width=\"255\"><strong>Emmanuel DENISE<\/strong><\/td>\n<td style=\"height: 97px;\" width=\"349\">\u00c9tablissements du Var et lyc\u00e9e professionnel Auguste Escoffier de Cagnes-sur-Mer<\/td>\n<\/tr>\n<tr style=\"height: 96px;\">\n<td style=\"height: 96px;\" width=\"255\"><strong>Jean-Pierre NUZZO<\/strong><\/td>\n<td style=\"height: 96px;\" width=\"349\">\u00c9tablissements des Alpes-Maritimes except\u00e9 le lyc\u00e9e professionnel Auguste Escoffier de Cagnes-sur-Mer<\/td>\n<\/tr>\n<\/tbody>\n<\/table>\n<p><strong>Rectorat de Nice<br \/>\n<\/strong>Bureau:\u00a0 + 33 (0) 4 93 53 72 50<br \/>\nFax: \u00a0+ 33 (0) 4 93 53 72 44<br \/>\nMail :\u00a0 <a href=\"mailto:ien.eg-mspc@ac-nice.fr\">ien.eg-mspc@ac-nice.fr<\/a><\/p>\n","protected":false},"excerpt":{"rendered":"<p>Les Inspecteurs de l\u2019\u00c9ducation Nationale Math\u00e9matiques \/ Sciences physiques et chimiques Jean-Pierre\u00a0NUZZO Emmanuel DENISE R\u00c9PARTITION DES \u00c9TABLISSEMENTS Emmanuel DENISE \u00c9tablissements du Var et lyc\u00e9e professionnel Auguste Escoffier de Cagnes-sur-Mer Jean-Pierre NUZZO \u00c9tablissements des Alpes-Maritimes except\u00e9 le lyc\u00e9e professionnel Auguste Escoffier de Cagnes-sur-Mer Rectorat de Nice Bureau:\u00a0 + 33 (0) 4 93 53 72 50 Fax: [&hellip;]<\/p>\n","protected":false},"author":1,"featured_media":0,"parent":0,"menu_order":0,"comment_status":"closed","ping_status":"closed","template":"","meta":{"_et_pb_use_builder":"","_et_pb_old_content":"","_et_gb_content_width":"","ngg_post_thumbnail":0,"footnotes":""},"class_list":["post-114","page","type-page","status-publish","hentry"],"rttpg_featured_image_url":null,"rttpg_author":{"display_name":"norco","author_link":"https:\/\/www.pedagogie.ac-nice.fr\/plpms\/author\/norco\/"},"rttpg_comment":0,"rttpg_category":null,"rttpg_excerpt":"Les Inspecteurs de l\u2019\u00c9ducation Nationale Math\u00e9matiques \/ Sciences physiques et chimiques Jean-Pierre\u00a0NUZZO Emmanuel DENISE R\u00c9PARTITION DES \u00c9TABLISSEMENTS Emmanuel DENISE \u00c9tablissements du Var et lyc\u00e9e professionnel Auguste Escoffier de Cagnes-sur-Mer Jean-Pierre NUZZO \u00c9tablissements des Alpes-Maritimes except\u00e9 le lyc\u00e9e professionnel Auguste Escoffier de Cagnes-sur-Mer Rectorat de Nice Bureau:\u00a0 + 33 (0) 4 93 53 72 50 Fax:\u2026","post_mailing_queue_ids":[],"_links":{"self":[{"href":"https:\/\/www.pedagogie.ac-nice.fr\/plpms\/wp-json\/wp\/v2\/pages\/114","targetHints":{"allow":["GET"]}}],"collection":[{"href":"https:\/\/www.pedagogie.ac-nice.fr\/plpms\/wp-json\/wp\/v2\/pages"}],"about":[{"href":"https:\/\/www.pedagogie.ac-nice.fr\/plpms\/wp-json\/wp\/v2\/types\/page"}],"author":[{"embeddable":true,"href":"https:\/\/www.pedagogie.ac-nice.fr\/plpms\/wp-json\/wp\/v2\/users\/1"}],"replies":[{"embeddable":true,"href":"https:\/\/www.pedagogie.ac-nice.fr\/plpms\/wp-json\/wp\/v2\/comments?post=114"}],"version-history":[{"count":4,"href":"https:\/\/www.pedagogie.ac-nice.fr\/plpms\/wp-json\/wp\/v2\/pages\/114\/revisions"}],"predecessor-version":[{"id":1257,"href":"https:\/\/www.pedagogie.ac-nice.fr\/plpms\/wp-json\/wp\/v2\/pages\/114\/revisions\/1257"}],"wp:attachment":[{"href":"https:\/\/www.pedagogie.ac-nice.fr\/plpms\/wp-json\/wp\/v2\/media?parent=114"}],"curies":[{"name":"wp","href":"https:\/\/api.w.org\/{rel}","templated":true}]}}