{"id":237,"date":"2015-02-03T23:30:42","date_gmt":"2015-02-03T22:30:42","guid":{"rendered":"http:\/\/.\/?page_id=237"},"modified":"2017-09-13T11:40:26","modified_gmt":"2017-09-13T09:40:26","slug":"bac-pro-prothese-dentaire","status":"publish","type":"page","link":"https:\/\/www.pedagogie.ac-nice.fr\/sbssa\/bac-pro-prothese-dentaire\/","title":{"rendered":"Bac Pro Proth\u00e8se dentaire"},"content":{"rendered":"<div class=\"f_center\">\n<div class=\"resource\">Ressources acad\u00e9miques<\/div>\n<div class=\"sous-resource\">\n<ol>\n<li><a href=\"\/wp-content\/uploads\/2015\/02\/ens-doc-bcp-pd-avril14.doc\"><span>Ensemble documentaire<\/span><img loading=\"lazy\" decoding=\"async\" class=\"alignnone size-full wp-image-79\" src=\"\/wp-content\/uploads\/2014\/10\/Word.png\" alt=\"fichier Word\" width=\"24\" height=\"24\" \/><\/a><\/li>\n<li><a href=\"\/wp-content\/uploads\/2015\/02\/presentation-bac-pro-prot-dent.pptx\"><span>Pr\u00e9sentation de la formation<\/span><img loading=\"lazy\" decoding=\"async\" class=\"alignnone size-full wp-image-79\" src=\"\/wp-content\/uploads\/2015\/02\/pptx.png\" alt=\"fichier pptx\" width=\"24\" height=\"24\" \/><\/a><\/li>\n<li><a href=\"\/wp-content\/uploads\/2015\/05\/Presentation-bep-auxiliaire-prothese-dentaire.pptx\"><span>Brevet d&rsquo;\u00e9tudes professionnelles &#8211; Auxiliaire en proth\u00e8se dentaire<\/span><img loading=\"lazy\" decoding=\"async\" class=\"alignnone size-full wp-image-79\" src=\"\/wp-content\/uploads\/2015\/02\/pptx.png\" alt=\"fichier pptx\" width=\"24\" height=\"24\" \/><\/a><\/li>\n<\/ol>\n<\/div>\n<div class=\"resource\">Ressources nationales<\/div>\n<div class=\"sous-resource\">\n<div class=\"titre-sous-resource\">R\u00e9f\u00e9rentiel<\/div>\n<ol>\n<li><a href=\"\/wp-content\/uploads\/2015\/02\/1referentiel-arrete-bac-prot-dent.pdf\" target=\"_blank\"><span>Arr\u00eat\u00e9<\/span><img loading=\"lazy\" decoding=\"async\" class=\"alignnone size-full wp-image-79\" src=\"\/wp-content\/uploads\/2014\/10\/fichier-pdf.png\" alt=\"fichier-pdf\" width=\"24\" height=\"24\" \/><\/a><\/li>\n<li><a href=\"\/wp-content\/uploads\/2015\/02\/4referentiel-rap-rc-bac-prot-dent.pdf\" target=\"_blank\"><span>Annexe I &#8211; R\u00e9f\u00e9rentiel du dipl\u00f4me<\/span><img loading=\"lazy\" decoding=\"async\" class=\"alignnone size-full wp-image-79\" src=\"\/wp-content\/uploads\/2014\/10\/fichier-pdf.png\" alt=\"fichier-pdf\" width=\"24\" height=\"24\" \/><\/a><\/li>\n<li><a href=\"\/wp-content\/uploads\/2015\/05\/6referentiel-unites-bac-prot-dent.pdf\" target=\"_blank\"><span>Annexe II.a &#8211; Unit\u00e9s constitutives du dipl\u00f4me<\/span><img loading=\"lazy\" decoding=\"async\" class=\"alignnone size-full wp-image-79\" src=\"\/wp-content\/uploads\/2014\/10\/fichier-pdf.png\" alt=\"fichier-pdf\" width=\"24\" height=\"24\" \/><\/a><\/li>\n<li><a href=\"\/wp-content\/uploads\/2015\/02\/5referentiel-reglt-examen-bac-prot-dent.pdf\" target=\"_blank\"><span>Annexe II.b &#8211; R\u00e9glement d&rsquo;examen<\/span><img loading=\"lazy\" decoding=\"async\" class=\"alignnone size-full wp-image-79\" src=\"\/wp-content\/uploads\/2014\/10\/fichier-pdf.png\" alt=\"fichier-pdf\" width=\"24\" height=\"24\" \/><\/a><\/li>\n<li><a href=\"\/wp-content\/uploads\/2015\/02\/2referentiel-def-epreuves-bac-prot-dent.pdf\" target=\"_blank\"><span>Annexe II.c &#8211; D\u00e9finitions des \u00e9preuves<\/span><img loading=\"lazy\" decoding=\"async\" class=\"alignnone size-full wp-image-79\" src=\"\/wp-content\/uploads\/2014\/10\/fichier-pdf.png\" alt=\"fichier-pdf\" width=\"24\" height=\"24\" \/><\/a><\/li>\n<li><a href=\"\/wp-content\/uploads\/2015\/02\/3referentiel-pfmp-bac-prot-dent.pdf\" target=\"_blank\"><span>Annexe III &#8211; P\u00e9riode de formation en milieu professionnel<\/span><img loading=\"lazy\" decoding=\"async\" class=\"alignnone size-full wp-image-79\" src=\"\/wp-content\/uploads\/2014\/10\/fichier-pdf.png\" alt=\"fichier-pdf\" width=\"24\" height=\"24\" \/><\/a><\/li>\n<li><a href=\"\/wp-content\/uploads\/2015\/02\/guide-peda-bac-prothese-dent.doc\" target=\"_blank\"><span>Guide d&rsquo;\u00e9quipement &#8211; Rep\u00e8res pour la formation et l&rsquo;\u00e9valuation<\/span><img loading=\"lazy\" decoding=\"async\" class=\"alignnone size-full wp-image-79\" src=\"\/wp-content\/uploads\/2014\/10\/Word.png\" alt=\"fichier-pdf\" width=\"24\" height=\"24\" \/><\/a><\/li>\n<\/ol>\n<\/div>\n<\/div>\n","protected":false},"excerpt":{"rendered":"<p>Ressources acad\u00e9miques Ensemble documentaire Pr\u00e9sentation de la formation Brevet d&rsquo;\u00e9tudes professionnelles &#8211; Auxiliaire en proth\u00e8se dentaire Ressources nationales R\u00e9f\u00e9rentiel Arr\u00eat\u00e9 Annexe I &#8211; R\u00e9f\u00e9rentiel du dipl\u00f4me Annexe II.a &#8211; Unit\u00e9s constitutives du dipl\u00f4me Annexe II.b &#8211; R\u00e9glement d&rsquo;examen Annexe II.c &#8211; D\u00e9finitions des \u00e9preuves Annexe III &#8211; P\u00e9riode de formation en milieu professionnel Guide d&rsquo;\u00e9quipement [&hellip;]<\/p>\n","protected":false},"author":1,"featured_media":0,"parent":0,"menu_order":0,"comment_status":"open","ping_status":"open","template":"","meta":{"ngg_post_thumbnail":0,"footnotes":""},"class_list":["post-237","page","type-page","status-publish","hentry"],"rttpg_featured_image_url":null,"rttpg_author":{"display_name":"norco","author_link":"https:\/\/www.pedagogie.ac-nice.fr\/sbssa\/author\/norco\/"},"rttpg_comment":0,"rttpg_category":null,"rttpg_excerpt":"Ressources acad\u00e9miques Ensemble documentaire Pr\u00e9sentation de la formation Brevet d&rsquo;\u00e9tudes professionnelles &#8211; Auxiliaire en proth\u00e8se dentaire Ressources nationales R\u00e9f\u00e9rentiel Arr\u00eat\u00e9 Annexe I &#8211; R\u00e9f\u00e9rentiel du dipl\u00f4me Annexe II.a &#8211; Unit\u00e9s constitutives du dipl\u00f4me Annexe II.b &#8211; R\u00e9glement d&rsquo;examen Annexe II.c &#8211; D\u00e9finitions des \u00e9preuves Annexe III &#8211; P\u00e9riode de formation en milieu professionnel Guide d&rsquo;\u00e9quipement\u2026","post_mailing_queue_ids":[],"_links":{"self":[{"href":"https:\/\/www.pedagogie.ac-nice.fr\/sbssa\/wp-json\/wp\/v2\/pages\/237","targetHints":{"allow":["GET"]}}],"collection":[{"href":"https:\/\/www.pedagogie.ac-nice.fr\/sbssa\/wp-json\/wp\/v2\/pages"}],"about":[{"href":"https:\/\/www.pedagogie.ac-nice.fr\/sbssa\/wp-json\/wp\/v2\/types\/page"}],"author":[{"embeddable":true,"href":"https:\/\/www.pedagogie.ac-nice.fr\/sbssa\/wp-json\/wp\/v2\/users\/1"}],"replies":[{"embeddable":true,"href":"https:\/\/www.pedagogie.ac-nice.fr\/sbssa\/wp-json\/wp\/v2\/comments?post=237"}],"version-history":[{"count":2,"href":"https:\/\/www.pedagogie.ac-nice.fr\/sbssa\/wp-json\/wp\/v2\/pages\/237\/revisions"}],"predecessor-version":[{"id":1327,"href":"https:\/\/www.pedagogie.ac-nice.fr\/sbssa\/wp-json\/wp\/v2\/pages\/237\/revisions\/1327"}],"wp:attachment":[{"href":"https:\/\/www.pedagogie.ac-nice.fr\/sbssa\/wp-json\/wp\/v2\/media?parent=237"}],"curies":[{"name":"wp","href":"https:\/\/api.w.org\/{rel}","templated":true}]}}