{"id":1277,"date":"2024-02-05T08:26:53","date_gmt":"2024-02-05T07:26:53","guid":{"rendered":"https:\/\/www.pedagogie.ac-nice.fr\/ses\/?page_id=1277"},"modified":"2025-02-07T13:17:10","modified_gmt":"2025-02-07T12:17:10","slug":"les-ses-apres-le-baccalaureat","status":"publish","type":"page","link":"https:\/\/www.pedagogie.ac-nice.fr\/ses\/les-ses-apres-le-baccalaureat\/","title":{"rendered":"Les SES apr\u00e8s le Baccalaur\u00e9at"},"content":{"rendered":"<p><a href=\"https:\/\/www.pedagogie.ac-nice.fr\/ses\/wp-content\/uploads\/sites\/9\/2024\/12\/schema-etudes-superieures-scaled.jpg\">Sch\u00e9ma \u00e9tudes scientifiques<\/a><\/p>\n<p><a href=\"https:\/\/www.pedagogie.ac-nice.fr\/ses\/wp-content\/uploads\/sites\/9\/2024\/12\/GUIDE-POST-BAC-2024.pdf\">Guide Post Bac<\/a><\/p>\n<p><strong><a href=\"https:\/\/formation.univ-orleans.fr\/fr\/offre-de-formation\/licence-lmd-XA\/licence-double-economie-informatique-intelligence-artificielle-sciences-des-donnees-et-des-organisations-iasdo-M5M7BBME.html\">Licence Double Economie informatique &#8211; Intelligence Artificielle : Sciences des Donn\u00e9es et des Organisations (IASDO)<\/a><\/strong><\/p>\n<p><strong><a href=\"https:\/\/dcg.bonaparte.education\/\">Dipl\u00f4me de Comptabilit\u00e9 et de Gestion<\/a><\/strong><\/p>\n<p><a href=\"https:\/\/www.pedagogie.ac-nice.fr\/ses\/wp-content\/uploads\/sites\/9\/2024\/11\/Ouverture-DCG-Bonaparte-Toulon.pdf\">Lettre d&rsquo;information DCG Lyc\u00e9e Bonaparte, Toulon. <\/a><\/p>\n<p><span style=\"font-size: 12pt;\"><strong><a href=\"https:\/\/www.pedagogie.ac-nice.fr\/ses\/wp-content\/uploads\/sites\/9\/2024\/11\/Plaquette-Licence-EG.pdf\">Licence Economie et Gestion <\/a><\/strong><\/span><\/p>\n<p><strong><a href=\"https:\/\/www.pedagogie.ac-nice.fr\/ses\/wp-content\/uploads\/sites\/9\/2024\/11\/Plaquette-Double-licence-SocioEco.pdf\">Plaquette Double Licence Eco\/Socio<\/a><\/strong><\/p>\n<p><strong><a href=\"https:\/\/www.pedagogie.ac-nice.fr\/ses\/wp-content\/uploads\/sites\/9\/2024\/11\/plaquette_CPES.pdf\">Plaquette CPES<\/a><\/strong><\/p>\n<p><a href=\"https:\/\/www.pedagogie.ac-nice.fr\/ses\/wp-content\/uploads\/sites\/9\/2024\/11\/Formations-post-bac-Eco-Socio-Gestion-management.pdf\"><strong>Post bac : \u00e9conomie\/ sociologie et management<\/strong>&nbsp;<\/a><\/p>\n<a href=\"https:\/\/www.pedagogie.ac-nice.fr\/ses\/wp-content\/uploads\/sites\/9\/2024\/02\/Prepa-ECG-au-CIV-1.pdf\" class=\"pdfemb-viewer\" style=\"\" data-width=\"max\" data-height=\"max\" data-toolbar=\"bottom\" data-toolbar-fixed=\"off\">Pr\u00e9pa ECG au CIV-1<\/a>\n<p><a href=\"https:\/\/www.pedagogie.ac-nice.fr\/ses\/wp-content\/uploads\/sites\/9\/2023\/12\/Prepa-ECG-au-CIV.pdf\">https:\/\/www.pedagogie.ac-nice.fr\/ses\/wp-content\/uploads\/sites\/9\/2023\/12\/Prepa-ECG-au-CIV.pdf<\/a><\/p>\n<p><a href=\"https:\/\/www.pedagogie.ac-nice.fr\/ses\/wp-content\/uploads\/sites\/9\/2024\/03\/Au-lycee-je-prepare-mon-orientation-2023-2024.pdf\">Au lyc\u00e9e je pr\u00e9pare mon orientation<\/a><\/p>\n<p>&nbsp;<\/p>\n<p>&nbsp;<\/p>\n","protected":false},"excerpt":{"rendered":"<p>Sch\u00e9ma \u00e9tudes scientifiques Guide Post Bac Licence Double Economie informatique &#8211; Intelligence Artificielle : Sciences des Donn\u00e9es et des Organisations (IASDO) Dipl\u00f4me de Comptabilit\u00e9 et de Gestion Lettre d&rsquo;information DCG Lyc\u00e9e Bonaparte, Toulon. Licence Economie et Gestion Plaquette Double Licence &hellip; <a href=\"https:\/\/www.pedagogie.ac-nice.fr\/ses\/les-ses-apres-le-baccalaureat\/\">Continuer la lecture <span class=\"meta-nav\">&rarr;<\/span><\/a><\/p>\n","protected":false},"author":399,"featured_media":0,"parent":0,"menu_order":0,"comment_status":"closed","ping_status":"closed","template":"","meta":{"ngg_post_thumbnail":0,"footnotes":""},"class_list":["post-1277","page","type-page","status-publish","hentry"],"rttpg_featured_image_url":null,"rttpg_author":{"display_name":"rcouillet","author_link":"https:\/\/www.pedagogie.ac-nice.fr\/ses\/author\/rcouillet\/"},"rttpg_comment":0,"rttpg_category":null,"rttpg_excerpt":"Sch\u00e9ma \u00e9tudes scientifiques Guide Post Bac Licence Double Economie informatique &#8211; Intelligence Artificielle : Sciences des Donn\u00e9es et des Organisations (IASDO) Dipl\u00f4me de Comptabilit\u00e9 et de Gestion Lettre d&rsquo;information DCG Lyc\u00e9e Bonaparte, Toulon. Licence Economie et Gestion Plaquette Double Licence &hellip; Continuer la lecture &rarr;","post_mailing_queue_ids":[],"_links":{"self":[{"href":"https:\/\/www.pedagogie.ac-nice.fr\/ses\/wp-json\/wp\/v2\/pages\/1277","targetHints":{"allow":["GET"]}}],"collection":[{"href":"https:\/\/www.pedagogie.ac-nice.fr\/ses\/wp-json\/wp\/v2\/pages"}],"about":[{"href":"https:\/\/www.pedagogie.ac-nice.fr\/ses\/wp-json\/wp\/v2\/types\/page"}],"author":[{"embeddable":true,"href":"https:\/\/www.pedagogie.ac-nice.fr\/ses\/wp-json\/wp\/v2\/users\/399"}],"replies":[{"embeddable":true,"href":"https:\/\/www.pedagogie.ac-nice.fr\/ses\/wp-json\/wp\/v2\/comments?post=1277"}],"version-history":[{"count":12,"href":"https:\/\/www.pedagogie.ac-nice.fr\/ses\/wp-json\/wp\/v2\/pages\/1277\/revisions"}],"predecessor-version":[{"id":2010,"href":"https:\/\/www.pedagogie.ac-nice.fr\/ses\/wp-json\/wp\/v2\/pages\/1277\/revisions\/2010"}],"wp:attachment":[{"href":"https:\/\/www.pedagogie.ac-nice.fr\/ses\/wp-json\/wp\/v2\/media?parent=1277"}],"curies":[{"name":"wp","href":"https:\/\/api.w.org\/{rel}","templated":true}]}}