{"id":1342,"date":"2024-03-13T14:17:44","date_gmt":"2024-03-13T13:17:44","guid":{"rendered":"https:\/\/www.pedagogie.ac-nice.fr\/ses\/?page_id=1342"},"modified":"2024-07-09T10:21:12","modified_gmt":"2024-07-09T08:21:12","slug":"sociologie-et-science-politique","status":"publish","type":"page","link":"https:\/\/www.pedagogie.ac-nice.fr\/ses\/sociologie-et-science-politique\/","title":{"rendered":"Sociologie et science politique"},"content":{"rendered":"<p><strong>Sociologie et science politique&nbsp;<\/strong><\/p>\n<p><em>Comment la socialisation contribue-t-elle \u00e0 expliquer les diff\u00e9rences de comportement des individus ?<\/em><\/p>\n<p><em>Comment se construisent et \u00e9voluent les liens sociaux ?<\/em><\/p>\n<p><em>Quels sont les processus sociaux qui contribuent \u00e0 la d\u00e9viance ?<\/em><\/p>\n<p><a href=\"https:\/\/www.pedagogie.ac-nice.fr\/ses\/wp-content\/uploads\/sites\/9\/2024\/05\/1ere_Controlesocial_deviance_delinquance-1.docx\">https:\/\/www.pedagogie.ac-nice.fr\/ses\/wp-content\/uploads\/sites\/9\/2024\/05\/1ere_Controlesocial_deviance_delinquance-1.docx (Morgan HOBEIKA)<\/a><\/p>\n<p><em>Comment se forme et s\u2019exprime l\u2019opinion publique ?<\/em><\/p>\n<p><em>Voter : une affaire individuelle ou collective ?<\/em><\/p>\n","protected":false},"excerpt":{"rendered":"<p>Sociologie et science politique&nbsp; Comment la socialisation contribue-t-elle \u00e0 expliquer les diff\u00e9rences de comportement des individus ? Comment se construisent et \u00e9voluent les liens sociaux ? Quels sont les processus sociaux qui contribuent \u00e0 la d\u00e9viance ? https:\/\/www.pedagogie.ac-nice.fr\/ses\/wp-content\/uploads\/sites\/9\/2024\/05\/1ere_Controlesocial_deviance_delinquance-1.docx (Morgan HOBEIKA) &hellip; <a href=\"https:\/\/www.pedagogie.ac-nice.fr\/ses\/sociologie-et-science-politique\/\">Continuer la lecture <span class=\"meta-nav\">&rarr;<\/span><\/a><\/p>\n","protected":false},"author":399,"featured_media":0,"parent":0,"menu_order":0,"comment_status":"closed","ping_status":"closed","template":"","meta":{"ngg_post_thumbnail":0,"footnotes":""},"class_list":["post-1342","page","type-page","status-publish","hentry"],"rttpg_featured_image_url":null,"rttpg_author":{"display_name":"rcouillet","author_link":"https:\/\/www.pedagogie.ac-nice.fr\/ses\/author\/rcouillet\/"},"rttpg_comment":0,"rttpg_category":null,"rttpg_excerpt":"Sociologie et science politique&nbsp; Comment la socialisation contribue-t-elle \u00e0 expliquer les diff\u00e9rences de comportement des individus ? Comment se construisent et \u00e9voluent les liens sociaux ? Quels sont les processus sociaux qui contribuent \u00e0 la d\u00e9viance ? https:\/\/www.pedagogie.ac-nice.fr\/ses\/wp-content\/uploads\/sites\/9\/2024\/05\/1ere_Controlesocial_deviance_delinquance-1.docx (Morgan HOBEIKA) &hellip; Continuer la lecture &rarr;","post_mailing_queue_ids":[],"_links":{"self":[{"href":"https:\/\/www.pedagogie.ac-nice.fr\/ses\/wp-json\/wp\/v2\/pages\/1342","targetHints":{"allow":["GET"]}}],"collection":[{"href":"https:\/\/www.pedagogie.ac-nice.fr\/ses\/wp-json\/wp\/v2\/pages"}],"about":[{"href":"https:\/\/www.pedagogie.ac-nice.fr\/ses\/wp-json\/wp\/v2\/types\/page"}],"author":[{"embeddable":true,"href":"https:\/\/www.pedagogie.ac-nice.fr\/ses\/wp-json\/wp\/v2\/users\/399"}],"replies":[{"embeddable":true,"href":"https:\/\/www.pedagogie.ac-nice.fr\/ses\/wp-json\/wp\/v2\/comments?post=1342"}],"version-history":[{"count":4,"href":"https:\/\/www.pedagogie.ac-nice.fr\/ses\/wp-json\/wp\/v2\/pages\/1342\/revisions"}],"predecessor-version":[{"id":1764,"href":"https:\/\/www.pedagogie.ac-nice.fr\/ses\/wp-json\/wp\/v2\/pages\/1342\/revisions\/1764"}],"wp:attachment":[{"href":"https:\/\/www.pedagogie.ac-nice.fr\/ses\/wp-json\/wp\/v2\/media?parent=1342"}],"curies":[{"name":"wp","href":"https:\/\/api.w.org\/{rel}","templated":true}]}}