{"id":1582,"date":"2025-04-02T14:22:48","date_gmt":"2025-04-02T12:22:48","guid":{"rendered":"https:\/\/www.pedagogie.ac-nice.fr\/ses\/?page_id=1582"},"modified":"2025-12-12T10:17:59","modified_gmt":"2025-12-12T09:17:59","slug":"se-former","status":"publish","type":"page","link":"https:\/\/www.pedagogie.ac-nice.fr\/ses\/se-former\/","title":{"rendered":"SE FORMER"},"content":{"rendered":"<div class=\"v1moz-cite-prefix\">\n<p><span style=\"font-size: 12pt;\"><strong>Informations&nbsp;<\/strong><\/span><\/p>\n<\/div>\n<div class=\"v1moz-cite-prefix\">Liens formations acad\u00e9miques (pr\u00e9-inscriptions) : t\u00e9l\u00e9charger le document =&gt;&nbsp; <a href=\"https:\/\/www.pedagogie.ac-nice.fr\/ses\/wp-content\/uploads\/sites\/9\/2025\/12\/Liens-pre-inscriptions-formations-PrAF-2025-2026-semestre-2-1.docx\">pr\u00e9 inscripitions <\/a><\/div>\n<div>&nbsp;<\/div>\n<div class=\"v1moz-cite-prefix\"><a href=\"https:\/\/www.pedagogie.ac-nice.fr\/ses\/wp-content\/uploads\/sites\/9\/2025\/12\/Liens-pre-inscriptions-formations-PrAF-2025-2026-semestre-2-1.docx\">Liens pr\u00e9-inscriptions formations PrAF 2025 2026 &#8211; semestre 2 (1)<\/a><\/div>\n<div>&nbsp;<\/div>\n<div>&nbsp;<\/div>\n<div class=\"v1moz-cite-prefix\">*CONFERENCES BANQUE DE FRANCE<\/div>\n<div class=\"v1moz-cite-prefix\">\n<p>Calendrier des visioconf\u00e9rences destin\u00e9es aux enseignants pour la rentr\u00e9e 2024-2025.<\/p>\n<p class=\"v1MsoNormal\">Les conf\u00e9rences auront lieu des mercredis, de 14 \u00e0 16h&nbsp;:<\/p>\n<p class=\"v1MsoNormal\">&nbsp;1.&nbsp;&nbsp;&nbsp;&nbsp;&nbsp; <b>R\u00f4les et missions de la Banque de France<\/b>&nbsp;: 04\/12\/2024&nbsp;-Philippe Faure &nbsp;<\/p>\n<p class=\"v1MsoNormal\">&nbsp;2.&nbsp;&nbsp;&nbsp;&nbsp;&nbsp; <b>La monnaie sous toutes ses formes<\/b>&nbsp;: 05\/02\/2025- Jean-Marc Lherm &nbsp;<\/p>\n<p class=\"v1MsoNormal\">&nbsp;3.&nbsp;&nbsp;&nbsp;&nbsp;&nbsp; <b>Les arnaques<\/b>&nbsp;: 02\/04\/2025&nbsp;-Marguerite Collignan &nbsp;<\/p>\n<p class=\"v1MsoNormal\">&nbsp;Les liens de connexion seront transmis ult\u00e9rieurement.<\/p>\n<\/div>\n<p>&nbsp;<\/p>\n<p><span style=\"font-size: 14pt;\"><strong>Formation disciplinaire<\/strong><\/span><\/p>\n<p><i>Formation en direction des enseignants de SES de l&rsquo;acad\u00e9mie de la R\u00e9union par F. Carluer (IGESR) sur le questionnement de terminale \u00ab\u00a0Quels sont les fondements du commerce international et de l&rsquo;internationalisation de la production?\u00a0\u00bb<\/i><\/p>\n<p><a class=\"v1moz-txt-link-freetext\" href=\"https:\/\/www.ac-reunion.fr\/formations-et-stages-en-ses-130389\" target=\"_blank\" rel=\"noopener noreferrer\">https:\/\/www.ac-reunion.fr\/formations-et-stages-en-ses-130389<\/a><\/p>\n<div class=\"v1moz-cite-prefix\">\n<p><strong>Documents pour la formation disciplinaire<\/strong><\/p>\n<p><a href=\"https:\/\/www.pedagogie.ac-nice.fr\/ses\/wp-content\/uploads\/sites\/9\/2024\/09\/Reflexions-sur-Economie-pour-le-XXIe-siecle-de-L.-Eloi.pdf\">L&rsquo;\u00e9conomie pour le XXI iem si\u00e8cle : r\u00e9flexion de L. Eloi <\/a><\/p>\n<\/div>\n<p><a href=\"https:\/\/www.pedagogie.ac-nice.fr\/ses\/wp-content\/uploads\/sites\/9\/2024\/04\/Nouveaux-enjeux-de-politique-monetaire-et-son-articulation.pptx\">Nouveaux enjeux de la politique mon\u00e9taire et de son articulation avec la politique budg\u00e9taire<\/a><\/p>\n<p><a href=\"https:\/\/www.pedagogie.ac-nice.fr\/ses\/wp-content\/uploads\/sites\/9\/2024\/03\/Comment-expliquer-les-crises-financieres-et-reguler-le-systeme-financier.pdf\">Comment expliquer les crises financi\u00e8res et r\u00e9guler le syst\u00e8me financier ? <\/a><\/p>\n<p><a href=\"https:\/\/www.pedagogie.ac-nice.fr\/ses\/wp-content\/uploads\/sites\/9\/2024\/03\/Comment-lutter-contre-le-chomage.pdf\">Comment lutter contre le ch\u00f4mage ? <\/a><\/p>\n<p><a href=\"https:\/\/www.pedagogie.ac-nice.fr\/ses\/wp-content\/uploads\/sites\/9\/2024\/02\/Reflexions-sur-Les-structures-fondamentales-des-societes-humaines-de-B.-Lahire.pdf\">B. Lahire Les structures fondamentales des soci\u00e9t\u00e9s humaines<\/a><\/p>\n<p><span style=\"font-size: 14pt;\"><strong>Autres&nbsp;<\/strong><\/span><\/p>\n<p><a href=\"https:\/\/www.pedagogie.ac-nice.fr\/ses\/wp-content\/uploads\/sites\/9\/2024\/12\/Formation-les-SES-et-le-numerique-.pdf\">Formation sur le num\u00e9rique en SES<\/a><\/p>\n<p><a href=\"https:\/\/www.pedagogie.ac-nice.fr\/ses\/wp-content\/uploads\/sites\/9\/2024\/09\/Flyer-Formations-EDD-2024-25-1.pdf\">Se former \u00e0 l&rsquo;\u00e9ducation au D\u00e9veloppement Durable<\/a><\/p>\n<p><a href=\"https:\/\/www.pedagogie.ac-nice.fr\/ses\/wp-content\/uploads\/sites\/9\/2024\/09\/PROFESSEURS-2D-LIENS-ABONNEMENT-FORMATIONS-CASNAV-24-25.pdf\">Liens abonnement formations CASNAV<\/a><\/p>\n<p><span style=\"color: #000000;\"><b>Formation \u00ab\u00a0Statistiques avec l&rsquo;Insee par l&rsquo;Insee\u00a0\u00bb<\/b><\/span><\/p>\n<p><a href=\"https:\/\/id.ac-nice.fr\/sofia-fmo-acad\/default\/session\/preregistrationadd\/globalSessionId\/12568\/tab\/trainee\/pill\/individualTrainingPlan\/infos\/60748%7C02%7CS1%7C2024-11-27_14:00:00%7C2024-11-27_17:00:00\">DISCRIMINATIONS ET ENGAGEMENT CITOYEN Groupe 1<\/a><\/p>\n<p><a href=\"https:\/\/id.ac-nice.fr\/sofia-fmo-acad\/default\/session\/preregistrationadd\/globalSessionId\/12566\/tab\/trainee\/pill\/individualTrainingPlan\/infos\/60748%7C01%7CS1%7C2025-01-08_14:00:00%7C2025-01-08_17:00:00\">DISCRIMINATIONS ET ENGAGEMENT CITOYEN Groupe 2<\/a><\/p>\n<p><strong>Diapositive INSEE : portrait et enjeux r\u00e9gion Provence Alpes C\u00f4te d&rsquo;Azur&nbsp;<\/strong><\/p>\n<p><a href=\"https:\/\/www.pedagogie.ac-nice.fr\/ses\/wp-content\/uploads\/sites\/9\/2024\/11\/insee_panorama_regional_2024.pdf\">Provence-Alpes-C\u00f4te d\u2019Azur : portrait et enjeux (Insee)<\/a><\/p>\n","protected":false},"excerpt":{"rendered":"<p>Informations&nbsp; Liens formations acad\u00e9miques (pr\u00e9-inscriptions) : t\u00e9l\u00e9charger le document =&gt;&nbsp; pr\u00e9 inscripitions &nbsp; Liens pr\u00e9-inscriptions formations PrAF 2025 2026 &#8211; semestre 2 (1) &nbsp; &nbsp; *CONFERENCES BANQUE DE FRANCE Calendrier des visioconf\u00e9rences destin\u00e9es aux enseignants pour la rentr\u00e9e 2024-2025. Les &hellip; <a href=\"https:\/\/www.pedagogie.ac-nice.fr\/ses\/se-former\/\">Continuer la lecture <span class=\"meta-nav\">&rarr;<\/span><\/a><\/p>\n","protected":false},"author":399,"featured_media":0,"parent":0,"menu_order":0,"comment_status":"closed","ping_status":"closed","template":"","meta":{"ngg_post_thumbnail":0,"footnotes":""},"class_list":["post-1582","page","type-page","status-publish","hentry"],"rttpg_featured_image_url":null,"rttpg_author":{"display_name":"rcouillet","author_link":"https:\/\/www.pedagogie.ac-nice.fr\/ses\/author\/rcouillet\/"},"rttpg_comment":0,"rttpg_category":null,"rttpg_excerpt":"Informations&nbsp; Liens formations acad\u00e9miques (pr\u00e9-inscriptions) : t\u00e9l\u00e9charger le document =&gt;&nbsp; pr\u00e9 inscripitions &nbsp; Liens pr\u00e9-inscriptions formations PrAF 2025 2026 &#8211; semestre 2 (1) &nbsp; &nbsp; *CONFERENCES BANQUE DE FRANCE Calendrier des visioconf\u00e9rences destin\u00e9es aux enseignants pour la rentr\u00e9e 2024-2025. Les &hellip; Continuer la lecture &rarr;","post_mailing_queue_ids":[],"_links":{"self":[{"href":"https:\/\/www.pedagogie.ac-nice.fr\/ses\/wp-json\/wp\/v2\/pages\/1582","targetHints":{"allow":["GET"]}}],"collection":[{"href":"https:\/\/www.pedagogie.ac-nice.fr\/ses\/wp-json\/wp\/v2\/pages"}],"about":[{"href":"https:\/\/www.pedagogie.ac-nice.fr\/ses\/wp-json\/wp\/v2\/types\/page"}],"author":[{"embeddable":true,"href":"https:\/\/www.pedagogie.ac-nice.fr\/ses\/wp-json\/wp\/v2\/users\/399"}],"replies":[{"embeddable":true,"href":"https:\/\/www.pedagogie.ac-nice.fr\/ses\/wp-json\/wp\/v2\/comments?post=1582"}],"version-history":[{"count":25,"href":"https:\/\/www.pedagogie.ac-nice.fr\/ses\/wp-json\/wp\/v2\/pages\/1582\/revisions"}],"predecessor-version":[{"id":2235,"href":"https:\/\/www.pedagogie.ac-nice.fr\/ses\/wp-json\/wp\/v2\/pages\/1582\/revisions\/2235"}],"wp:attachment":[{"href":"https:\/\/www.pedagogie.ac-nice.fr\/ses\/wp-json\/wp\/v2\/media?parent=1582"}],"curies":[{"name":"wp","href":"https:\/\/api.w.org\/{rel}","templated":true}]}}