{"id":1856,"date":"2025-05-05T09:19:19","date_gmt":"2025-05-05T07:19:19","guid":{"rendered":"https:\/\/www.pedagogie.ac-nice.fr\/ses\/?page_id=1856"},"modified":"2025-12-15T08:48:36","modified_gmt":"2025-12-15T07:48:36","slug":"les-outils-numeriques-pour-les-ses","status":"publish","type":"page","link":"https:\/\/www.pedagogie.ac-nice.fr\/ses\/les-outils-numeriques-pour-les-ses\/","title":{"rendered":"Les outils num\u00e9riques pour les SES"},"content":{"rendered":"<p>Ressources issues du groupe de travail sur le num\u00e9rique en SES<\/p>\n<p>Lien de t\u00e9l\u00e9chargement du document :&nbsp;<a href=\"https:\/\/www.pedagogie.ac-nice.fr\/ses\/wp-content\/uploads\/sites\/9\/2025\/12\/Charte-numerique-affichage-affiche-classe-enseignement-numerique-illustre-beige-4.pdf\">Les r\u00e8gles d&rsquo;or de la charte d&rsquo;utilisation de l&rsquo;I.A en SES<\/a><\/p>\n<p><em style=\"text-align: justify; font-size: 10pt;\"><span class=\"v1v1v1v1v1a_GcMg v1v1v1v1v1font-feature-liga-off v1v1v1v1v1font-feature-clig-off v1v1v1v1v1font-feature-calt-off v1v1v1v1v1text-decoration-none v1v1v1v1v1text-strikethrough-none\">L&rsquo;I.A est un outil num\u00e9rique largement diffus\u00e9, utilis\u00e9 parfois par les \u00e9l\u00e8ves et par les professeurs. Dans ce cadre, elle peut offrir de r\u00e9elles opportunit\u00e9s p\u00e9dagogiques pour am\u00e9liorer l&rsquo;apprentissage des \u00e9l\u00e8ves tout en suscitant parfois des inqui\u00e9tudes tout \u00e0 fait l\u00e9gitimes. Ce document, \u00e9labor\u00e9 par le groupe de travail num\u00e9rique de l&rsquo;acad\u00e9mie de Nice, pr\u00e9sente alors les r\u00e8gles d&rsquo;or de la charte d&rsquo;utilisation de l&rsquo;I.A en Sciences \u00c9conomiques et Sociales et s&rsquo;adresse aux professeurs et aux \u00e9l\u00e8ves de SES. Dans ce cadre, il peut constituer une ressource pour mieux appr\u00e9hender l&rsquo;I.A dans les pratiques p\u00e9dagogiques et le travail des \u00e9l\u00e8ves.<\/span><\/em><\/p>\n<a href=\"https:\/\/www.pedagogie.ac-nice.fr\/ses\/wp-content\/uploads\/sites\/9\/2025\/12\/Charte-numerique-affichage-affiche-classe-enseignement-numerique-illustre-beige-4.pdf\" class=\"pdfemb-viewer\" style=\"\" data-width=\"max\" data-height=\"max\" data-toolbar=\"bottom\" data-toolbar-fixed=\"off\">Charte num\u00e9rique affichage affiche classe enseignement num\u00e9rique illustr\u00e9 beige (4)<\/a>\n<p><a href=\"https:\/\/chatmd.forge.apps.education.fr\/#https:\/\/codimd.apps.education.fr\/cjZ99a1URpSaT3ZqcHEvOQ\">Cliquer sur ce lien : utiliser l&rsquo;IA pour r\u00e9viser la m\u00e9thodologie du baccalaur\u00e9at<\/a><\/p>\n<div id=\"descriptif-article\">\n<p>\u00e0 destination des enseignants, un chatbot pour mieux appr\u00e9hender les attentes des \u00e9preuves du bac.<\/p>\n<\/div>\n<p><a href=\"https:\/\/www.pedagogie.ac-nice.fr\/ses\/wp-content\/uploads\/sites\/9\/2024\/12\/Outil-1-Ludification-des-evaluations-formatives-avec-Poe-1.pdf\">(Outil 1) Ludification : des \u00e9valuations formatives avec Poe <\/a><\/p>\n<p><a href=\"https:\/\/www.pedagogie.ac-nice.fr\/ses\/wp-content\/uploads\/sites\/9\/2024\/12\/Outils-2-Comment-prompter-avec-lIA-.pdf\">(Outils 2) Comment \u00ab\u00a0prompter\u00a0\u00bb avec l&rsquo;IA ?<\/a><\/p>\n<p><a href=\"https:\/\/www.pedagogie.ac-nice.fr\/ses\/wp-content\/uploads\/sites\/9\/2024\/12\/Quest-ce-quun-Escape-Game-en-SES-.pdf\">Qu&rsquo;est ce qu&rsquo;un Escape Game en SES ?<\/a><\/p>\n<p><a href=\"https:\/\/www.pedagogie.ac-nice.fr\/ses\/wp-content\/uploads\/sites\/9\/2024\/12\/Escape-game-commerce-international-VP-1.pdf\">Escape game : commerce international (version professeur)<\/a><\/p>\n<p><a href=\"https:\/\/www.pedagogie.ac-nice.fr\/ses\/wp-content\/uploads\/sites\/9\/2024\/12\/Escape-game-commerce-international-VE-1.pdf\">Escape game : commerce international (version \u00e9l\u00e8ve<\/a>)<\/p>\n<p><a href=\"https:\/\/www.pedagogie.ac-nice.fr\/ses\/wp-content\/uploads\/sites\/9\/2024\/12\/Escape-Game-Weber-vs-Marx-.pdf\">Escape-Game-Weber-vs-Marx<\/a><\/p>\n<p><a href=\"https:\/\/www.pedagogie.ac-nice.fr\/ses\/wp-content\/uploads\/sites\/9\/2025\/02\/Escape-Game-chomage-conjoncturel-vs-chomage-structurel-2.pdf\">Escape Game : Ch\u00f4mage conjoncturel vs ch\u00f4mage structurel<\/a><\/p>\n<p><span style=\"font-size: 12pt;\"><strong>La Lettre de l\u2019Insee pour les enseignants de SES<\/strong><\/span><\/p>\n<p><a href=\"https:\/\/www.pedagogie.ac-nice.fr\/ses\/wp-content\/uploads\/sites\/9\/2024\/12\/Newsletter-Insee-1-dec-2024.pdf\">La Lettre de l\u2019Insee pour les enseignants de SES (N\u00b01)<\/a><\/p>\n<p><a href=\"https:\/\/www.pedagogie.ac-nice.fr\/ses\/wp-content\/uploads\/sites\/9\/2025\/05\/Newsletter-Insee-2-mars-2025.pdf\">La Lettre de l\u2019Insee pour les enseignants de SES (N\u00b02)<\/a><\/p>\n<p><span style=\"font-size: 12pt;\"><strong>Les informations de la DRANE<\/strong><\/span><\/p>\n<p><a href=\"https:\/\/www.pedagogie.ac-nice.fr\/ses\/wp-content\/uploads\/sites\/9\/2024\/09\/Gazette_Connectee_1-1.pdf\">Gazette connect\u00e9e de la DRANE n\u00b01 (2024)<\/a><\/p>\n<p><a href=\"https:\/\/www.pedagogie.ac-nice.fr\/ses\/wp-content\/uploads\/sites\/9\/2024\/11\/2_Gazette_Connectee.pdf\">Gazette connect\u00e9e de la DRANE n\u00b02 (2024)<\/a><\/p>\n<p><a href=\"https:\/\/www.pedagogie.ac-nice.fr\/ses\/wp-content\/uploads\/sites\/9\/2025\/03\/Gazette_Connectee_N3.pdf\">Gazette connect\u00e9e de la DRANE n\u00b03 (2025)<\/a><\/p>\n<p><a href=\"https:\/\/www.pedagogie.ac-nice.fr\/ses\/wp-content\/uploads\/sites\/9\/2025\/03\/4_Gazette_Connectee.pdf\">Gazette connect\u00e9e de la DRANE n\u00b04 (2025)<\/a><\/p>\n<p><a href=\"https:\/\/www.pedagogie.ac-nice.fr\/ses\/wp-content\/uploads\/sites\/9\/2025\/11\/7_Gazette_2025Nov-Dec.pdf\">Gazette connect\u00e9e de la DRANE n\u00b05 (2025)<\/a><\/p>\n<p><a href=\"https:\/\/www.pedagogie.ac-nice.fr\/ses\/wp-content\/uploads\/sites\/9\/2025\/11\/entrainer_et_evaluer_avec_lia-1.pdf\">Entra\u00eener et \u00e9valuer avec l\u2019I.A (DRANE)<\/a><\/p>\n<p><strong>Lettre EduNum SES&nbsp;<\/strong><\/p>\n<p><a href=\"https:\/\/www.pedagogie.ac-nice.fr\/ses\/wp-content\/uploads\/sites\/9\/2025\/03\/lettre_edunum_ses20_0.pdf\">Edu Num SES n\u00b020<\/a><\/p>\n","protected":false},"excerpt":{"rendered":"<p>Ressources issues du groupe de travail sur le num\u00e9rique en SES Lien de t\u00e9l\u00e9chargement du document :&nbsp;Les r\u00e8gles d&rsquo;or de la charte d&rsquo;utilisation de l&rsquo;I.A en SES L&rsquo;I.A est un outil num\u00e9rique largement diffus\u00e9, utilis\u00e9 parfois par les \u00e9l\u00e8ves et &hellip; <a href=\"https:\/\/www.pedagogie.ac-nice.fr\/ses\/les-outils-numeriques-pour-les-ses\/\">Continuer la lecture <span class=\"meta-nav\">&rarr;<\/span><\/a><\/p>\n","protected":false},"author":399,"featured_media":0,"parent":0,"menu_order":0,"comment_status":"closed","ping_status":"closed","template":"","meta":{"ngg_post_thumbnail":0,"footnotes":""},"class_list":["post-1856","page","type-page","status-publish","hentry"],"rttpg_featured_image_url":null,"rttpg_author":{"display_name":"rcouillet","author_link":"https:\/\/www.pedagogie.ac-nice.fr\/ses\/author\/rcouillet\/"},"rttpg_comment":0,"rttpg_category":null,"rttpg_excerpt":"Ressources issues du groupe de travail sur le num\u00e9rique en SES Lien de t\u00e9l\u00e9chargement du document :&nbsp;Les r\u00e8gles d&rsquo;or de la charte d&rsquo;utilisation de l&rsquo;I.A en SES L&rsquo;I.A est un outil num\u00e9rique largement diffus\u00e9, utilis\u00e9 parfois par les \u00e9l\u00e8ves et &hellip; Continuer la lecture &rarr;","post_mailing_queue_ids":[],"_links":{"self":[{"href":"https:\/\/www.pedagogie.ac-nice.fr\/ses\/wp-json\/wp\/v2\/pages\/1856","targetHints":{"allow":["GET"]}}],"collection":[{"href":"https:\/\/www.pedagogie.ac-nice.fr\/ses\/wp-json\/wp\/v2\/pages"}],"about":[{"href":"https:\/\/www.pedagogie.ac-nice.fr\/ses\/wp-json\/wp\/v2\/types\/page"}],"author":[{"embeddable":true,"href":"https:\/\/www.pedagogie.ac-nice.fr\/ses\/wp-json\/wp\/v2\/users\/399"}],"replies":[{"embeddable":true,"href":"https:\/\/www.pedagogie.ac-nice.fr\/ses\/wp-json\/wp\/v2\/comments?post=1856"}],"version-history":[{"count":17,"href":"https:\/\/www.pedagogie.ac-nice.fr\/ses\/wp-json\/wp\/v2\/pages\/1856\/revisions"}],"predecessor-version":[{"id":2239,"href":"https:\/\/www.pedagogie.ac-nice.fr\/ses\/wp-json\/wp\/v2\/pages\/1856\/revisions\/2239"}],"wp:attachment":[{"href":"https:\/\/www.pedagogie.ac-nice.fr\/ses\/wp-json\/wp\/v2\/media?parent=1856"}],"curies":[{"name":"wp","href":"https:\/\/api.w.org\/{rel}","templated":true}]}}