{"id":1086,"date":"2024-03-03T10:11:41","date_gmt":"2024-03-03T09:11:41","guid":{"rendered":"https:\/\/www.pedagogie.ac-nice.fr\/sii\/?page_id=1086"},"modified":"2024-04-28T09:10:16","modified_gmt":"2024-04-28T07:10:16","slug":"la-classe-de-4","status":"publish","type":"page","link":"https:\/\/www.pedagogie.ac-nice.fr\/sii\/la-technologie-au-college\/la-classe-de-4\/","title":{"rendered":"La classe de 4\u00b0"},"content":{"rendered":"<p>En classe de 4e, dans le prolongement et la continuit\u00e9 des activit\u00e9s pratiques d\u00e9couvertes en 5e, il s\u2019agit d\u2019approfondir ces usages et cette culture technologiques en int\u00e9grant les conditions et les contraintes associ\u00e9es aux diff\u00e9rents objets et syst\u00e8mes techniques.<\/p>\n<p>En \u00e9tudiant la composition interne des objets et des syst\u00e8mes techniques, les \u00e9l\u00e8ves explorent et \u00e9tudient les composants et les solutions techniques qui constituent les cha\u00eenes d\u2019\u00e9nergie et d\u2019information. Les flux d\u2019information, d\u2019\u00e9nergie et de mati\u00e8re sont abord\u00e9s et caract\u00e9ris\u00e9s afin de comprendre les \u00e9l\u00e9ments qui les constituent. Les \u00e9l\u00e8ves analysent les donn\u00e9es, compl\u00e8tent et testent un programme pour modifier une fonctionnalit\u00e9 d\u2019un objet ou d\u2019un syst\u00e8me technique. L\u2019\u00e9tude d\u2019un syst\u00e8me et de ses donn\u00e9es n\u00e9cessite d\u2019aborder l\u2019architecture de r\u00e9seaux locaux. Apr\u00e8s avoir identifi\u00e9 un dysfonctionnement, les \u00e9l\u00e8ves d\u00e9finissent un protocole de r\u00e9paration et le mettent en \u0153uvre.<\/p>\n<p>L\u2019accent est mis sur la relation entre les besoins, les fonctions, les solutions dans la continuit\u00e9 de la d\u00e9marche engag\u00e9e en 5e en r\u00e9investissant les comp\u00e9tences et les connaissances des \u00e9l\u00e8ves. Dans cette partie du cycle, ils identifient et r\u00e9solvent un probl\u00e8me portant sur un objet ou un syst\u00e8me technique existant. Ils doivent \u00eatre en mesure d\u2019ajouter une fonctionnalit\u00e9 en respectant les sp\u00e9cifications attendues par une approche Mat\u00e9riaux, \u00c9nergies, Information en prenant conscience de ses effets sur l\u2019environnement.<\/p>\n","protected":false},"excerpt":{"rendered":"<p>En classe de 4e, dans le prolongement et la continuit\u00e9 des activit\u00e9s pratiques d\u00e9couvertes en 5e, il s\u2019agit d\u2019approfondir ces<\/p>\n","protected":false},"author":322,"featured_media":0,"parent":279,"menu_order":2,"comment_status":"closed","ping_status":"closed","template":"","meta":{"colormag_page_container_layout":"no_sidebar_full_width","colormag_page_sidebar_layout":"no_sidebar","ngg_post_thumbnail":0,"footnotes":""},"class_list":["post-1086","page","type-page","status-publish","hentry"],"rttpg_featured_image_url":null,"rttpg_author":{"display_name":"sii","author_link":"https:\/\/www.pedagogie.ac-nice.fr\/sii\/author\/sii\/"},"rttpg_comment":0,"rttpg_category":null,"rttpg_excerpt":"En classe de 4e, dans le prolongement et la continuit\u00e9 des activit\u00e9s pratiques d\u00e9couvertes en 5e, il s\u2019agit d\u2019approfondir ces","post_mailing_queue_ids":[],"_links":{"self":[{"href":"https:\/\/www.pedagogie.ac-nice.fr\/sii\/wp-json\/wp\/v2\/pages\/1086","targetHints":{"allow":["GET"]}}],"collection":[{"href":"https:\/\/www.pedagogie.ac-nice.fr\/sii\/wp-json\/wp\/v2\/pages"}],"about":[{"href":"https:\/\/www.pedagogie.ac-nice.fr\/sii\/wp-json\/wp\/v2\/types\/page"}],"author":[{"embeddable":true,"href":"https:\/\/www.pedagogie.ac-nice.fr\/sii\/wp-json\/wp\/v2\/users\/322"}],"replies":[{"embeddable":true,"href":"https:\/\/www.pedagogie.ac-nice.fr\/sii\/wp-json\/wp\/v2\/comments?post=1086"}],"version-history":[{"count":7,"href":"https:\/\/www.pedagogie.ac-nice.fr\/sii\/wp-json\/wp\/v2\/pages\/1086\/revisions"}],"predecessor-version":[{"id":1143,"href":"https:\/\/www.pedagogie.ac-nice.fr\/sii\/wp-json\/wp\/v2\/pages\/1086\/revisions\/1143"}],"up":[{"embeddable":true,"href":"https:\/\/www.pedagogie.ac-nice.fr\/sii\/wp-json\/wp\/v2\/pages\/279"}],"wp:attachment":[{"href":"https:\/\/www.pedagogie.ac-nice.fr\/sii\/wp-json\/wp\/v2\/media?parent=1086"}],"curies":[{"name":"wp","href":"https:\/\/api.w.org\/{rel}","templated":true}]}}