{"id":297,"date":"2022-07-01T18:01:16","date_gmt":"2022-07-01T16:01:16","guid":{"rendered":"https:\/\/www.pedagogie.ac-nice.fr\/sii\/?page_id=297"},"modified":"2025-11-05T16:21:18","modified_gmt":"2025-11-05T15:21:18","slug":"defi-la-ligue-robotique","status":"publish","type":"page","link":"https:\/\/www.pedagogie.ac-nice.fr\/sii\/innover\/les-concours\/defi-la-ligue-robotique\/","title":{"rendered":"La ligue robotique"},"content":{"rendered":"<p><img loading=\"lazy\" decoding=\"async\" class=\"alignleft wp-image-660\" src=\"https:\/\/www.pedagogie.ac-nice.fr\/technologie\/wp-content\/uploads\/sites\/4\/2020\/05\/Simulateur_thymio_LR.png\" alt=\"\" width=\"317\" height=\"224\"><span style=\"color: #000000;\">La finalit\u00e9 de ce d\u00e9fi est d&rsquo;ordre p\u00e9dagogique. Si l&rsquo;esprit de comp\u00e9tition peut \u00eatre utilis\u00e9 comme levier de motivation, il n&rsquo;est absolument pas une fin en soi. Il s&rsquo;agit de donner le go\u00fbt de l&rsquo;ing\u00e9nierie aux \u00e9l\u00e8ves et de leur faire acqu\u00e9rir les comp\u00e9tences du XXI\u00e8me si\u00e8cle : la r\u00e9solution de probl\u00e8me, la cr\u00e9ativit\u00e9, la collaboration, l&rsquo;esprit critique.<\/span><\/p>\n<ul>\n<li><a href=\"https:\/\/www.pedagogie.ac-nice.fr\/sii\/wp-content\/uploads\/sites\/55\/2025\/11\/Reglement-2025-2026.pdf\"><span style=\"color: #ff0000;\">R\u00e8glement 2025\/2026<\/span><\/a><\/li>\n<li><span style=\"color: #ff0000;\"><a style=\"color: #ff0000;\" href=\"https:\/\/www.pedagogie.ac-nice.fr\/technologie\/wp-content\/uploads\/sites\/4\/2020\/11\/Ligue_robotique_2020-2021_plateau.pdf\" target=\"_blank\" rel=\"noopener noreferrer\">Fichier du plateau<\/a><\/span><\/li>\n<li><span style=\"color: #ff0000;\"><a style=\"color: #ff0000;\" href=\"https:\/\/www.pedagogie.ac-nice.fr\/sii\/wp-content\/uploads\/sites\/55\/2023\/10\/cylindre6x7.zip\">Cylindre \u00e0 imprimer<\/a><\/span><\/li>\n<\/ul>\n<p>&nbsp;<\/p>\n<p>&nbsp;<\/p>\n<h1>Informations et Inscription via le formulaire de contact ci-dessous<\/h1>\n<p>&nbsp;<\/p>\n<p>[contact-form-7 id=\u00a0\u00bb566&Prime; title=\u00a0\u00bbLigue Robotique\u00a0\u00bb]<\/p>\n","protected":false},"excerpt":{"rendered":"<p>La finalit\u00e9 de ce d\u00e9fi est d&rsquo;ordre p\u00e9dagogique. Si l&rsquo;esprit de comp\u00e9tition peut \u00eatre utilis\u00e9 comme levier de motivation, il<\/p>\n","protected":false},"author":322,"featured_media":1326,"parent":503,"menu_order":0,"comment_status":"closed","ping_status":"closed","template":"","meta":{"colormag_page_container_layout":"default_layout","colormag_page_sidebar_layout":"default_layout","ngg_post_thumbnail":0,"footnotes":""},"class_list":["post-297","page","type-page","status-publish","has-post-thumbnail","hentry"],"rttpg_featured_image_url":{"full":["https:\/\/www.pedagogie.ac-nice.fr\/sii\/wp-content\/uploads\/sites\/55\/2024\/09\/Mbot.jpg",231,218,false],"landscape":["https:\/\/www.pedagogie.ac-nice.fr\/sii\/wp-content\/uploads\/sites\/55\/2024\/09\/Mbot.jpg",231,218,false],"portraits":["https:\/\/www.pedagogie.ac-nice.fr\/sii\/wp-content\/uploads\/sites\/55\/2024\/09\/Mbot.jpg",231,218,false],"thumbnail":["https:\/\/www.pedagogie.ac-nice.fr\/sii\/wp-content\/uploads\/sites\/55\/2024\/09\/Mbot-150x150.jpg",150,150,true],"medium":["https:\/\/www.pedagogie.ac-nice.fr\/sii\/wp-content\/uploads\/sites\/55\/2024\/09\/Mbot.jpg",231,218,false],"large":["https:\/\/www.pedagogie.ac-nice.fr\/sii\/wp-content\/uploads\/sites\/55\/2024\/09\/Mbot.jpg",231,218,false],"1536x1536":["https:\/\/www.pedagogie.ac-nice.fr\/sii\/wp-content\/uploads\/sites\/55\/2024\/09\/Mbot.jpg",231,218,false],"2048x2048":["https:\/\/www.pedagogie.ac-nice.fr\/sii\/wp-content\/uploads\/sites\/55\/2024\/09\/Mbot.jpg",231,218,false],"colormag-highlighted-post":["https:\/\/www.pedagogie.ac-nice.fr\/sii\/wp-content\/uploads\/sites\/55\/2024\/09\/Mbot.jpg",231,218,false],"colormag-featured-post-medium":["https:\/\/www.pedagogie.ac-nice.fr\/sii\/wp-content\/uploads\/sites\/55\/2024\/09\/Mbot-231x205.jpg",231,205,true],"colormag-featured-post-small":["https:\/\/www.pedagogie.ac-nice.fr\/sii\/wp-content\/uploads\/sites\/55\/2024\/09\/Mbot-130x90.jpg",130,90,true],"colormag-featured-image":["https:\/\/www.pedagogie.ac-nice.fr\/sii\/wp-content\/uploads\/sites\/55\/2024\/09\/Mbot.jpg",231,218,false],"colormag-default-news":["https:\/\/www.pedagogie.ac-nice.fr\/sii\/wp-content\/uploads\/sites\/55\/2024\/09\/Mbot-150x150.jpg",150,150,true],"colormag-featured-image-large":["https:\/\/www.pedagogie.ac-nice.fr\/sii\/wp-content\/uploads\/sites\/55\/2024\/09\/Mbot.jpg",231,218,false],"advps-thumb-one":["https:\/\/www.pedagogie.ac-nice.fr\/sii\/wp-content\/uploads\/sites\/55\/2024\/09\/Mbot.jpg",231,218,false]},"rttpg_author":{"display_name":"sii","author_link":"https:\/\/www.pedagogie.ac-nice.fr\/sii\/author\/sii\/"},"rttpg_comment":0,"rttpg_category":null,"rttpg_excerpt":"La finalit\u00e9 de ce d\u00e9fi est d&rsquo;ordre p\u00e9dagogique. Si l&rsquo;esprit de comp\u00e9tition peut \u00eatre utilis\u00e9 comme levier de motivation, il","post_mailing_queue_ids":[],"_links":{"self":[{"href":"https:\/\/www.pedagogie.ac-nice.fr\/sii\/wp-json\/wp\/v2\/pages\/297","targetHints":{"allow":["GET"]}}],"collection":[{"href":"https:\/\/www.pedagogie.ac-nice.fr\/sii\/wp-json\/wp\/v2\/pages"}],"about":[{"href":"https:\/\/www.pedagogie.ac-nice.fr\/sii\/wp-json\/wp\/v2\/types\/page"}],"author":[{"embeddable":true,"href":"https:\/\/www.pedagogie.ac-nice.fr\/sii\/wp-json\/wp\/v2\/users\/322"}],"replies":[{"embeddable":true,"href":"https:\/\/www.pedagogie.ac-nice.fr\/sii\/wp-json\/wp\/v2\/comments?post=297"}],"version-history":[{"count":27,"href":"https:\/\/www.pedagogie.ac-nice.fr\/sii\/wp-json\/wp\/v2\/pages\/297\/revisions"}],"predecessor-version":[{"id":1499,"href":"https:\/\/www.pedagogie.ac-nice.fr\/sii\/wp-json\/wp\/v2\/pages\/297\/revisions\/1499"}],"up":[{"embeddable":true,"href":"https:\/\/www.pedagogie.ac-nice.fr\/sii\/wp-json\/wp\/v2\/pages\/503"}],"wp:featuredmedia":[{"embeddable":true,"href":"https:\/\/www.pedagogie.ac-nice.fr\/sii\/wp-json\/wp\/v2\/media\/1326"}],"wp:attachment":[{"href":"https:\/\/www.pedagogie.ac-nice.fr\/sii\/wp-json\/wp\/v2\/media?parent=297"}],"curies":[{"name":"wp","href":"https:\/\/api.w.org\/{rel}","templated":true}]}}