{"id":48,"date":"2022-03-29T08:17:11","date_gmt":"2022-03-29T06:17:11","guid":{"rendered":"https:\/\/www.pedagogie.ac-nice.fr\/sii\/?page_id=48"},"modified":"2024-09-17T18:25:05","modified_gmt":"2024-09-17T16:25:05","slug":"accompagner","status":"publish","type":"page","link":"https:\/\/www.pedagogie.ac-nice.fr\/sii\/accompagner\/","title":{"rendered":"Accompagner"},"content":{"rendered":"<style type='text\/css' media='all'>#rt-tpg-container-4094671059 .rt-holder .rt-woo-info .price{color:#207daf;}body .rt-tpg-container .rt-tpg-isotope-buttons .selected,\n\t\t\t\t\t#rt-tpg-container-4094671059 .layout12 .rt-holder:hover .rt-detail,\n\t\t\t\t\t#rt-tpg-container-4094671059 .isotope8 .rt-holder:hover .rt-detail,\n\t\t\t\t\t#rt-tpg-container-4094671059 .carousel8 .rt-holder:hover .rt-detail,\n\t\t\t\t\t#rt-tpg-container-4094671059 .layout13 .rt-holder .overlay .post-info,\n\t\t\t\t\t#rt-tpg-container-4094671059 .isotope9 .rt-holder .overlay .post-info,\n\t\t\t\t\t#rt-tpg-container-4094671059.rt-tpg-container .layout4 .rt-holder .rt-detail,\n\t\t\t\t\t.rt-modal-4094671059 .md-content,\n\t\t\t\t\t.rt-modal-4094671059 .md-content > .rt-md-content-holder .rt-md-content,\n\t\t\t\t\t.rt-popup-wrap-4094671059.rt-popup-wrap .rt-popup-navigation-wrap,\n\t\t\t\t\t#rt-tpg-container-4094671059 .carousel9 .rt-holder .overlay .post-info{background-color:#207daf;}#rt-tpg-container-4094671059 .layout5 .rt-holder .overlay, #rt-tpg-container-4094671059 .isotope2 .rt-holder .overlay, #rt-tpg-container-4094671059 .carousel2 .rt-holder .overlay,#rt-tpg-container-4094671059 .layout15 .rt-holder h3, #rt-tpg-container-4094671059 .isotope11 .rt-holder h3, #rt-tpg-container-4094671059 .carousel11 .rt-holder h3, #rt-tpg-container-4094671059 .layout16 .rt-holder h3,\n\t\t\t\t\t#rt-tpg-container-4094671059 .isotope12 .rt-holder h3, #rt-tpg-container-4094671059 .carousel12 .rt-holder h3 {background-color:rgba(32,125,175,0.8);}#rt-tpg-container-4094671059 .read-more a{border-radius:px;}#rt-tpg-container-4094671059 .rt-img-holder img.rt-img-responsive,#rt-tpg-container-4094671059 .rt-img-holder,\n\t\t\t\t\t#rt-tpg-container-4094671059 .rt-post-overlay .post-img,\n\t\t\t\t\t#rt-tpg-container-4094671059 .post-sm .post-img,\n\t\t\t\t\t#rt-tpg-container-4094671059 .rt-post-grid .post-img,\n\t\t\t\t\t#rt-tpg-container-4094671059 .post-img img {border-radius:px;}<\/style><div class='rt-container-fluid rt-tpg-container tpg-shortcode-main-wrapper ' id='rt-tpg-container-4094671059'   data-layout='layout12' data-grid-style='even' data-desktop-col='3'  data-tab-col='2'  data-mobile-col='1' data-sc-id='1281'><div data-title='Loading ...' class='rt-row rt-content-loader   layout12 tpg-even '><div class=\"rt-col-md-4 rt-col-sm-6 rt-col-xs-12 even-grid-item rt-grid-item\" data-id=\"695\"><div class=\"rt-holder\"><div class=\"rt-img-holder\"><a data-id='695' class='' href='https:\/\/www.pedagogie.ac-nice.fr\/sii\/accompagner\/segpa\/' target='_blank'><img loading=\"lazy\" decoding=\"async\" width=\"1680\" height=\"360\" src=\"https:\/\/www.pedagogie.ac-nice.fr\/sii\/wp-content\/uploads\/sites\/55\/2024\/09\/Banniere_Eduscol_1680x360_445b_acc_perso-1.jpg\" class=\"rt-img-responsive \" alt=\"\" \/><\/a><\/div> <div class='rt-detail'><h3 class=\"entry-title\"><a data-id=\"695\" class=\"\" href=\"https:\/\/www.pedagogie.ac-nice.fr\/sii\/accompagner\/segpa\/\" target='_blank'>Les Segpa<\/a><\/h3><div class='post-meta '><span class='read-more'><a data-id='695' class='' href='https:\/\/www.pedagogie.ac-nice.fr\/sii\/accompagner\/segpa\/' target='_blank'>En savoir plus<\/a><\/span><\/div><\/div><\/div><\/div><div class=\"rt-col-md-4 rt-col-sm-6 rt-col-xs-12 even-grid-item rt-grid-item\" data-id=\"633\"><div class=\"rt-holder\"><div class=\"rt-img-holder\"><a data-id='633' class='' href='https:\/\/www.pedagogie.ac-nice.fr\/sii\/accompagner\/les-cordees-de-la-reussite\/' target='_blank'><img loading=\"lazy\" decoding=\"async\" width=\"1680\" height=\"360\" src=\"https:\/\/www.pedagogie.ac-nice.fr\/sii\/wp-content\/uploads\/sites\/55\/2024\/09\/banniere-eduscol-1680x36098-cordees-reussite-jpg-374-14-kb-800.jpg\" class=\"rt-img-responsive \" alt=\"\" \/><\/a><\/div> <div class='rt-detail'><h3 class=\"entry-title\"><a data-id=\"633\" class=\"\" href=\"https:\/\/www.pedagogie.ac-nice.fr\/sii\/accompagner\/les-cordees-de-la-reussite\/\" target='_blank'>Les cord\u00e9es de la r\u00e9ussite<\/a><\/h3><div class='post-meta '><span class='read-more'><a data-id='633' class='' href='https:\/\/www.pedagogie.ac-nice.fr\/sii\/accompagner\/les-cordees-de-la-reussite\/' target='_blank'>En savoir plus<\/a><\/span><\/div><\/div><\/div><\/div><div class=\"rt-col-md-4 rt-col-sm-6 rt-col-xs-12 even-grid-item rt-grid-item\" data-id=\"1158\"><div class=\"rt-holder\"><div class=\"rt-img-holder\"><a data-id='1158' class='' href='https:\/\/www.pedagogie.ac-nice.fr\/sii\/accompagner\/les-competences-psychosociales-cps\/' target='_blank'><img loading=\"lazy\" decoding=\"async\" width=\"1680\" height=\"360\" src=\"https:\/\/www.pedagogie.ac-nice.fr\/sii\/wp-content\/uploads\/sites\/55\/2024\/09\/banniere_eduscol_1680x360_856.jpg\" class=\"rt-img-responsive \" alt=\"\" \/><\/a><\/div> <div class='rt-detail'><h3 class=\"entry-title\"><a data-id=\"1158\" class=\"\" href=\"https:\/\/www.pedagogie.ac-nice.fr\/sii\/accompagner\/les-competences-psychosociales-cps\/\" target='_blank'>Les comp\u00e9tences psychosociales (CPS)<\/a><\/h3><div class='post-meta '><span class='read-more'><a data-id='1158' class='' href='https:\/\/www.pedagogie.ac-nice.fr\/sii\/accompagner\/les-competences-psychosociales-cps\/' target='_blank'>En savoir plus<\/a><\/span><\/div><\/div><\/div><\/div><div class=\"rt-col-md-4 rt-col-sm-6 rt-col-xs-12 even-grid-item rt-grid-item\" data-id=\"293\"><div class=\"rt-holder\"><div class=\"rt-img-holder\"><a data-id='293' class='' href='https:\/\/www.pedagogie.ac-nice.fr\/sii\/accompagner\/pix\/' target='_blank'><img loading=\"lazy\" decoding=\"async\" width=\"1680\" height=\"360\" src=\"https:\/\/www.pedagogie.ac-nice.fr\/sii\/wp-content\/uploads\/sites\/55\/2024\/09\/banniere-eduscol-1680x36033-enseigner-avec-numerique-2-png-674-65-kb-643.png\" class=\"rt-img-responsive \" alt=\"\" \/><\/a><\/div> <div class='rt-detail'><h3 class=\"entry-title\"><a data-id=\"293\" class=\"\" href=\"https:\/\/www.pedagogie.ac-nice.fr\/sii\/accompagner\/pix\/\" target='_blank'>Les comp\u00e9tences num\u00e9riques avec Pix<\/a><\/h3><div class='post-meta '><span class='read-more'><a data-id='293' class='' href='https:\/\/www.pedagogie.ac-nice.fr\/sii\/accompagner\/pix\/' target='_blank'>En savoir plus<\/a><\/span><\/div><\/div><\/div><\/div><div class=\"rt-col-md-4 rt-col-sm-6 rt-col-xs-12 even-grid-item rt-grid-item\" data-id=\"903\"><div class=\"rt-holder\"><div class=\"rt-img-holder\"><a data-id='903' class='' href='https:\/\/www.pedagogie.ac-nice.fr\/sii\/accompagner\/lorientation\/' target='_blank'><img loading=\"lazy\" decoding=\"async\" width=\"1680\" height=\"360\" src=\"https:\/\/www.pedagogie.ac-nice.fr\/sii\/wp-content\/uploads\/sites\/55\/2024\/09\/Banniere_Eduscol_1680x360_414_enfance-outils.jpg\" class=\"rt-img-responsive \" alt=\"\" \/><\/a><\/div> <div class='rt-detail'><h3 class=\"entry-title\"><a data-id=\"903\" class=\"\" href=\"https:\/\/www.pedagogie.ac-nice.fr\/sii\/accompagner\/lorientation\/\" target='_blank'>L&rsquo;Orientation<\/a><\/h3><div class='post-meta '><span class='read-more'><a data-id='903' class='' href='https:\/\/www.pedagogie.ac-nice.fr\/sii\/accompagner\/lorientation\/' target='_blank'>En savoir plus<\/a><\/span><\/div><\/div><\/div><\/div><div class=\"rt-col-md-4 rt-col-sm-6 rt-col-xs-12 even-grid-item rt-grid-item\" data-id=\"686\"><div class=\"rt-holder\"><div class=\"rt-img-holder\"><a data-id='686' class='' href='https:\/\/www.pedagogie.ac-nice.fr\/sii\/accompagner\/les-filles-faites-des-sciences\/' target='_blank'><img loading=\"lazy\" decoding=\"async\" width=\"1680\" height=\"360\" src=\"https:\/\/www.pedagogie.ac-nice.fr\/sii\/wp-content\/uploads\/sites\/55\/2024\/09\/banniere-eduscol-1680x360-225-egalite-racisme-jpg-1755.jpg\" class=\"rt-img-responsive \" alt=\"\" \/><\/a><\/div> <div class='rt-detail'><h3 class=\"entry-title\"><a data-id=\"686\" class=\"\" href=\"https:\/\/www.pedagogie.ac-nice.fr\/sii\/accompagner\/les-filles-faites-des-sciences\/\" target='_blank'>L&rsquo;\u00c9galit\u00e9 filles-gar\u00e7ons<\/a><\/h3><div class='post-meta '><span class='read-more'><a data-id='686' class='' href='https:\/\/www.pedagogie.ac-nice.fr\/sii\/accompagner\/les-filles-faites-des-sciences\/' target='_blank'>En savoir plus<\/a><\/span><\/div><\/div><\/div><\/div><\/div><\/div>\n","protected":false},"excerpt":{"rendered":"","protected":false},"author":322,"featured_media":0,"parent":0,"menu_order":4,"comment_status":"closed","ping_status":"closed","template":"","meta":{"colormag_page_container_layout":"default_layout","colormag_page_sidebar_layout":"default_layout","ngg_post_thumbnail":0,"footnotes":""},"class_list":["post-48","page","type-page","status-publish","hentry"],"rttpg_featured_image_url":null,"rttpg_author":{"display_name":"sii","author_link":"https:\/\/www.pedagogie.ac-nice.fr\/sii\/author\/sii\/"},"rttpg_comment":0,"rttpg_category":null,"rttpg_excerpt":null,"post_mailing_queue_ids":[],"_links":{"self":[{"href":"https:\/\/www.pedagogie.ac-nice.fr\/sii\/wp-json\/wp\/v2\/pages\/48","targetHints":{"allow":["GET"]}}],"collection":[{"href":"https:\/\/www.pedagogie.ac-nice.fr\/sii\/wp-json\/wp\/v2\/pages"}],"about":[{"href":"https:\/\/www.pedagogie.ac-nice.fr\/sii\/wp-json\/wp\/v2\/types\/page"}],"author":[{"embeddable":true,"href":"https:\/\/www.pedagogie.ac-nice.fr\/sii\/wp-json\/wp\/v2\/users\/322"}],"replies":[{"embeddable":true,"href":"https:\/\/www.pedagogie.ac-nice.fr\/sii\/wp-json\/wp\/v2\/comments?post=48"}],"version-history":[{"count":5,"href":"https:\/\/www.pedagogie.ac-nice.fr\/sii\/wp-json\/wp\/v2\/pages\/48\/revisions"}],"predecessor-version":[{"id":1282,"href":"https:\/\/www.pedagogie.ac-nice.fr\/sii\/wp-json\/wp\/v2\/pages\/48\/revisions\/1282"}],"wp:attachment":[{"href":"https:\/\/www.pedagogie.ac-nice.fr\/sii\/wp-json\/wp\/v2\/media?parent=48"}],"curies":[{"name":"wp","href":"https:\/\/api.w.org\/{rel}","templated":true}]}}