{"id":633,"date":"2023-02-17T10:12:54","date_gmt":"2023-02-17T09:12:54","guid":{"rendered":"https:\/\/www.pedagogie.ac-nice.fr\/sii\/?page_id=633"},"modified":"2024-09-22T17:12:05","modified_gmt":"2024-09-22T15:12:05","slug":"les-cordees-de-la-reussite","status":"publish","type":"page","link":"https:\/\/www.pedagogie.ac-nice.fr\/sii\/accompagner\/les-cordees-de-la-reussite\/","title":{"rendered":"Les cord\u00e9es de la r\u00e9ussite"},"content":{"rendered":"<p><img loading=\"lazy\" decoding=\"async\" class=\"shrinkToFit\" src=\"https:\/\/eduscol.education.fr\/sites\/default\/files\/styles\/banner_1680x360\/public\/2020-09\/banniere-eduscol-1680x36098-cordees-reussite-jpg-374-14-kb--800.jpg?itok=rG6m474o\" alt=\"https:\/\/eduscol.education.fr\/sites\/default\/files\/styles\/banner_1680x360\/public\/2020-09\/banniere-eduscol-1680x36098-cordees-reussite-jpg-374-14-kb--800.jpg?itok=rG6m474o\" width=\"1366\" height=\"292\"><\/p>\n<p><img loading=\"lazy\" decoding=\"async\" class=\"aligncenter\" src=\"https:\/\/eduscol.education.fr\/sites\/default\/files\/2022-06\/Cordees-de-la-reussite-logo.png\" alt=\"https:\/\/eduscol.education.fr\/sites\/default\/files\/2022-06\/Cordees-de-la-reussite-logo.png\" width=\"226\" height=\"104\"><\/p>\n<p style=\"text-align: left;\">Les Cord\u00e9es de la r\u00e9ussite <strong>visent \u00e0 faire de l&rsquo;accompagnement \u00e0 l&rsquo;orientation un r\u00e9el levier d&rsquo;\u00e9galit\u00e9 des chances<\/strong>. Destin\u00e9es en priorit\u00e9 aux \u00e9l\u00e8ves scolaris\u00e9s<strong> en \u00e9ducation prioritaire ou en quartiers prioritaires politique de la ville (QPV)<\/strong>, aux coll\u00e9giens et lyc\u00e9ens de <strong>zone rurale et isol\u00e9e et aux lyc\u00e9ens professionnels<\/strong>, elles ont pour objectif de <strong>lutter contre l&rsquo;autocensure, de susciter l&rsquo;ambition scolaire des \u00e9l\u00e8ves par un continuum d&rsquo;accompagnement de la classe de 4<sup>e<\/sup> au lyc\u00e9e et jusqu&rsquo;\u00e0 l&rsquo;enseignement sup\u00e9rieur.<\/strong> Cet accompagnement continu et progressif en amont des choix d&rsquo;orientation est \u00e0 m\u00eame de donner \u00e0 chacun les moyens de sa r\u00e9ussite dans la construction de son parcours, que ce soit vers la poursuite d&rsquo;\u00e9tudes ou l&rsquo;insertion professionnelle.<\/p>\n<table style=\"border-collapse: collapse; width: 100%;\">\n<tbody>\n<tr>\n<td style=\"width: 50%;\"><img loading=\"lazy\" decoding=\"async\" class=\"aligncenter\" src=\"https:\/\/eduscol.education.fr\/sites\/default\/files\/2020-07\/eduscol-logo.jpg\" alt=\"https:\/\/eduscol.education.fr\/sites\/default\/files\/2020-07\/eduscol-logo.jpg\" width=\"274\" height=\"67\"><\/td>\n<td style=\"width: 50%;\"><img loading=\"lazy\" decoding=\"async\" class=\"big-logo aligncenter\" src=\"https:\/\/www.ac-nice.fr\/sites\/ac_nice\/files\/site_logo\/2020-12\/logo-ac-nice-rvb_3.svg\" alt=\"\" width=\"132\" height=\"86\"><\/td>\n<\/tr>\n<tr>\n<td style=\"width: 50%; text-align: center;\"><a href=\"https:\/\/eduscol.education.fr\/809\/les-cordees-de-la-reussite\" target=\"_blank\" rel=\"noopener\">https:\/\/eduscol.education.fr\/809\/les-cordees-de-la-reussite<\/a><\/td>\n<td style=\"width: 50%; text-align: center;\"><a href=\"https:\/\/www.ac-nice.fr\/cordees-de-la-reussite\" target=\"_blank\" rel=\"noopener\">https:\/\/www.ac-nice.fr\/cordees-de-la-reussite<\/a><\/td>\n<\/tr>\n<\/tbody>\n<\/table>\n<hr>\n<p>&nbsp;<\/p>\n","protected":false},"excerpt":{"rendered":"<p>Les Cord\u00e9es de la r\u00e9ussite visent \u00e0 faire de l&rsquo;accompagnement \u00e0 l&rsquo;orientation un r\u00e9el levier d&rsquo;\u00e9galit\u00e9 des chances. Destin\u00e9es en<\/p>\n","protected":false},"author":322,"featured_media":1304,"parent":48,"menu_order":0,"comment_status":"closed","ping_status":"closed","template":"","meta":{"colormag_page_container_layout":"default_layout","colormag_page_sidebar_layout":"default_layout","ngg_post_thumbnail":0,"footnotes":""},"class_list":["post-633","page","type-page","status-publish","has-post-thumbnail","hentry"],"rttpg_featured_image_url":{"full":["https:\/\/www.pedagogie.ac-nice.fr\/sii\/wp-content\/uploads\/sites\/55\/2024\/09\/banniere-eduscol-1680x36098-cordees-reussite-jpg-374-14-kb-800.jpg",1680,360,false],"landscape":["https:\/\/www.pedagogie.ac-nice.fr\/sii\/wp-content\/uploads\/sites\/55\/2024\/09\/banniere-eduscol-1680x36098-cordees-reussite-jpg-374-14-kb-800.jpg",1680,360,false],"portraits":["https:\/\/www.pedagogie.ac-nice.fr\/sii\/wp-content\/uploads\/sites\/55\/2024\/09\/banniere-eduscol-1680x36098-cordees-reussite-jpg-374-14-kb-800.jpg",1680,360,false],"thumbnail":["https:\/\/www.pedagogie.ac-nice.fr\/sii\/wp-content\/uploads\/sites\/55\/2024\/09\/banniere-eduscol-1680x36098-cordees-reussite-jpg-374-14-kb-800-150x150.jpg",150,150,true],"medium":["https:\/\/www.pedagogie.ac-nice.fr\/sii\/wp-content\/uploads\/sites\/55\/2024\/09\/banniere-eduscol-1680x36098-cordees-reussite-jpg-374-14-kb-800-300x64.jpg",300,64,true],"large":["https:\/\/www.pedagogie.ac-nice.fr\/sii\/wp-content\/uploads\/sites\/55\/2024\/09\/banniere-eduscol-1680x36098-cordees-reussite-jpg-374-14-kb-800-1024x219.jpg",800,171,true],"1536x1536":["https:\/\/www.pedagogie.ac-nice.fr\/sii\/wp-content\/uploads\/sites\/55\/2024\/09\/banniere-eduscol-1680x36098-cordees-reussite-jpg-374-14-kb-800-1536x329.jpg",1536,329,true],"2048x2048":["https:\/\/www.pedagogie.ac-nice.fr\/sii\/wp-content\/uploads\/sites\/55\/2024\/09\/banniere-eduscol-1680x36098-cordees-reussite-jpg-374-14-kb-800.jpg",1680,360,false],"colormag-highlighted-post":["https:\/\/www.pedagogie.ac-nice.fr\/sii\/wp-content\/uploads\/sites\/55\/2024\/09\/banniere-eduscol-1680x36098-cordees-reussite-jpg-374-14-kb-800-392x272.jpg",392,272,true],"colormag-featured-post-medium":["https:\/\/www.pedagogie.ac-nice.fr\/sii\/wp-content\/uploads\/sites\/55\/2024\/09\/banniere-eduscol-1680x36098-cordees-reussite-jpg-374-14-kb-800-390x205.jpg",390,205,true],"colormag-featured-post-small":["https:\/\/www.pedagogie.ac-nice.fr\/sii\/wp-content\/uploads\/sites\/55\/2024\/09\/banniere-eduscol-1680x36098-cordees-reussite-jpg-374-14-kb-800-130x90.jpg",130,90,true],"colormag-featured-image":["https:\/\/www.pedagogie.ac-nice.fr\/sii\/wp-content\/uploads\/sites\/55\/2024\/09\/banniere-eduscol-1680x36098-cordees-reussite-jpg-374-14-kb-800-800x360.jpg",800,360,true],"colormag-default-news":["https:\/\/www.pedagogie.ac-nice.fr\/sii\/wp-content\/uploads\/sites\/55\/2024\/09\/banniere-eduscol-1680x36098-cordees-reussite-jpg-374-14-kb-800-150x150.jpg",150,150,true],"colormag-featured-image-large":["https:\/\/www.pedagogie.ac-nice.fr\/sii\/wp-content\/uploads\/sites\/55\/2024\/09\/banniere-eduscol-1680x36098-cordees-reussite-jpg-374-14-kb-800-1400x360.jpg",1400,360,true],"advps-thumb-one":["https:\/\/www.pedagogie.ac-nice.fr\/sii\/wp-content\/uploads\/sites\/55\/2024\/09\/banniere-eduscol-1680x36098-cordees-reussite-jpg-374-14-kb-800-600x220.jpg",600,220,true]},"rttpg_author":{"display_name":"sii","author_link":"https:\/\/www.pedagogie.ac-nice.fr\/sii\/author\/sii\/"},"rttpg_comment":0,"rttpg_category":null,"rttpg_excerpt":"Les Cord\u00e9es de la r\u00e9ussite visent \u00e0 faire de l&rsquo;accompagnement \u00e0 l&rsquo;orientation un r\u00e9el levier d&rsquo;\u00e9galit\u00e9 des chances. Destin\u00e9es en","post_mailing_queue_ids":[],"_links":{"self":[{"href":"https:\/\/www.pedagogie.ac-nice.fr\/sii\/wp-json\/wp\/v2\/pages\/633","targetHints":{"allow":["GET"]}}],"collection":[{"href":"https:\/\/www.pedagogie.ac-nice.fr\/sii\/wp-json\/wp\/v2\/pages"}],"about":[{"href":"https:\/\/www.pedagogie.ac-nice.fr\/sii\/wp-json\/wp\/v2\/types\/page"}],"author":[{"embeddable":true,"href":"https:\/\/www.pedagogie.ac-nice.fr\/sii\/wp-json\/wp\/v2\/users\/322"}],"replies":[{"embeddable":true,"href":"https:\/\/www.pedagogie.ac-nice.fr\/sii\/wp-json\/wp\/v2\/comments?post=633"}],"version-history":[{"count":11,"href":"https:\/\/www.pedagogie.ac-nice.fr\/sii\/wp-json\/wp\/v2\/pages\/633\/revisions"}],"predecessor-version":[{"id":907,"href":"https:\/\/www.pedagogie.ac-nice.fr\/sii\/wp-json\/wp\/v2\/pages\/633\/revisions\/907"}],"up":[{"embeddable":true,"href":"https:\/\/www.pedagogie.ac-nice.fr\/sii\/wp-json\/wp\/v2\/pages\/48"}],"wp:featuredmedia":[{"embeddable":true,"href":"https:\/\/www.pedagogie.ac-nice.fr\/sii\/wp-json\/wp\/v2\/media\/1304"}],"wp:attachment":[{"href":"https:\/\/www.pedagogie.ac-nice.fr\/sii\/wp-json\/wp\/v2\/media?parent=633"}],"curies":[{"name":"wp","href":"https:\/\/api.w.org\/{rel}","templated":true}]}}