{"id":41,"date":"2022-03-29T08:15:59","date_gmt":"2022-03-29T06:15:59","guid":{"rendered":"https:\/\/www.pedagogie.ac-nice.fr\/sii\/?page_id=41"},"modified":"2024-03-06T13:09:24","modified_gmt":"2024-03-06T12:09:24","slug":"collaborer","status":"publish","type":"page","link":"https:\/\/www.pedagogie.ac-nice.fr\/sti-pro\/collaborer\/","title":{"rendered":"Collaborer"},"content":{"rendered":"<table style=\"border-collapse: collapse; width: 100%;\">\n<tbody>\n<tr>\n<td style=\"width: 33.3333%; text-align: center; vertical-align: middle;\"><a href=\"https:\/\/tribu.phm.education.gouv.fr\/\"><img loading=\"lazy\" decoding=\"async\" class=\"alignnone\" src=\"https:\/\/tribu.phm.education.gouv.fr\/foad-charte\/img\/logo-tribu-large.png\" alt=\"Tribu\" width=\"179\" height=\"51\"><\/a><\/p>\n<p class=\"content-title\"><strong>Service des espaces collaboratifs de l&rsquo;\u00c9ducation nationale<\/strong><\/p>\n<p><a href=\"https:\/\/www.pedagogie.ac-nice.fr\/sti-pro\/collaborer\/nos-espaces-academiques-tribu\/\" target=\"_blank\" rel=\"noopener\">Nos espaces Tribu acad\u00e9miques<\/a><\/td>\n<td style=\"width: 33.3333%; text-align: center; vertical-align: middle;\">\n<p style=\"text-align: center;\"><a href=\"https:\/\/apps.education.fr\/\"><img loading=\"lazy\" decoding=\"async\" class=\"jss124 alignnone\" src=\"https:\/\/portail.apps.education.fr\/images\/logos\/laboite\/apps-logo-sansfond.svg\" alt=\"Logo\" width=\"321\" height=\"45\"><\/a><\/p>\n<p style=\"text-align: center;\"><strong>Plateforme de services<\/strong><\/p>\n<p style=\"text-align: center;\">Apps.education.fr est une plateforme d\u00e9velopp\u00e9e au sein de la direction du num\u00e9rique pour l&rsquo;\u00e9ducation pour proposer les outils essentiels du quotidien \u00e0 l&rsquo;ensemble des agents de l&rsquo;\u00c9ducation nationale.<\/p>\n<\/td>\n<\/tr>\n<tr>\n<td style=\"width: 33.3333%; text-align: center; vertical-align: middle;\">&nbsp;<\/td>\n<td style=\"width: 33.3333%; text-align: center; vertical-align: middle;\"><strong><a href=\"https:\/\/www.tchap.gouv.fr\/\"><img loading=\"lazy\" decoding=\"async\" class=\"object-fit__featured-image image-en-tete alignnone\" src=\"https:\/\/www.numerique.gouv.fr\/uploads\/CP_Tchap_une.jpg\" alt=\"\" width=\"173\" height=\"93\"><\/a><\/strong><\/p>\n<p><strong>Salons Tchap<\/strong><\/p>\n<p>La messagerie instantan\u00e9e des agents de l\u2019\u00c9tat<\/td>\n<\/tr>\n<\/tbody>\n<\/table>\n<hr>\n<p>&nbsp;<\/p>\n","protected":false},"excerpt":{"rendered":"<p>Service des espaces collaboratifs de l&rsquo;\u00c9ducation nationale Nos espaces Tribu acad\u00e9miques Plateforme de services Apps.education.fr est une plateforme d\u00e9velopp\u00e9e au<\/p>\n","protected":false},"author":1,"featured_media":0,"parent":0,"menu_order":6,"comment_status":"closed","ping_status":"closed","template":"","meta":{"colormag_page_container_layout":"no_sidebar_full_width","colormag_page_sidebar_layout":"no_sidebar","ngg_post_thumbnail":0,"footnotes":""},"class_list":["post-41","page","type-page","status-publish","hentry"],"rttpg_featured_image_url":null,"rttpg_author":{"display_name":"norco","author_link":"https:\/\/www.pedagogie.ac-nice.fr\/sti-pro\/author\/norco\/"},"rttpg_comment":0,"rttpg_category":null,"rttpg_excerpt":"Service des espaces collaboratifs de l&rsquo;\u00c9ducation nationale Nos espaces Tribu acad\u00e9miques Plateforme de services Apps.education.fr est une plateforme d\u00e9velopp\u00e9e au","post_mailing_queue_ids":[],"_links":{"self":[{"href":"https:\/\/www.pedagogie.ac-nice.fr\/sti-pro\/wp-json\/wp\/v2\/pages\/41","targetHints":{"allow":["GET"]}}],"collection":[{"href":"https:\/\/www.pedagogie.ac-nice.fr\/sti-pro\/wp-json\/wp\/v2\/pages"}],"about":[{"href":"https:\/\/www.pedagogie.ac-nice.fr\/sti-pro\/wp-json\/wp\/v2\/types\/page"}],"author":[{"embeddable":true,"href":"https:\/\/www.pedagogie.ac-nice.fr\/sti-pro\/wp-json\/wp\/v2\/users\/1"}],"replies":[{"embeddable":true,"href":"https:\/\/www.pedagogie.ac-nice.fr\/sti-pro\/wp-json\/wp\/v2\/comments?post=41"}],"version-history":[{"count":2,"href":"https:\/\/www.pedagogie.ac-nice.fr\/sti-pro\/wp-json\/wp\/v2\/pages\/41\/revisions"}],"predecessor-version":[{"id":942,"href":"https:\/\/www.pedagogie.ac-nice.fr\/sti-pro\/wp-json\/wp\/v2\/pages\/41\/revisions\/942"}],"wp:attachment":[{"href":"https:\/\/www.pedagogie.ac-nice.fr\/sti-pro\/wp-json\/wp\/v2\/media?parent=41"}],"curies":[{"name":"wp","href":"https:\/\/api.w.org\/{rel}","templated":true}]}}