{"id":577,"date":"2022-12-04T19:08:25","date_gmt":"2022-12-04T18:08:25","guid":{"rendered":"https:\/\/www.pedagogie.ac-nice.fr\/sii\/?page_id=577"},"modified":"2022-12-04T19:08:25","modified_gmt":"2022-12-04T18:08:25","slug":"feebat","status":"publish","type":"page","link":"https:\/\/www.pedagogie.ac-nice.fr\/sti-pro\/se-former\/feebat\/","title":{"rendered":"FEEBAT"},"content":{"rendered":"<h1><img loading=\"lazy\" decoding=\"async\" class=\"alignleft\" src=\"https:\/\/www.feebat.org\/wp-content\/themes\/web-ui\/static\/logo.png\" alt=\"https:\/\/www.feebat.org\/wp-content\/themes\/web-ui\/static\/logo.png\" width=\"174\" height=\"220\"><\/h1>\n<h1><strong>Les formations pour les enseignants en lyc\u00e9e<\/strong><\/h1>\n<p>FEEBAT construit actuellement un dispositif et des ressources innovantes de formation sur la r\u00e9novation \u00e9nerg\u00e9tique, adapt\u00e9s aux \u00e9l\u00e8ves, apprentis, \u00e9tudiants que vous formez.<\/p>\n<p>D\u00e9couvrez le dispositif en d\u00e9tail <a href=\"https:\/\/drive.google.com\/file\/d\/1J9R0P8nCRHNpxaD_5POz0vtqcd8hqZZT\/view?usp=share_link\" target=\"_blank\" rel=\"noopener\">dans la plaquette de l&rsquo;acad\u00e9mie de Nice<\/a><\/p>\n<p><img loading=\"lazy\" decoding=\"async\" class=\"shrinkToFit\" src=\"https:\/\/www.feebat.org\/wp-content\/uploads\/adipso_img\/formation-initiale-lycee-2880x1020.jpg\" alt=\"https:\/\/www.feebat.org\/wp-content\/uploads\/adipso_img\/formation-initiale-lycee-2880x1020.jpg\" width=\"1366\" height=\"483\"><\/p>\n<p>L\u2019objectif&nbsp;? Assurer un socle de comp\u00e9tences communes et permettre aux futurs professionnels du b\u00e2timent d\u2019int\u00e9grer l\u2019efficacit\u00e9 \u00e9nerg\u00e9tique dans la r\u00e9novation des b\u00e2timents.<\/p>\n<p>Vous avez la charge de la formation d\u2019\u00e9l\u00e8ves, apprentis, \u00e9tudiants des m\u00e9tiers du b\u00e2timent afin qu\u2019ils soient op\u00e9rationnels sur le march\u00e9 du travail&nbsp;? Faites de FEEBAT un nouveau pilier p\u00e9dagogique de vos enseignements sur la r\u00e9novation \u00e9nerg\u00e9tique.<\/p>\n<p style=\"text-align: center\">&nbsp;<\/p>\n<p style=\"text-align: center\">\n<p style=\"text-align: center\">&nbsp;<\/p>\n","protected":false},"excerpt":{"rendered":"<p>Les formations pour les enseignants en lyc\u00e9e FEEBAT construit actuellement un dispositif et des ressources innovantes de formation sur la<\/p>\n","protected":false},"author":1,"featured_media":0,"parent":39,"menu_order":2,"comment_status":"closed","ping_status":"closed","template":"","meta":{"colormag_page_container_layout":"default_layout","colormag_page_sidebar_layout":"default_layout","ngg_post_thumbnail":0,"footnotes":""},"class_list":["post-577","page","type-page","status-publish","hentry"],"rttpg_featured_image_url":null,"rttpg_author":{"display_name":"norco","author_link":"https:\/\/www.pedagogie.ac-nice.fr\/sti-pro\/author\/norco\/"},"rttpg_comment":0,"rttpg_category":null,"rttpg_excerpt":"Les formations pour les enseignants en lyc\u00e9e FEEBAT construit actuellement un dispositif et des ressources innovantes de formation sur la","post_mailing_queue_ids":[],"_links":{"self":[{"href":"https:\/\/www.pedagogie.ac-nice.fr\/sti-pro\/wp-json\/wp\/v2\/pages\/577","targetHints":{"allow":["GET"]}}],"collection":[{"href":"https:\/\/www.pedagogie.ac-nice.fr\/sti-pro\/wp-json\/wp\/v2\/pages"}],"about":[{"href":"https:\/\/www.pedagogie.ac-nice.fr\/sti-pro\/wp-json\/wp\/v2\/types\/page"}],"author":[{"embeddable":true,"href":"https:\/\/www.pedagogie.ac-nice.fr\/sti-pro\/wp-json\/wp\/v2\/users\/1"}],"replies":[{"embeddable":true,"href":"https:\/\/www.pedagogie.ac-nice.fr\/sti-pro\/wp-json\/wp\/v2\/comments?post=577"}],"version-history":[{"count":0,"href":"https:\/\/www.pedagogie.ac-nice.fr\/sti-pro\/wp-json\/wp\/v2\/pages\/577\/revisions"}],"up":[{"embeddable":true,"href":"https:\/\/www.pedagogie.ac-nice.fr\/sti-pro\/wp-json\/wp\/v2\/pages\/39"}],"wp:attachment":[{"href":"https:\/\/www.pedagogie.ac-nice.fr\/sti-pro\/wp-json\/wp\/v2\/media?parent=577"}],"curies":[{"name":"wp","href":"https:\/\/api.w.org\/{rel}","templated":true}]}}