{"id":681,"date":"2023-05-17T14:49:08","date_gmt":"2023-05-17T12:49:08","guid":{"rendered":"https:\/\/www.pedagogie.ac-nice.fr\/sti-pro\/?page_id=681"},"modified":"2023-05-30T14:15:00","modified_gmt":"2023-05-30T12:15:00","slug":"les-metiers-de-la-construction-durable-du-batiment-et-des-travaux-publics","status":"publish","type":"page","link":"https:\/\/www.pedagogie.ac-nice.fr\/sti-pro\/enseigner\/les-metiers-de-la-construction-durable-du-batiment-et-des-travaux-publics\/","title":{"rendered":"Les m\u00e9tiers de la construction durable, du b\u00e2timent et des travaux publics"},"content":{"rendered":"<ul>\n<li>Travaux publics ;<\/li>\n<li>Technicien du b\u00e2timent (organisation et r\u00e9alisation du gros \u0153uvre) ;<\/li>\n<li>Interventions sur le patrimoine b\u00e2ti option A Ma\u00e7onnerie ;<\/li>\n<li>Interventions sur le patrimoine b\u00e2ti, option B Charpente ;<\/li>\n<li>Interventions sur le patrimoine b\u00e2ti, option C Couverture ;<\/li>\n<li>Menuiserie aluminium-verre ;<\/li>\n<li>Am\u00e9nagement et finitions du b\u00e2timent ;<\/li>\n<li>Ouvrages du b\u00e2timent : m\u00e9tallerie.<\/li>\n<\/ul>\n","protected":false},"excerpt":{"rendered":"<p>Travaux publics ; Technicien du b\u00e2timent (organisation et r\u00e9alisation du gros \u0153uvre) ; Interventions sur le patrimoine b\u00e2ti option A<\/p>\n","protected":false},"author":322,"featured_media":0,"parent":37,"menu_order":0,"comment_status":"closed","ping_status":"closed","template":"","meta":{"colormag_page_container_layout":"no_sidebar_full_width","colormag_page_sidebar_layout":"no_sidebar","ngg_post_thumbnail":0,"footnotes":""},"class_list":["post-681","page","type-page","status-publish","hentry"],"rttpg_featured_image_url":null,"rttpg_author":{"display_name":"sii","author_link":"https:\/\/www.pedagogie.ac-nice.fr\/sti-pro\/author\/sii\/"},"rttpg_comment":0,"rttpg_category":null,"rttpg_excerpt":"Travaux publics ; Technicien du b\u00e2timent (organisation et r\u00e9alisation du gros \u0153uvre) ; Interventions sur le patrimoine b\u00e2ti option A","post_mailing_queue_ids":[],"_links":{"self":[{"href":"https:\/\/www.pedagogie.ac-nice.fr\/sti-pro\/wp-json\/wp\/v2\/pages\/681","targetHints":{"allow":["GET"]}}],"collection":[{"href":"https:\/\/www.pedagogie.ac-nice.fr\/sti-pro\/wp-json\/wp\/v2\/pages"}],"about":[{"href":"https:\/\/www.pedagogie.ac-nice.fr\/sti-pro\/wp-json\/wp\/v2\/types\/page"}],"author":[{"embeddable":true,"href":"https:\/\/www.pedagogie.ac-nice.fr\/sti-pro\/wp-json\/wp\/v2\/users\/322"}],"replies":[{"embeddable":true,"href":"https:\/\/www.pedagogie.ac-nice.fr\/sti-pro\/wp-json\/wp\/v2\/comments?post=681"}],"version-history":[{"count":2,"href":"https:\/\/www.pedagogie.ac-nice.fr\/sti-pro\/wp-json\/wp\/v2\/pages\/681\/revisions"}],"predecessor-version":[{"id":725,"href":"https:\/\/www.pedagogie.ac-nice.fr\/sti-pro\/wp-json\/wp\/v2\/pages\/681\/revisions\/725"}],"up":[{"embeddable":true,"href":"https:\/\/www.pedagogie.ac-nice.fr\/sti-pro\/wp-json\/wp\/v2\/pages\/37"}],"wp:attachment":[{"href":"https:\/\/www.pedagogie.ac-nice.fr\/sti-pro\/wp-json\/wp\/v2\/media?parent=681"}],"curies":[{"name":"wp","href":"https:\/\/api.w.org\/{rel}","templated":true}]}}