{"id":690,"date":"2023-05-17T14:52:57","date_gmt":"2023-05-17T12:52:57","guid":{"rendered":"https:\/\/www.pedagogie.ac-nice.fr\/sti-pro\/?page_id=690"},"modified":"2024-10-13T20:29:22","modified_gmt":"2024-10-13T18:29:22","slug":"les-metiers-du-numerique-et-des-transitions-energetiques","status":"publish","type":"page","link":"https:\/\/www.pedagogie.ac-nice.fr\/sti-pro\/enseigner\/les-metiers-du-numerique-et-des-transitions-energetiques\/","title":{"rendered":"Les m\u00e9tiers des transitions num\u00e9rique et \u00e9nerg\u00e9tique"},"content":{"rendered":"<h3><img decoding=\"async\" src=\"https:\/\/www.orientation-regionsud.fr\/Content\/upload\/Focus\/bandeau-numerique.png\" alt=\"https:\/\/www.orientation-regionsud.fr\/Content\/upload\/Focus\/bandeau-numerique.png\"><\/h3>\n\n<table id=\"tablepress-9\" class=\"tablepress tablepress-id-9\">\n<thead>\n<tr class=\"row-1\">\n\t<th class=\"column-1\">Qualification<\/th><th class=\"column-2\">Dipl\u00f4me<\/th><th class=\"column-3\">D\u00e9signation<\/th><th class=\"column-4\">Information<\/th><th class=\"column-5\">Orientation<\/th><th class=\"column-6\">Insertion<\/th><th class=\"column-7\">Admission<\/th>\n<\/tr>\n<\/thead>\n<tbody class=\"row-striping row-hover\">\n<tr class=\"row-2\">\n\t<td class=\"column-1\"><strong>Niveau 6<\/strong><\/td><td class=\"column-2\">Licence Professionnelle<\/td><td class=\"column-3\">Cyberse\u0301curite\u0301 &amp; re\u0301ponse a\u0300 incident pour les syste\u0300mes d\u2019information, industriels &amp; urbains (CRISIS)<\/td><td class=\"column-4\"><a href=\"https:\/\/www.google.com\/url?sa=t&amp;source=web&amp;rct=j&amp;opi=89978449&amp;url=https:\/\/www.cnam-paca.fr\/documents\/fiche-produit-lp-crisis&amp;ved=2ahUKEwi1lLbSjouJAxXyU6QEHZNtBMQQFnoECBQQAQ&amp;usg=AOvVaw1mtLHuECufSThHhEQOeGf5\" rel=\"noopener\" target=\"_blank\">\ud83d\udcf0 CNAM PACA<\/a><\/td><td class=\"column-5\"><\/td><td class=\"column-6\"><\/td><td class=\"column-7\"><\/td>\n<\/tr>\n<tr class=\"row-3\">\n\t<td class=\"column-1\"><strong>Niveau 5<\/strong><\/td><td class=\"column-2\">BTS<\/td><td class=\"column-3\">Cybers\u00e9curit\u00e9, informatique et r\u00e9seaux, \u00e9lectronique option B \u00e9lectronique et r\u00e9seaux (CIEL ER)<\/td><td class=\"column-4\"><\/td><td class=\"column-5\"><a href=\"https:\/\/www.onisep.fr\/ressources\/univers-formation\/formations\/post-bac\/bts-cybersecurite-informatique-et-reseaux-electronique-option-b-electronique-et-reseaux\" rel=\"noopener\" target=\"_blank\">\ud83c\udd7e\ufe0f Onisep<\/a><\/td><td class=\"column-6\"><a href=\"https:\/\/orion.inserjeunes.beta.gouv.fr\/console\/etablissements?filters[codeRegion][0]=93&amp;filters[codeAcademie][0]=23&amp;filters[codeDiplome][0]=320&amp;filters[cfd][0]=32025521&amp;withAnneeCommune=false\" rel=\"noopener\" target=\"_blank\">\ud83c\udf10 Orion<\/a><\/td><td class=\"column-7\"><a href=\"https:\/\/www.parcoursup.gouv.fr\/\" rel=\"noopener\" target=\"_blank\">\ud83d\udc64 Parcoursup<\/a><\/td>\n<\/tr>\n<tr class=\"row-4\">\n\t<td class=\"column-1\"><strong>Niveau 5<\/strong><\/td><td class=\"column-2\">BTS<\/td><td class=\"column-3\">Cybers\u00e9curit\u00e9, informatique et r\u00e9seaux, \u00e9lectronique option A informatique et r\u00e9seaux (CIEL IR)<\/td><td class=\"column-4\"><\/td><td class=\"column-5\"><a href=\"https:\/\/www.onisep.fr\/ressources\/univers-formation\/formations\/post-bac\/bts-cybersecurite-informatique-et-reseaux-electronique-option-a-informatique-et-reseaux\" rel=\"noopener\" target=\"_blank\">\ud83c\udd7e\ufe0f Onisep<\/a><\/td><td class=\"column-6\"><a href=\"https:\/\/orion.inserjeunes.beta.gouv.fr\/console\/etablissements?filters[codeRegion][0]=93&amp;filters[codeAcademie][0]=23&amp;filters[codeDiplome][0]=320&amp;filters[cfd][0]=32020116&amp;withAnneeCommune=false\" rel=\"noopener\" target=\"_blank\">\ud83c\udf10 Orion<\/a><\/td><td class=\"column-7\"><a href=\"https:\/\/www.parcoursup.gouv.fr\/\" rel=\"noopener\" target=\"_blank\">\ud83d\udc64 Parcoursup<\/a><\/td>\n<\/tr>\n<tr class=\"row-5\">\n\t<td class=\"column-1\"><strong>Niveau 5<\/strong><\/td><td class=\"column-2\">BTS<\/td><td class=\"column-3\">Electrotechnique<\/td><td class=\"column-4\"><\/td><td class=\"column-5\"><a href=\"https:\/\/www.onisep.fr\/ressources\/univers-formation\/formations\/post-bac\/bts-electrotechnique\" rel=\"noopener\" target=\"_blank\">\ud83c\udd7e\ufe0f Onisep<\/a><\/td><td class=\"column-6\"><a href=\"https:\/\/orion.inserjeunes.beta.gouv.fr\/console\/etablissements?filters[codeRegion][0]=93&amp;filters[codeAcademie][0]=23&amp;filters[codeDiplome][0]=320&amp;filters[cfd][0]=32025520&amp;withAnneeCommune=false\" rel=\"noopener\" target=\"_blank\">\ud83c\udf10 Orion<\/a><\/td><td class=\"column-7\"><a href=\"https:\/\/www.parcoursup.gouv.fr\/\" rel=\"noopener\" target=\"_blank\">\ud83d\udc64 Parcoursup<\/a><\/td>\n<\/tr>\n<tr class=\"row-6\">\n\t<td class=\"column-1\"><strong>Niveau 5<\/strong><\/td><td class=\"column-2\">BTS<\/td><td class=\"column-3\">Fluides, \u00e9nergies, domotique option A g\u00e9nie climatique et fluidique<\/td><td class=\"column-4\"><\/td><td class=\"column-5\"><a href=\"https:\/\/www.onisep.fr\/ressources\/univers-formation\/formations\/post-bac\/bts-fluides-energies-domotique-option-a-genie-climatique-et-fluidique\" rel=\"noopener\" target=\"_blank\">\ud83c\udd7e\ufe0f Onisep<\/a><\/td><td class=\"column-6\"><a href=\"https:\/\/orion.inserjeunes.beta.gouv.fr\/console\/etablissements?filters[codeRegion][0]=93&amp;filters[codeAcademie][0]=23&amp;filters[codeDiplome][0]=320&amp;filters[cfd][0]=32022709&amp;withAnneeCommune=false\" rel=\"noopener\" target=\"_blank\">\ud83c\udf10 Orion<\/a><\/td><td class=\"column-7\"><a href=\"https:\/\/www.parcoursup.gouv.fr\/\" rel=\"noopener\" target=\"_blank\">\ud83d\udc64 Parcoursup<\/a><\/td>\n<\/tr>\n<tr class=\"row-7\">\n\t<td class=\"column-1\"><strong>Niveau 5<\/strong><\/td><td class=\"column-2\">BTS<\/td><td class=\"column-3\">Fluides, \u00e9nergies, domotique option B froid et conditionnement d'air<\/td><td class=\"column-4\"><\/td><td class=\"column-5\"><a href=\"https:\/\/www.onisep.fr\/ressources\/univers-formation\/formations\/post-bac\/bts-fluides-energies-domotique-option-b-froid-et-conditionnement-d-air\" rel=\"noopener\" target=\"_blank\">\ud83c\udd7e\ufe0f Onisep<\/a><\/td><td class=\"column-6\"><a href=\"https:\/\/orion.inserjeunes.beta.gouv.fr\/console\/etablissements?filters[codeRegion][0]=93&amp;filters[codeAcademie][0]=23&amp;filters[codeDiplome][0]=320&amp;filters[cfd][0]=32022710&amp;withAnneeCommune=false\" rel=\"noopener\" target=\"_blank\">\ud83c\udf10 Orion<\/a><\/td><td class=\"column-7\"><a href=\"https:\/\/www.parcoursup.gouv.fr\/\" rel=\"noopener\" target=\"_blank\">\ud83d\udc64 Parcoursup<\/a><\/td>\n<\/tr>\n<tr class=\"row-8\">\n\t<td class=\"column-1\"><strong>Niveau 5<\/strong><\/td><td class=\"column-2\">BTS<\/td><td class=\"column-3\">Fluides, \u00e9nergies, domotique option C domotique et b\u00e2timents communicants<\/td><td class=\"column-4\"><\/td><td class=\"column-5\"><a href=\"https:\/\/www.onisep.fr\/ressources\/univers-formation\/formations\/post-bac\/bts-fluides-energies-domotique-option-c-domotique-et-batiments-communicants\" rel=\"noopener\" target=\"_blank\">\ud83c\udd7e\ufe0f Onisep<\/a><\/td><td class=\"column-6\"><a href=\"https:\/\/orion.inserjeunes.beta.gouv.fr\/console\/etablissements?filters[codeRegion][0]=93&amp;filters[codeAcademie][0]=23&amp;filters[codeDiplome][0]=320&amp;filters[cfd][0]=32022711&amp;withAnneeCommune=false\" rel=\"noopener\" target=\"_blank\">\ud83c\udf10 Orion<\/a><\/td><td class=\"column-7\"><a href=\"https:\/\/www.parcoursup.gouv.fr\/\" rel=\"noopener\" target=\"_blank\">\ud83d\udc64 Parcoursup<\/a><\/td>\n<\/tr>\n<tr class=\"row-9\">\n\t<td class=\"column-1\"><strong>Niveau 5<\/strong><\/td><td class=\"column-2\">BTS<\/td><td class=\"column-3\">Maintenance des syst\u00e8mes option B syst\u00e8mes \u00e9nerg\u00e9tiques et fluidiques (MS SEF)<\/td><td class=\"column-4\"><\/td><td class=\"column-5\"><a href=\"https:\/\/www.onisep.fr\/ressources\/univers-formation\/formations\/post-bac\/bts-maintenance-des-systemes-option-b-systemes-energetiques-et-fluidiques\" rel=\"noopener\" target=\"_blank\">\ud83c\udd7e\ufe0f Onisep<\/a><\/td><td class=\"column-6\"><\/td><td class=\"column-7\"><a href=\"https:\/\/www.parcoursup.gouv.fr\/\" rel=\"noopener\" target=\"_blank\">\ud83d\udc64 Parcoursup<\/a><\/td>\n<\/tr>\n<tr class=\"row-10\">\n\t<td class=\"column-1\"><strong>Niveau 4<\/strong><\/td><td class=\"column-2\">Bac Pro<\/td><td class=\"column-3\">Cybers\u00e9curit\u00e9, informatique et r\u00e9seaux, \u00e9lectronique (CIEL)<\/td><td class=\"column-4\"><\/td><td class=\"column-5\"><a href=\"https:\/\/www.onisep.fr\/ressources\/univers-formation\/formations\/lycees\/bac-pro-cybersecurite-informatique-et-reseaux-electronique\" rel=\"noopener\" target=\"_blank\">\ud83c\udd7e\ufe0f Onisep<\/a><\/td><td class=\"column-6\"><\/td><td class=\"column-7\"><a href=\"https:\/\/www.ac-nice.fr\/l-orientation-en-3eme-et-l-affectation-en-lycee\" rel=\"noopener\" target=\"_blank\">\ud83d\udc64 Afflenet<\/a><\/td>\n<\/tr>\n<tr class=\"row-11\">\n\t<td class=\"column-1\"><strong>Niveau 4<\/strong><\/td><td class=\"column-2\">Bac Pro<\/td><td class=\"column-3\">M\u00e9tiers de l'\u00e9lectricit\u00e9 et de ses environnements connect\u00e9s (MELEC)<\/td><td class=\"column-4\"><\/td><td class=\"column-5\"><a href=\"https:\/\/www.onisep.fr\/ressources\/univers-formation\/formations\/lycees\/bac-pro-metiers-de-l-electricite-et-de-ses-environnements-connectes\" rel=\"noopener\" target=\"_blank\">\ud83c\udd7e\ufe0f Onisep<\/a><\/td><td class=\"column-6\"><a href=\"https:\/\/orion.inserjeunes.beta.gouv.fr\/console\/etablissements?filters[codeRegion][0]=93&amp;filters[codeAcademie][0]=23&amp;filters[codeDiplome][0]=400&amp;filters[cfdFamille][0]=40020008&amp;filters[cfd][0]=40025510&amp;withAnneeCommune=false\" rel=\"noopener\" target=\"_blank\">\ud83c\udf10 Orion<\/a><\/td><td class=\"column-7\"><a href=\"https:\/\/www.ac-nice.fr\/l-orientation-en-3eme-et-l-affectation-en-lycee\" rel=\"noopener\" target=\"_blank\">\ud83d\udc64 Afflenet<\/a><\/td>\n<\/tr>\n<tr class=\"row-12\">\n\t<td class=\"column-1\"><strong>Niveau 4<\/strong><\/td><td class=\"column-2\">Bac Pro<\/td><td class=\"column-3\">Installateur en chauffage, climatisation et \u00e9nergies renouvelables (ICCER)<\/td><td class=\"column-4\"><\/td><td class=\"column-5\"><a href=\"https:\/\/www.onisep.fr\/ressources\/univers-formation\/formations\/lycees\/bac-pro-installateur-en-chauffage-climatisation-et-energies-renouvelables\" rel=\"noopener\" target=\"_blank\">\ud83c\udd7e\ufe0f Onisep<\/a><\/td><td class=\"column-6\"><a href=\"https:\/\/orion.inserjeunes.beta.gouv.fr\/console\/etablissements?filters[codeRegion][0]=93&amp;filters[codeAcademie][0]=23&amp;filters[codeDiplome][0]=400&amp;filters[cfdFamille][0]=40020008&amp;filters[cfd][0]=40022707&amp;withAnneeCommune=false\" rel=\"noopener\" target=\"_blank\">\ud83c\udf10 Orion<\/a><\/td><td class=\"column-7\"><a href=\"https:\/\/www.ac-nice.fr\/l-orientation-en-3eme-et-l-affectation-en-lycee\" rel=\"noopener\" target=\"_blank\">\ud83d\udc64 Afflenet<\/a><\/td>\n<\/tr>\n<tr class=\"row-13\">\n\t<td class=\"column-1\"><strong>Niveau 4<\/strong><\/td><td class=\"column-2\">Bac Pro<\/td><td class=\"column-3\">M\u00e9tiers du froid et des \u00e9nergies renouvelables (MFER)<\/td><td class=\"column-4\"><\/td><td class=\"column-5\"><a href=\"https:\/\/www.onisep.fr\/ressources\/univers-formation\/formations\/lycees\/bac-pro-metiers-du-froid-et-des-energies-renouvelables\" rel=\"noopener\" target=\"_blank\">\ud83c\udd7e\ufe0f Onisep<\/a><\/td><td class=\"column-6\"><a href=\"https:\/\/orion.inserjeunes.beta.gouv.fr\/console\/etablissements?filters[codeRegion][0]=93&amp;filters[codeAcademie][0]=23&amp;filters[codeDiplome][0]=400&amp;filters[cfdFamille][0]=40020008&amp;filters[cfd][0]=40025517&amp;withAnneeCommune=false\" rel=\"noopener\" target=\"_blank\">\ud83c\udf10 Orion<\/a><\/td><td class=\"column-7\"><a href=\"https:\/\/www.ac-nice.fr\/l-orientation-en-3eme-et-l-affectation-en-lycee\" rel=\"noopener\" target=\"_blank\">\ud83d\udc64 Afflenet<\/a><\/td>\n<\/tr>\n<tr class=\"row-14\">\n\t<td class=\"column-1\"><strong>Niveau 4<\/strong><\/td><td class=\"column-2\">Bac Pro<\/td><td class=\"column-3\">Maintenance et efficacit\u00e9 \u00e9nerg\u00e9tique (MEE)<\/td><td class=\"column-4\"><\/td><td class=\"column-5\"><a href=\"https:\/\/www.onisep.fr\/ressources\/univers-formation\/formations\/lycees\/bac-pro-maintenance-et-efficacite-energetique\" rel=\"noopener\" target=\"_blank\">\ud83c\udd7e\ufe0f Onisep<\/a><\/td><td class=\"column-6\"><a href=\"https:\/\/orion.inserjeunes.beta.gouv.fr\/console\/etablissements?filters[codeRegion][0]=93&amp;filters[codeAcademie][0]=23&amp;filters[codeDiplome][0]=400&amp;filters[cfdFamille][0]=40020008&amp;filters[cfd][0]=40022706&amp;withAnneeCommune=false\" rel=\"noopener\" target=\"_blank\">\ud83c\udf10 Orion<\/a><\/td><td class=\"column-7\"><a href=\"https:\/\/www.ac-nice.fr\/l-orientation-en-3eme-et-l-affectation-en-lycee\" rel=\"noopener\" target=\"_blank\">\ud83d\udc64 Afflenet<\/a><\/td>\n<\/tr>\n<tr class=\"row-15\">\n\t<td class=\"column-1\"><\/td><td class=\"column-2\"><\/td><td class=\"column-3\"><\/td><td class=\"column-4\"><\/td><td class=\"column-5\"><\/td><td class=\"column-6\"><\/td><td class=\"column-7\"><\/td>\n<\/tr>\n<\/tbody>\n<\/table>\n<!-- #tablepress-9 from cache -->\n<hr>\n<h2>Cartographie<\/h2>\n<p><iframe loading=\"lazy\" src=\"\/\/umap.incubateur.anct.gouv.fr\/fr\/map\/famille-nte_779?scaleControl=false&amp;miniMap=false&amp;scrollWheelZoom=false&amp;zoomControl=true&amp;editMode=disabled&amp;moreControl=true&amp;searchControl=null&amp;tilelayersControl=null&amp;embedControl=null&amp;datalayersControl=true&amp;onLoadPanel=none&amp;captionBar=false&amp;captionMenus=true\" width=\"100%\" height=\"500px\" frameborder=\"0\" allowfullscreen=\"allowfullscreen\"><\/iframe><\/p>\n<p><a href=\"\/\/umap.incubateur.anct.gouv.fr\/fr\/map\/famille-nte_779?scaleControl=false&amp;miniMap=false&amp;scrollWheelZoom=true&amp;zoomControl=true&amp;editMode=disabled&amp;moreControl=true&amp;searchControl=null&amp;tilelayersControl=null&amp;embedControl=null&amp;datalayersControl=true&amp;onLoadPanel=none&amp;captionBar=false&amp;captionMenus=true\">Voir en plein \u00e9cran<\/a><\/p>\n","protected":false},"excerpt":{"rendered":"<p>Cartographie Voir en plein \u00e9cran<\/p>\n","protected":false},"author":322,"featured_media":0,"parent":37,"menu_order":0,"comment_status":"closed","ping_status":"closed","template":"","meta":{"colormag_page_container_layout":"no_sidebar_full_width","colormag_page_sidebar_layout":"no_sidebar","ngg_post_thumbnail":0,"footnotes":""},"class_list":["post-690","page","type-page","status-publish","hentry"],"rttpg_featured_image_url":null,"rttpg_author":{"display_name":"sii","author_link":"https:\/\/www.pedagogie.ac-nice.fr\/sti-pro\/author\/sii\/"},"rttpg_comment":0,"rttpg_category":null,"rttpg_excerpt":"Cartographie Voir en plein \u00e9cran","post_mailing_queue_ids":[],"_links":{"self":[{"href":"https:\/\/www.pedagogie.ac-nice.fr\/sti-pro\/wp-json\/wp\/v2\/pages\/690","targetHints":{"allow":["GET"]}}],"collection":[{"href":"https:\/\/www.pedagogie.ac-nice.fr\/sti-pro\/wp-json\/wp\/v2\/pages"}],"about":[{"href":"https:\/\/www.pedagogie.ac-nice.fr\/sti-pro\/wp-json\/wp\/v2\/types\/page"}],"author":[{"embeddable":true,"href":"https:\/\/www.pedagogie.ac-nice.fr\/sti-pro\/wp-json\/wp\/v2\/users\/322"}],"replies":[{"embeddable":true,"href":"https:\/\/www.pedagogie.ac-nice.fr\/sti-pro\/wp-json\/wp\/v2\/comments?post=690"}],"version-history":[{"count":15,"href":"https:\/\/www.pedagogie.ac-nice.fr\/sti-pro\/wp-json\/wp\/v2\/pages\/690\/revisions"}],"predecessor-version":[{"id":1178,"href":"https:\/\/www.pedagogie.ac-nice.fr\/sti-pro\/wp-json\/wp\/v2\/pages\/690\/revisions\/1178"}],"up":[{"embeddable":true,"href":"https:\/\/www.pedagogie.ac-nice.fr\/sti-pro\/wp-json\/wp\/v2\/pages\/37"}],"wp:attachment":[{"href":"https:\/\/www.pedagogie.ac-nice.fr\/sti-pro\/wp-json\/wp\/v2\/media?parent=690"}],"curies":[{"name":"wp","href":"https:\/\/api.w.org\/{rel}","templated":true}]}}