{"id":696,"date":"2023-05-17T14:54:34","date_gmt":"2023-05-17T12:54:34","guid":{"rendered":"https:\/\/www.pedagogie.ac-nice.fr\/sti-pro\/?page_id=696"},"modified":"2023-05-30T14:10:07","modified_gmt":"2023-05-30T12:10:07","slug":"les-metiers-de-lagencement-de-la-menuiserie-et-de-lameublement","status":"publish","type":"page","link":"https:\/\/www.pedagogie.ac-nice.fr\/sti-pro\/enseigner\/les-metiers-de-lagencement-de-la-menuiserie-et-de-lameublement\/","title":{"rendered":"Les m\u00e9tiers de l\u2019agencement, de la menuiserie et de l&rsquo;ameublement"},"content":{"rendered":"<ul>\n<li>Technicien menuisier agenceur ;<\/li>\n<li>Technicien de fabrication bois et mat\u00e9riaux associ\u00e9s ;<\/li>\n<li>\u00c9tude et r\u00e9alisation d\u2019agencement.<\/li>\n<li>Technicien constructeur bois<\/li>\n<\/ul>\n","protected":false},"excerpt":{"rendered":"<p>Technicien menuisier agenceur ; Technicien de fabrication bois et mat\u00e9riaux associ\u00e9s ; \u00c9tude et r\u00e9alisation d\u2019agencement. Technicien constructeur bois<\/p>\n","protected":false},"author":322,"featured_media":0,"parent":37,"menu_order":0,"comment_status":"closed","ping_status":"closed","template":"","meta":{"colormag_page_container_layout":"no_sidebar_full_width","colormag_page_sidebar_layout":"no_sidebar","ngg_post_thumbnail":0,"footnotes":""},"class_list":["post-696","page","type-page","status-publish","hentry"],"rttpg_featured_image_url":null,"rttpg_author":{"display_name":"sii","author_link":"https:\/\/www.pedagogie.ac-nice.fr\/sti-pro\/author\/sii\/"},"rttpg_comment":0,"rttpg_category":null,"rttpg_excerpt":"Technicien menuisier agenceur ; Technicien de fabrication bois et mat\u00e9riaux associ\u00e9s ; \u00c9tude et r\u00e9alisation d\u2019agencement. Technicien constructeur bois","post_mailing_queue_ids":[],"_links":{"self":[{"href":"https:\/\/www.pedagogie.ac-nice.fr\/sti-pro\/wp-json\/wp\/v2\/pages\/696","targetHints":{"allow":["GET"]}}],"collection":[{"href":"https:\/\/www.pedagogie.ac-nice.fr\/sti-pro\/wp-json\/wp\/v2\/pages"}],"about":[{"href":"https:\/\/www.pedagogie.ac-nice.fr\/sti-pro\/wp-json\/wp\/v2\/types\/page"}],"author":[{"embeddable":true,"href":"https:\/\/www.pedagogie.ac-nice.fr\/sti-pro\/wp-json\/wp\/v2\/users\/322"}],"replies":[{"embeddable":true,"href":"https:\/\/www.pedagogie.ac-nice.fr\/sti-pro\/wp-json\/wp\/v2\/comments?post=696"}],"version-history":[{"count":3,"href":"https:\/\/www.pedagogie.ac-nice.fr\/sti-pro\/wp-json\/wp\/v2\/pages\/696\/revisions"}],"predecessor-version":[{"id":716,"href":"https:\/\/www.pedagogie.ac-nice.fr\/sti-pro\/wp-json\/wp\/v2\/pages\/696\/revisions\/716"}],"up":[{"embeddable":true,"href":"https:\/\/www.pedagogie.ac-nice.fr\/sti-pro\/wp-json\/wp\/v2\/pages\/37"}],"wp:attachment":[{"href":"https:\/\/www.pedagogie.ac-nice.fr\/sti-pro\/wp-json\/wp\/v2\/media?parent=696"}],"curies":[{"name":"wp","href":"https:\/\/api.w.org\/{rel}","templated":true}]}}