{"id":898,"date":"2023-12-14T10:17:33","date_gmt":"2023-12-14T09:17:33","guid":{"rendered":"https:\/\/www.pedagogie.ac-nice.fr\/sti-pro\/?page_id=898"},"modified":"2024-12-14T09:53:37","modified_gmt":"2024-12-14T08:53:37","slug":"devenir-enseignant","status":"publish","type":"page","link":"https:\/\/www.pedagogie.ac-nice.fr\/sti-pro\/sinformer\/devenir-enseignant\/","title":{"rendered":"Devenir enseignant en lyc\u00e9e professionnel"},"content":{"rendered":"<p><img loading=\"lazy\" decoding=\"async\" class=\"shrinkToFit\" src=\"https:\/\/www.devenirenseignant.gouv.fr\/sites\/default\/files\/styles\/header_with_crop\/public\/2023-05\/dem-ecritbac18-1440x229px-jpg-6824_0.jpg?h=f961efb7&amp;itok=xP0iKIX6\" alt=\"https:\/\/www.devenirenseignant.gouv.fr\/sites\/default\/files\/styles\/header_with_crop\/public\/2023-05\/dem-ecritbac18-1440x229px-jpg-6824_0.jpg?h=f961efb7&amp;itok=xP0iKIX6\" width=\"1366\" height=\"363\"><\/p>\n<p style=\"text-align: center;\"><a href=\"https:\/\/www.devenirenseignant.gouv.fr\/etre-professeur-en-lycee-professionnel-127\" target=\"_blank\" rel=\"noopener\">devenirenseignant.gouv.fr<\/a><\/p>\n<p>L\u2019\u00c9cole Acad\u00e9mique de la Formation Continue (EAFC) de l&rsquo;acad\u00e9mie de Nice propose aux enseignants contractuels une pr\u00e9paration au CAPLP<\/p>\n<p>Pour la pr\u00e9paration au concours de la <strong>session 2024<\/strong>, les inscriptions seront ouvertes \u00e0 compter du <strong>1er juillet 2023 <\/strong>via <a href=\"https:\/\/www.pedagogie.ac-nice.fr\/sti-pro\/se-former\/eafc\/\">les liens d&rsquo;abonnement<\/a><strong><br \/>\n<\/strong><\/p>\n<hr>\n<h1>Devenir professeur associ\u00e9 au lyc\u00e9e professionnel<\/h1>\n<p>Proposez \u00e0 vos collaborateurs d\u2019intervenir en lyc\u00e9e professionnel en tant que professeurs associ\u00e9s pour promouvoir votre secteur et vos m\u00e9tiers et \u00e9largir les perspectives de vos collaborateurs. Le professeur associ\u00e9 exerce un service \u00e0 temps incomplet. Il est recrut\u00e9 par le rectorat en qualit\u00e9 de contractuel.<\/p>\n<p><a href=\"https:\/\/lesentreprises-sengagent.gouv.fr\/s-engager\/engagement\/je-propose-a-mes-collaborateurs-de-devenir-professeurs-associes\" target=\"_blank\" rel=\"noopener\"><img loading=\"lazy\" decoding=\"async\" class=\"shrinkToFit transparent aligncenter\" src=\"https:\/\/lesentreprises-sengagent.gouv.fr\/_next\/image?url=https%3A%2F%2Fmedia.graphassets.com%2Fresize%3Dfit%3Acrop%2Cheight%3A680%2Cwidth%3A560%2FSPIJIhaXQk6zTqcHfdSf&amp;w=640&amp;q=75\" alt=\"https:\/\/lesentreprises-sengagent.gouv.fr\/_next\/image?url=https%3A%2F%2Fmedia.graphassets.com%2Fresize%3Dfit%3Acrop%2Cheight%3A680%2Cwidth%3A560%2FSPIJIhaXQk6zTqcHfdSf&amp;w=640&amp;q=75\" width=\"305\" height=\"370\"><\/a><a href=\"https:\/\/lesentreprises-sengagent.gouv.fr\/s-engager\/engagement\/je-propose-a-mes-collaborateurs-de-devenir-professeurs-associes\" target=\"_blank\" rel=\"noopener\">https:\/\/lesentreprises-sengagent.gouv.fr\/s-engager\/engagement\/je-propose-a-mes-collaborateurs-de-devenir-professeurs-associes<\/a><\/p>\n<hr>\n<h1 id=\"summary-item-0\" class=\"title\">L&rsquo;acad\u00e9mie recrute &#8211;&nbsp;Rejoignez-nous !<\/h1>\n<p><img loading=\"lazy\" decoding=\"async\" class=\"shrinkToFit\" src=\"https:\/\/www.ac-nice.fr\/sites\/ac_nice\/files\/2024-04\/recrutement2024-l-acad-mie-de-nice-recrute-sur-recrutement-education-gouv-fr-18855.jpg\" alt=\"https:\/\/www.ac-nice.fr\/sites\/ac_nice\/files\/2024-04\/recrutement2024-l-acad-mie-de-nice-recrute-sur-recrutement-education-gouv-fr-18855.jpg\" width=\"1152\" height=\"643\"><\/p>\n<p class=\"title\">Pour pr\u00e9parer la rentr\u00e9e 2024, l&rsquo;acad\u00e9mie de Nice engage d\u00e8s maintenant sa <strong>campagne de recrutement <\/strong>des<strong> personnels contractuels enseignants<\/strong><br \/>\n<a title=\"nouvelle fen\u00eatre\" href=\"https:\/\/recrutement.education.gouv.fr\" target=\"_blank\" rel=\"noopener\"><strong>recrutement.education.gouv.fr<\/strong><\/a><\/p>\n","protected":false},"excerpt":{"rendered":"<p>devenirenseignant.gouv.fr L\u2019\u00c9cole Acad\u00e9mique de la Formation Continue (EAFC) de l&rsquo;acad\u00e9mie de Nice propose aux enseignants contractuels une pr\u00e9paration au CAPLP<\/p>\n","protected":false},"author":322,"featured_media":0,"parent":592,"menu_order":0,"comment_status":"closed","ping_status":"closed","template":"","meta":{"colormag_page_container_layout":"no_sidebar_full_width","colormag_page_sidebar_layout":"no_sidebar","ngg_post_thumbnail":0,"footnotes":""},"class_list":["post-898","page","type-page","status-publish","hentry"],"rttpg_featured_image_url":null,"rttpg_author":{"display_name":"sii","author_link":"https:\/\/www.pedagogie.ac-nice.fr\/sti-pro\/author\/sii\/"},"rttpg_comment":0,"rttpg_category":null,"rttpg_excerpt":"devenirenseignant.gouv.fr L\u2019\u00c9cole Acad\u00e9mique de la Formation Continue (EAFC) de l&rsquo;acad\u00e9mie de Nice propose aux enseignants contractuels une pr\u00e9paration au CAPLP","post_mailing_queue_ids":[],"_links":{"self":[{"href":"https:\/\/www.pedagogie.ac-nice.fr\/sti-pro\/wp-json\/wp\/v2\/pages\/898","targetHints":{"allow":["GET"]}}],"collection":[{"href":"https:\/\/www.pedagogie.ac-nice.fr\/sti-pro\/wp-json\/wp\/v2\/pages"}],"about":[{"href":"https:\/\/www.pedagogie.ac-nice.fr\/sti-pro\/wp-json\/wp\/v2\/types\/page"}],"author":[{"embeddable":true,"href":"https:\/\/www.pedagogie.ac-nice.fr\/sti-pro\/wp-json\/wp\/v2\/users\/322"}],"replies":[{"embeddable":true,"href":"https:\/\/www.pedagogie.ac-nice.fr\/sti-pro\/wp-json\/wp\/v2\/comments?post=898"}],"version-history":[{"count":11,"href":"https:\/\/www.pedagogie.ac-nice.fr\/sti-pro\/wp-json\/wp\/v2\/pages\/898\/revisions"}],"predecessor-version":[{"id":1228,"href":"https:\/\/www.pedagogie.ac-nice.fr\/sti-pro\/wp-json\/wp\/v2\/pages\/898\/revisions\/1228"}],"up":[{"embeddable":true,"href":"https:\/\/www.pedagogie.ac-nice.fr\/sti-pro\/wp-json\/wp\/v2\/pages\/592"}],"wp:attachment":[{"href":"https:\/\/www.pedagogie.ac-nice.fr\/sti-pro\/wp-json\/wp\/v2\/media?parent=898"}],"curies":[{"name":"wp","href":"https:\/\/api.w.org\/{rel}","templated":true}]}}