{"id":1383,"date":"2026-02-06T21:06:12","date_gmt":"2026-02-06T20:06:12","guid":{"rendered":"https:\/\/www.pedagogie.ac-nice.fr\/MIGR-sti-voie-pro\/?page_id=1383"},"modified":"2026-04-02T01:37:10","modified_gmt":"2026-04-01T23:37:10","slug":"lunettes-epson-moverio-bt-45cs","status":"publish","type":"page","link":"https:\/\/www.pedagogie.ac-nice.fr\/sti-voie-pro\/lunettes-epson-moverio-bt-45cs\/","title":{"rendered":"Lunettes EPSON MOVERIO BT-45CS"},"content":{"rendered":"<div>Nombre de vues : 15<\/div>\n<div>\n<hr \/>\n<\/div>\n<div><img loading=\"lazy\" decoding=\"async\" class=\"alignnone size-medium wp-image-1092\" src=\"https:\/\/www.pedagogie.ac-nice.fr\/MIGR-sti-voie-pro\/wp-content\/uploads\/sites\/73\/2026\/01\/ChatGPT-Image-27-janv.-2026-20_35_20-e1769543027564-300x230.png\" alt=\"\" width=\"300\" height=\"230\" srcset=\"https:\/\/www.pedagogie.ac-nice.fr\/sti-voie-pro\/wp-content\/uploads\/sites\/73\/2026\/01\/ChatGPT-Image-27-janv.-2026-20_35_20-e1769543027564-300x230.png 300w, https:\/\/www.pedagogie.ac-nice.fr\/sti-voie-pro\/wp-content\/uploads\/sites\/73\/2026\/01\/ChatGPT-Image-27-janv.-2026-20_35_20-e1769543027564-768x588.png 768w, https:\/\/www.pedagogie.ac-nice.fr\/sti-voie-pro\/wp-content\/uploads\/sites\/73\/2026\/01\/ChatGPT-Image-27-janv.-2026-20_35_20-e1769543027564-645x494.png 645w, https:\/\/www.pedagogie.ac-nice.fr\/sti-voie-pro\/wp-content\/uploads\/sites\/73\/2026\/01\/ChatGPT-Image-27-janv.-2026-20_35_20-e1769543027564.png 886w\" sizes=\"auto, (max-width: 300px) 100vw, 300px\" \/><img loading=\"lazy\" decoding=\"async\" class=\"alignnone size-medium wp-image-659\" src=\"https:\/\/www.pedagogie.ac-nice.fr\/MIGR-sti-voie-pro\/wp-content\/uploads\/sites\/73\/2020\/05\/info_reseau_ciel-removebg-preview-300x200.png\" alt=\"\" width=\"300\" height=\"200\" \/><\/div>\n<div><span style=\"color: #ffffff;\">.<\/span><\/div>\n<div><span style=\"color: #ffffff;\">.<\/span><\/div>\n<div><span style=\"color: #ffffff;\">.<\/span><\/div>\n<div>Le BO-IC400N est reli\u00e9 aux lunettes de r\u00e9alit\u00e9 augment\u00e9e d&rsquo;Epson BT-45CS.\u00a0 Il a un \u00e9cran tactile LCD pour les param\u00e9trages mais aussi pour ex\u00e9cuter l&rsquo;application en action.<\/div>\n<div><span style=\"color: #ffffff;\">.<\/span><\/div>\n<div><\/div>\n<div><a href=\"https:\/\/www.epson.fr\/fr_FR\/produits\/casque-de-r%C3%A9alit%C3%A9-augment%C3%A9e\/lunettes-vid%C3%A9o-transparentes\/moverio-bt-45cs\/p\/36980\" target=\"_blank\" rel=\"noopener\"><img loading=\"lazy\" decoding=\"async\" class=\"alignnone wp-image-1387 size-medium\" src=\"https:\/\/www.pedagogie.ac-nice.fr\/MIGR-sti-voie-pro\/wp-content\/uploads\/sites\/73\/2026\/02\/Moverio-BT45CS-300x227.png\" alt=\"\" width=\"300\" height=\"227\" \/><\/a><\/div>\n<div style=\"text-align: left;\">BO-IC400N\u00a0 \u00a0 \u00a0 \u00a0 \u00a0 MOVERIO BT-45CS<\/div>\n<div><span style=\"color: #ffffff;\">.<\/span><\/div>\n<div><span style=\"color: #ffffff;\">.<\/span><\/div>\n<div><strong>Des exemples visuels ici<\/strong> : <span id=\"OBJ_PREFIX_DWT864_com_zimbra_url\" class=\"Object\" role=\"link\"><span id=\"OBJ_PREFIX_DWT872_com_zimbra_url\" class=\"Object\" role=\"link\"><a href=\"https:\/\/www.linkedin.com\/posts\/gilesbeaumont_augmentedreality-smartglasses-epson-activity-7392590685666922497-clnf?utm_source=share&amp;utm_medium=member_desktop&amp;rcm=ACoAAFvCq1cB1dv9TGKI5tHnLUVYBk-NUaDPlLw\" target=\"_blank\" rel=\"nofollow noopener noreferrer\">https:\/\/www.linkedin.com\/posts\/gilesbeaumont_augmentedreality-smartglasses-epson-activity-7392590685666922497-clnf?utm_source=share&amp;utm_medium=member_desktop&amp;rcm=ACoAAFvCq1cB1dv9TGKI5tHnLUVYBk-NUaDPlLw<\/a><\/span><\/span><\/div>\n<div><span style=\"color: #ffffff;\">.<\/span><\/div>\n<div>Il faut des logiciels sp\u00e9cifiques Epson (<a href=\"https:\/\/tech.moverio.epson.com\/en\/\" target=\"_blank\" rel=\"noopener\">https:\/\/tech.moverio.epson.com\/en\/<\/a>) pour cr\u00e9er ses propres applications ANDROID. Attention diverses mani\u00e8res pour fabriquer son application Android :<\/div>\n<div><span style=\"color: #ffffff;\">.<\/span><\/div>\n<div>1\u00b0) Coder avec Unity \/ Vuforia.<\/div>\n<div>2\u00b0) Utiliser une plateforme \u00ab\u00a0no code\u00a0\u00bb puis adapter aux lunettes : &#8211;&gt; \u00e7a je suis en train de voir ce qui est possible de faire.<\/div>\n<div><span style=\"color: #ffffff;\">.<\/span><\/div>\n<div>A l&rsquo;\u00e9poque, j&rsquo;avais utilis\u00e9 WIKITUDE STUDIO (obsol\u00e8te \u00e0 pr\u00e9sent et c&rsquo;est dommage) pour le \u00ab\u00a0no code\u00a0\u00bb puis transf\u00e8re dans Android Studio pour fabriquer une application.<\/div>\n<div><span style=\"color: #ffffff;\">.<\/span><\/div>\n<div><strong>Voir l&rsquo;article sur le TraAM STI 2018-2020 :<\/strong> <a href=\"https:\/\/www.pedagogie.ac-nice.fr\/sti-voie-pro\/2020\/03\/22\/la-gtl-myhome-legrand-td-avec-realite-augmentee-projet-traam-sti-lp-18-20\/\" target=\"_blank\" rel=\"noopener\">https:\/\/www.pedagogie.ac-nice.fr\/sti-voie-pro\/2020\/03\/22\/la-gtl-myhome-legrand-td-avec-realite-augmentee-projet-traam-sti-lp-18-20\/<\/a><\/div>\n<div><span style=\"color: #ffffff;\">.<\/span><\/div>\n<div>Il faudra donc fabriquer un fichier .apk pour le d\u00e9poser ensuite dans la m\u00e9moire du BO-IC400N puis ex\u00e9cuter le programme (en tout cas c&rsquo;est ce que je faisais sur l&rsquo;ancien mod\u00e8le BT350).<\/div>\n<div><span style=\"color: #ffffff;\">.<\/span><\/div>\n<div>Attention, il faudra une cl\u00e9 \u00ab\u00a0API\u00a0\u00bb pour Vuforia.<\/div>\n<div><span style=\"color: #ffffff;\">.<\/span><\/div>\n<div>En BTS CIEL, le codage d&rsquo;applications Android, peut \u00eatre un tr\u00e8s bon projet.<\/div>\n<div><span style=\"color: #ffffff;\">.<\/span><\/div>\n<div>Voici un article qui parle d&rsquo;une construction d&rsquo;application de d\u00e9monstration, le stockage Github est donn\u00e9.<\/div>\n<div><span style=\"color: #ffffff;\">.<\/span><\/div>\n<div><strong>Projet ici :<\/strong><\/div>\n<div><span id=\"OBJ_PREFIX_DWT866_com_zimbra_url\" class=\"Object\" role=\"link\"><span id=\"OBJ_PREFIX_DWT874_com_zimbra_url\" class=\"Object\" role=\"link\"><a href=\"https:\/\/www.linkedin.com\/posts\/gilesbeaumont_github-beaumondomoverioarworkflow-the-activity-7341769952430878720-rMhQ?utm_source=share&amp;utm_medium=member_desktop&amp;rcm=ACoAAFvCq1cB1dv9TGKI5tHnLUVYBk-NUaDPlLw\" target=\"_blank\" rel=\"nofollow noopener noreferrer\">https:\/\/www.linkedin.com\/posts\/gilesbeaumont_github-beaumondomoverioarworkflow-the-activity-7341769952430878720-rMhQ?utm_source=share&amp;utm_medium=member_desktop&amp;rcm=ACoAAFvCq1cB1dv9TGKI5tHnLUVYBk-NUaDPlLw<\/a><\/span><\/span><\/div>\n<div><span style=\"color: #ffffff;\">.<\/span><\/div>\n<div>Tout \u00e7a est assez technique et c&rsquo;est plut\u00f4t un projet annuel pour des BTS CIEL ou autres.<\/div>\n<div><span style=\"color: #ffffff;\">.<\/span><\/div>\n<div>C&rsquo;est diff\u00e9rent de la VR si on cr\u00e9\u00e9 une application sp\u00e9cifique \u00e0 un objet technique.<\/div>\n<div><span style=\"color: #ffffff;\">.<\/span><\/div>\n<div>Sinon on peux faire de la r\u00e9alit\u00e9 augment\u00e9e sans cr\u00e9er d&rsquo;application mais il faudra \u00eatre connect\u00e9 en wifi \u00e0 une plateforme de r\u00e9alit\u00e9 augment\u00e9e.<\/div>\n<div><span style=\"color: #ffffff;\">.<\/span><\/div>\n<div><span style=\"color: #ffffff;\">.<\/span><\/div>\n<div>A suivre&#8230;<\/div>\n<div><a href=\"https:\/\/www.linkedin.com\/posts\/activity-7425686657879932930-lFaz?utm_source=share&amp;utm_medium=member_desktop&amp;rcm=ACoAAFvCq1cB1dv9TGKI5tHnLUVYBk-NUaDPlLw\" target=\"_blank\" rel=\"noopener\"><img loading=\"lazy\" decoding=\"async\" class=\"alignnone wp-image-1485\" src=\"https:\/\/www.pedagogie.ac-nice.fr\/MIGR-sti-voie-pro\/wp-content\/uploads\/sites\/73\/2026\/02\/logo-linkedin.png\" alt=\"\" width=\"90\" height=\"90\" srcset=\"https:\/\/www.pedagogie.ac-nice.fr\/sti-voie-pro\/wp-content\/uploads\/sites\/73\/2026\/02\/logo-linkedin.png 256w, https:\/\/www.pedagogie.ac-nice.fr\/sti-voie-pro\/wp-content\/uploads\/sites\/73\/2026\/02\/logo-linkedin-150x150.png 150w\" sizes=\"auto, (max-width: 90px) 100vw, 90px\" \/><\/a><\/div>\n<div><span style=\"color: #ffffff;\">.<\/span><\/div>\n<div><span style=\"color: #ffffff;\">.<\/span><\/div>\n<div>Cordialement,<\/div>\n<div><span style=\"color: #ffffff;\">.<\/span><\/div>\n<div>M. FERRERO Franck, Correspondant au Num\u00e9rique en STI de la voie Professionnelle.<\/div>\n<div><\/div>\n","protected":false},"excerpt":{"rendered":"<p>Nombre de vues : . . . Le BO-IC400N est reli\u00e9 aux lunettes de r\u00e9alit\u00e9 augment\u00e9e d&rsquo;Epson BT-45CS.\u00a0 Il a un \u00e9cran tactile LCD pour les param\u00e9trages mais aussi pour ex\u00e9cuter l&rsquo;application en action. . BO-IC400N\u00a0 \u00a0 \u00a0 \u00a0 \u00a0 MOVERIO BT-45CS . . Des exemples visuels ici : https:\/\/www.linkedin.com\/posts\/gilesbeaumont_augmentedreality-smartglasses-epson-activity-7392590685666922497-clnf?utm_source=share&amp;utm_medium=member_desktop&amp;rcm=ACoAAFvCq1cB1dv9TGKI5tHnLUVYBk-NUaDPlLw . Il faut des logiciels &hellip; <\/p>\n<p><a class=\"more-link btn\" href=\"https:\/\/www.pedagogie.ac-nice.fr\/sti-voie-pro\/lunettes-epson-moverio-bt-45cs\/\">Lire la suite<\/a><\/p>\n","protected":false},"author":166,"featured_media":0,"parent":0,"menu_order":0,"comment_status":"closed","ping_status":"closed","template":"","meta":{"footnotes":""},"class_list":["post-1383","page","type-page","status-publish","hentry","nodate","item-wrap"],"rttpg_featured_image_url":null,"rttpg_author":{"display_name":"fferrero","author_link":"https:\/\/www.pedagogie.ac-nice.fr\/sti-voie-pro\/author\/fferrero\/"},"rttpg_comment":0,"rttpg_category":null,"rttpg_excerpt":"Nombre de vues : . . . Le BO-IC400N est reli\u00e9 aux lunettes de r\u00e9alit\u00e9 augment\u00e9e d&rsquo;Epson BT-45CS.\u00a0 Il a un \u00e9cran tactile LCD pour les param\u00e9trages mais aussi pour ex\u00e9cuter l&rsquo;application en action. . BO-IC400N\u00a0 \u00a0 \u00a0 \u00a0 \u00a0 MOVERIO BT-45CS . . Des exemples visuels ici : https:\/\/www.linkedin.com\/posts\/gilesbeaumont_augmentedreality-smartglasses-epson-activity-7392590685666922497-clnf?utm_source=share&amp;utm_medium=member_desktop&amp;rcm=ACoAAFvCq1cB1dv9TGKI5tHnLUVYBk-NUaDPlLw . Il faut des logiciels\u2026","post_mailing_queue_ids":[],"_links":{"self":[{"href":"https:\/\/www.pedagogie.ac-nice.fr\/sti-voie-pro\/wp-json\/wp\/v2\/pages\/1383","targetHints":{"allow":["GET"]}}],"collection":[{"href":"https:\/\/www.pedagogie.ac-nice.fr\/sti-voie-pro\/wp-json\/wp\/v2\/pages"}],"about":[{"href":"https:\/\/www.pedagogie.ac-nice.fr\/sti-voie-pro\/wp-json\/wp\/v2\/types\/page"}],"author":[{"embeddable":true,"href":"https:\/\/www.pedagogie.ac-nice.fr\/sti-voie-pro\/wp-json\/wp\/v2\/users\/166"}],"replies":[{"embeddable":true,"href":"https:\/\/www.pedagogie.ac-nice.fr\/sti-voie-pro\/wp-json\/wp\/v2\/comments?post=1383"}],"version-history":[{"count":27,"href":"https:\/\/www.pedagogie.ac-nice.fr\/sti-voie-pro\/wp-json\/wp\/v2\/pages\/1383\/revisions"}],"predecessor-version":[{"id":1737,"href":"https:\/\/www.pedagogie.ac-nice.fr\/sti-voie-pro\/wp-json\/wp\/v2\/pages\/1383\/revisions\/1737"}],"wp:attachment":[{"href":"https:\/\/www.pedagogie.ac-nice.fr\/sti-voie-pro\/wp-json\/wp\/v2\/media?parent=1383"}],"curies":[{"name":"wp","href":"https:\/\/api.w.org\/{rel}","templated":true}]}}