{"id":1488,"date":"2026-02-08T21:44:10","date_gmt":"2026-02-08T20:44:10","guid":{"rendered":"https:\/\/www.pedagogie.ac-nice.fr\/MIGR-sti-voie-pro\/?page_id=1488"},"modified":"2026-04-02T01:35:05","modified_gmt":"2026-04-01T23:35:05","slug":"formations","status":"publish","type":"page","link":"https:\/\/www.pedagogie.ac-nice.fr\/sti-voie-pro\/formations\/","title":{"rendered":"Formations"},"content":{"rendered":"<p><span style=\"font-size: 12pt;\">Nombre de vues : 11<\/span><\/p>\n<hr \/>\n<h1><img loading=\"lazy\" decoding=\"async\" class=\"alignnone wp-image-1581\" src=\"https:\/\/www.pedagogie.ac-nice.fr\/MIGR-sti-voie-pro\/wp-content\/uploads\/sites\/73\/2026\/02\/ChatGPT-Image-9-fevr.-2026-19_01_33-e1770660214258-300x241.png\" alt=\"\" width=\"251\" height=\"201\" srcset=\"https:\/\/www.pedagogie.ac-nice.fr\/sti-voie-pro\/wp-content\/uploads\/sites\/73\/2026\/02\/ChatGPT-Image-9-fevr.-2026-19_01_33-e1770660214258-300x241.png 300w, https:\/\/www.pedagogie.ac-nice.fr\/sti-voie-pro\/wp-content\/uploads\/sites\/73\/2026\/02\/ChatGPT-Image-9-fevr.-2026-19_01_33-e1770660214258-768x616.png 768w, https:\/\/www.pedagogie.ac-nice.fr\/sti-voie-pro\/wp-content\/uploads\/sites\/73\/2026\/02\/ChatGPT-Image-9-fevr.-2026-19_01_33-e1770660214258-645x517.png 645w, https:\/\/www.pedagogie.ac-nice.fr\/sti-voie-pro\/wp-content\/uploads\/sites\/73\/2026\/02\/ChatGPT-Image-9-fevr.-2026-19_01_33-e1770660214258.png 970w\" sizes=\"auto, (max-width: 251px) 100vw, 251px\" \/><\/h1>\n<h1 style=\"text-align: center;\">Voici les formations dispens\u00e9es par la DRANE PACA et lors de missions :<\/h1>\n<p><span style=\"font-size: 18pt;\"><img loading=\"lazy\" decoding=\"async\" class=\"alignnone wp-image-540\" src=\"https:\/\/www.pedagogie.ac-nice.fr\/MIGR-sti-voie-pro\/wp-content\/uploads\/sites\/73\/2026\/01\/dranepaca_400x400-removebg-preview-300x300.png\" alt=\"\" width=\"233\" height=\"233\" srcset=\"https:\/\/www.pedagogie.ac-nice.fr\/sti-voie-pro\/wp-content\/uploads\/sites\/73\/2026\/01\/dranepaca_400x400-removebg-preview-300x300.png 300w, https:\/\/www.pedagogie.ac-nice.fr\/sti-voie-pro\/wp-content\/uploads\/sites\/73\/2026\/01\/dranepaca_400x400-removebg-preview-150x150.png 150w, https:\/\/www.pedagogie.ac-nice.fr\/sti-voie-pro\/wp-content\/uploads\/sites\/73\/2026\/01\/dranepaca_400x400-removebg-preview.png 400w\" sizes=\"auto, (max-width: 233px) 100vw, 233px\" \/><\/span><\/p>\n<h3><a href=\"https:\/\/www.pedagogie.ac-nice.fr\/dane\/s-informer\/programme-academique-de-formation-numerique-educatif-2025-2028\" target=\"_blank\" rel=\"noopener\"><span style=\"font-size: 18pt;\"><span style=\"font-size: 14pt;\"><strong>FORMATIONS DRANE 2025-2028<\/strong><\/span><\/span><\/a><\/h3>\n<hr \/>\n<p><img loading=\"lazy\" decoding=\"async\" class=\"alignnone size-medium wp-image-1504\" src=\"https:\/\/www.pedagogie.ac-nice.fr\/MIGR-sti-voie-pro\/wp-content\/uploads\/sites\/73\/2026\/02\/cannope.png\" alt=\"\" width=\"215\" height=\"55\" \/><\/p>\n<h4><img loading=\"lazy\" decoding=\"async\" class=\"alignnone size-full wp-image-1503\" src=\"https:\/\/www.pedagogie.ac-nice.fr\/MIGR-sti-voie-pro\/wp-content\/uploads\/sites\/73\/2026\/02\/cpro-education.png\" alt=\"\" width=\"198\" height=\"48\" \/><a href=\"https:\/\/www.reseau-canope.fr\/cpro-education\/referentiels\/cpro-education.html\" target=\"_blank\" rel=\"noopener\">\u00a0 <\/a><\/h4>\n<h3><a href=\"https:\/\/www.reseau-canope.fr\/cpro-education\/referentiels\/cpro-education.html\" target=\"_blank\" rel=\"noopener\"><span style=\"font-size: 14pt;\">FORMATIONS SUR LES R\u00c9F\u00c9RENTIELS DE CERTIFICATIONS<\/span><\/a><\/h3>\n<hr \/>\n<p><img loading=\"lazy\" decoding=\"async\" class=\"alignnone size-full wp-image-1505\" src=\"https:\/\/www.pedagogie.ac-nice.fr\/MIGR-sti-voie-pro\/wp-content\/uploads\/sites\/73\/2026\/02\/pronote-removebg-preview.png\" alt=\"\" width=\"200\" height=\"59\" \/><\/p>\n<h3><a href=\"https:\/\/www.pedagogie.ac-nice.fr\/sti-voie-pro\/2026\/02\/08\/formation-pronote\/\"><span style=\"font-size: 14pt;\"><strong>SP\u00c9CIFIQUE A NOS ENSEIGNEMENTS EN STI<\/strong><\/span><\/a><\/h3>\n<hr \/>\n<p>&nbsp;<\/p>\n<p><a href=\"https:\/\/www.pedagogie.ac-nice.fr\/sti-voie-pro\/category\/formations-academiques\/\"><span style=\"font-size: 18pt;\">\ud83c\udfed \ud83d\udcce RETROUVEZ LES TRAVAUX SOUS FORME D&rsquo;ARTICLES DANS LA CAT\u00c9GORIE \u00ab\u00a0FORMATIONS ACAD<\/span><span style=\"font-size: 18pt;\">\u00c9MIQUES\u00a0\u00bb<\/span><\/a><\/p>\n<p>&nbsp;<\/p>\n<p>&nbsp;<\/p>\n","protected":false},"excerpt":{"rendered":"<p>Nombre de vues : Voici les formations dispens\u00e9es par la DRANE PACA et lors de missions : FORMATIONS DRANE 2025-2028 \u00a0 FORMATIONS SUR LES R\u00c9F\u00c9RENTIELS DE CERTIFICATIONS SP\u00c9CIFIQUE A NOS ENSEIGNEMENTS EN STI &nbsp; \ud83c\udfed \ud83d\udcce RETROUVEZ LES TRAVAUX SOUS FORME D&rsquo;ARTICLES DANS LA CAT\u00c9GORIE \u00ab\u00a0FORMATIONS ACAD\u00c9MIQUES\u00a0\u00bb &nbsp; &nbsp;<\/p>\n","protected":false},"author":166,"featured_media":0,"parent":0,"menu_order":0,"comment_status":"closed","ping_status":"closed","template":"","meta":{"footnotes":""},"class_list":["post-1488","page","type-page","status-publish","hentry","nodate","item-wrap"],"rttpg_featured_image_url":null,"rttpg_author":{"display_name":"fferrero","author_link":"https:\/\/www.pedagogie.ac-nice.fr\/sti-voie-pro\/author\/fferrero\/"},"rttpg_comment":0,"rttpg_category":null,"rttpg_excerpt":"Nombre de vues : Voici les formations dispens\u00e9es par la DRANE PACA et lors de missions : FORMATIONS DRANE 2025-2028 \u00a0 FORMATIONS SUR LES R\u00c9F\u00c9RENTIELS DE CERTIFICATIONS SP\u00c9CIFIQUE A NOS ENSEIGNEMENTS EN STI &nbsp; \ud83c\udfed \ud83d\udcce RETROUVEZ LES TRAVAUX SOUS FORME D&rsquo;ARTICLES DANS LA CAT\u00c9GORIE \u00ab\u00a0FORMATIONS ACAD\u00c9MIQUES\u00a0\u00bb &nbsp; &nbsp;","post_mailing_queue_ids":[],"_links":{"self":[{"href":"https:\/\/www.pedagogie.ac-nice.fr\/sti-voie-pro\/wp-json\/wp\/v2\/pages\/1488","targetHints":{"allow":["GET"]}}],"collection":[{"href":"https:\/\/www.pedagogie.ac-nice.fr\/sti-voie-pro\/wp-json\/wp\/v2\/pages"}],"about":[{"href":"https:\/\/www.pedagogie.ac-nice.fr\/sti-voie-pro\/wp-json\/wp\/v2\/types\/page"}],"author":[{"embeddable":true,"href":"https:\/\/www.pedagogie.ac-nice.fr\/sti-voie-pro\/wp-json\/wp\/v2\/users\/166"}],"replies":[{"embeddable":true,"href":"https:\/\/www.pedagogie.ac-nice.fr\/sti-voie-pro\/wp-json\/wp\/v2\/comments?post=1488"}],"version-history":[{"count":19,"href":"https:\/\/www.pedagogie.ac-nice.fr\/sti-voie-pro\/wp-json\/wp\/v2\/pages\/1488\/revisions"}],"predecessor-version":[{"id":1732,"href":"https:\/\/www.pedagogie.ac-nice.fr\/sti-voie-pro\/wp-json\/wp\/v2\/pages\/1488\/revisions\/1732"}],"wp:attachment":[{"href":"https:\/\/www.pedagogie.ac-nice.fr\/sti-voie-pro\/wp-json\/wp\/v2\/media?parent=1488"}],"curies":[{"name":"wp","href":"https:\/\/api.w.org\/{rel}","templated":true}]}}