{"id":1571,"date":"2026-02-09T18:36:30","date_gmt":"2026-02-09T17:36:30","guid":{"rendered":"https:\/\/www.pedagogie.ac-nice.fr\/MIGR-sti-voie-pro\/?page_id=1571"},"modified":"2026-04-02T01:36:22","modified_gmt":"2026-04-01T23:36:22","slug":"formations-sur-la-vr","status":"publish","type":"page","link":"https:\/\/www.pedagogie.ac-nice.fr\/sti-voie-pro\/formations-sur-la-vr\/","title":{"rendered":"Formations sur la R\u00e9alit\u00e9 Virtuelle (VR)"},"content":{"rendered":"<p>Nombre de vues : 34<\/p>\n<hr \/>\n<p><img loading=\"lazy\" decoding=\"async\" class=\"alignnone wp-image-1085\" src=\"https:\/\/www.pedagogie.ac-nice.fr\/MIGR-sti-voie-pro\/wp-content\/uploads\/sites\/73\/2026\/01\/ChatGPT-Image-27-janv.-2026-20_28_52-e1769542236980-300x268.png\" alt=\"\" width=\"203\" height=\"182\" srcset=\"https:\/\/www.pedagogie.ac-nice.fr\/sti-voie-pro\/wp-content\/uploads\/sites\/73\/2026\/01\/ChatGPT-Image-27-janv.-2026-20_28_52-e1769542236980-300x268.png 300w, https:\/\/www.pedagogie.ac-nice.fr\/sti-voie-pro\/wp-content\/uploads\/sites\/73\/2026\/01\/ChatGPT-Image-27-janv.-2026-20_28_52-e1769542236980-645x577.png 645w, https:\/\/www.pedagogie.ac-nice.fr\/sti-voie-pro\/wp-content\/uploads\/sites\/73\/2026\/01\/ChatGPT-Image-27-janv.-2026-20_28_52-e1769542236980.png 760w\" sizes=\"auto, (max-width: 203px) 100vw, 203px\" \/><a href=\"https:\/\/www.pedagogie.ac-nice.fr\/MIGR-sti-voie-pro\/formations-sur-la-vr\/chatgpt-image-9-fevr-2026-19_01_33\/\" rel=\"attachment wp-att-1581\"><img loading=\"lazy\" decoding=\"async\" class=\"alignnone wp-image-1581\" src=\"https:\/\/www.pedagogie.ac-nice.fr\/MIGR-sti-voie-pro\/wp-content\/uploads\/sites\/73\/2026\/02\/ChatGPT-Image-9-fevr.-2026-19_01_33-e1770660214258-300x241.png\" alt=\"\" width=\"241\" height=\"194\" srcset=\"https:\/\/www.pedagogie.ac-nice.fr\/sti-voie-pro\/wp-content\/uploads\/sites\/73\/2026\/02\/ChatGPT-Image-9-fevr.-2026-19_01_33-e1770660214258-300x241.png 300w, https:\/\/www.pedagogie.ac-nice.fr\/sti-voie-pro\/wp-content\/uploads\/sites\/73\/2026\/02\/ChatGPT-Image-9-fevr.-2026-19_01_33-e1770660214258-768x616.png 768w, https:\/\/www.pedagogie.ac-nice.fr\/sti-voie-pro\/wp-content\/uploads\/sites\/73\/2026\/02\/ChatGPT-Image-9-fevr.-2026-19_01_33-e1770660214258-645x517.png 645w, https:\/\/www.pedagogie.ac-nice.fr\/sti-voie-pro\/wp-content\/uploads\/sites\/73\/2026\/02\/ChatGPT-Image-9-fevr.-2026-19_01_33-e1770660214258.png 970w\" sizes=\"auto, (max-width: 241px) 100vw, 241px\" \/><\/a><\/p>\n<h1 style=\"text-align: center;\">Rentr\u00e9e 2026\u00a0: Strat\u00e9gie de d\u00e9ploiement de la R\u00e9alit\u00e9 Virtuelle en formation<\/h1>\n<p>&nbsp;<\/p>\n<p><span style=\"font-size: 14pt;\">L\u2019int\u00e9r\u00eat pour les technologies immersives exprim\u00e9 lors des formations sur les \u00e9valuations par comp\u00e9tences, nous donne \u00e0 r\u00e9fl\u00e9chir sur le d\u00e9ploiement de cette technologie.<\/span><\/p>\n<p>Je vous propose une progression centr\u00e9e sur la <strong>cr\u00e9ation de contenus immersifs<\/strong>.<\/p>\n<p>Le d\u00e9ploiement effectif est pr\u00e9vu pour la rentr\u00e9e 2026.<\/p>\n<p style=\"text-align: center;\"><iframe loading=\"lazy\" style=\"border: 0px;\" title=\"3-Strat\u00e9gie_VR_en_formation\" src=\"https:\/\/tube-enseignement-professionnel.apps.education.fr\/videos\/embed\/7eA57gyMDGhFp1eA4V321z\" width=\"560\" height=\"315\" sandbox=\"allow-same-origin allow-scripts allow-popups allow-forms\"><\/iframe><\/p>\n<p>&nbsp;<\/p>\n<p>&nbsp;<\/p>\n<p><a href=\"https:\/\/www.pedagogie.ac-nice.fr\/sti-voie-pro\/category\/formations-academiques\/\"><span style=\"font-size: 14pt;\"><img decoding=\"async\" class=\"emoji\" role=\"img\" draggable=\"false\" src=\"https:\/\/s.w.org\/images\/core\/emoji\/17.0.2\/svg\/1f3ed.svg\" alt=\"\ud83c\udfed\" \/> <img decoding=\"async\" class=\"emoji\" role=\"img\" draggable=\"false\" src=\"https:\/\/s.w.org\/images\/core\/emoji\/17.0.2\/svg\/1f4ce.svg\" alt=\"\ud83d\udcce\" \/> RETROUVEZ LES TRAVAUX SOUS FORME D\u2019ARTICLES DANS LA CAT\u00c9GORIE \u00ab\u00a0FORMATIONS ACAD\u00c9MIQUES\u00a0\u00bb<\/span><\/a><\/p>\n<p>&nbsp;<\/p>\n","protected":false},"excerpt":{"rendered":"<p>Nombre de vues : Rentr\u00e9e 2026\u00a0: Strat\u00e9gie de d\u00e9ploiement de la R\u00e9alit\u00e9 Virtuelle en formation &nbsp; L\u2019int\u00e9r\u00eat pour les technologies immersives exprim\u00e9 lors des formations sur les \u00e9valuations par comp\u00e9tences, nous donne \u00e0 r\u00e9fl\u00e9chir sur le d\u00e9ploiement de cette technologie. Je vous propose une progression centr\u00e9e sur la cr\u00e9ation de contenus immersifs. Le d\u00e9ploiement effectif &hellip; <\/p>\n<p><a class=\"more-link btn\" href=\"https:\/\/www.pedagogie.ac-nice.fr\/sti-voie-pro\/formations-sur-la-vr\/\">Lire la suite<\/a><\/p>\n","protected":false},"author":166,"featured_media":0,"parent":0,"menu_order":0,"comment_status":"closed","ping_status":"closed","template":"","meta":{"footnotes":""},"class_list":["post-1571","page","type-page","status-publish","hentry","nodate","item-wrap"],"rttpg_featured_image_url":null,"rttpg_author":{"display_name":"fferrero","author_link":"https:\/\/www.pedagogie.ac-nice.fr\/sti-voie-pro\/author\/fferrero\/"},"rttpg_comment":0,"rttpg_category":null,"rttpg_excerpt":"Nombre de vues : Rentr\u00e9e 2026\u00a0: Strat\u00e9gie de d\u00e9ploiement de la R\u00e9alit\u00e9 Virtuelle en formation &nbsp; L\u2019int\u00e9r\u00eat pour les technologies immersives exprim\u00e9 lors des formations sur les \u00e9valuations par comp\u00e9tences, nous donne \u00e0 r\u00e9fl\u00e9chir sur le d\u00e9ploiement de cette technologie. Je vous propose une progression centr\u00e9e sur la cr\u00e9ation de contenus immersifs. Le d\u00e9ploiement effectif\u2026","post_mailing_queue_ids":[],"_links":{"self":[{"href":"https:\/\/www.pedagogie.ac-nice.fr\/sti-voie-pro\/wp-json\/wp\/v2\/pages\/1571","targetHints":{"allow":["GET"]}}],"collection":[{"href":"https:\/\/www.pedagogie.ac-nice.fr\/sti-voie-pro\/wp-json\/wp\/v2\/pages"}],"about":[{"href":"https:\/\/www.pedagogie.ac-nice.fr\/sti-voie-pro\/wp-json\/wp\/v2\/types\/page"}],"author":[{"embeddable":true,"href":"https:\/\/www.pedagogie.ac-nice.fr\/sti-voie-pro\/wp-json\/wp\/v2\/users\/166"}],"replies":[{"embeddable":true,"href":"https:\/\/www.pedagogie.ac-nice.fr\/sti-voie-pro\/wp-json\/wp\/v2\/comments?post=1571"}],"version-history":[{"count":13,"href":"https:\/\/www.pedagogie.ac-nice.fr\/sti-voie-pro\/wp-json\/wp\/v2\/pages\/1571\/revisions"}],"predecessor-version":[{"id":1735,"href":"https:\/\/www.pedagogie.ac-nice.fr\/sti-voie-pro\/wp-json\/wp\/v2\/pages\/1571\/revisions\/1735"}],"wp:attachment":[{"href":"https:\/\/www.pedagogie.ac-nice.fr\/sti-voie-pro\/wp-json\/wp\/v2\/media?parent=1571"}],"curies":[{"name":"wp","href":"https:\/\/api.w.org\/{rel}","templated":true}]}}