{"id":255,"date":"2026-01-13T21:00:37","date_gmt":"2026-01-13T20:00:37","guid":{"rendered":"https:\/\/www.pedagogie.ac-nice.fr\/MIGR-sti-voie-pro\/?page_id=255"},"modified":"2026-04-02T22:40:41","modified_gmt":"2026-04-02T20:40:41","slug":"mentions-legales","status":"publish","type":"page","link":"https:\/\/www.pedagogie.ac-nice.fr\/sti-voie-pro\/","title":{"rendered":"Lettre de rentr\u00e9e"},"content":{"rendered":"<p>Nombre de vues : 808<\/p>\n<hr \/>\n<p style=\"text-align: left;\">Mesdames, Messieurs les enseignants des domaines professionnels<\/p>\n<p style=\"text-align: left;\">Mesdames, Messieurs les directeurs d\u00e9l\u00e9gu\u00e9s aux formations professionnelles et technologiques<\/p>\n<p style=\"text-align: left;\">Mesdames et Messieurs les personnels de direction.<\/p>\n<p style=\"text-align: left;\">Bonjour,<\/p>\n<p style=\"text-align: left;\">nous avons, lors de ces deux derni\u00e8res ann\u00e9es, affirm\u00e9 notre volont\u00e9 d\u2019harmoniser nos pratiques et nos attentes. Cette volont\u00e9 a trouv\u00e9 sa traduction par l\u2019identification d\u2019un inspecteur r\u00e9f\u00e9rent d\u2019\u00e9tablissement. Elle a permis une plus grande proximit\u00e9 de ce dernier et\u00a0 \u00e0 travers celle-ci, un accompagnement soutenu de l\u2019ensemble des \u00e9quipes enseignantes du domaine des sciences et techniques industrielles. Elle nous a \u00e9galement permis de r\u00e9aliser une analyse crois\u00e9e de l\u2019\u00e9tat de l\u2019enseignement des disciplines S.T.I. dans l\u2019acad\u00e9mie. Sur la base d\u2019un diagnostic partag\u00e9, \u00e0 compter de cette rentr\u00e9e, nous avons d\u00e9cid\u00e9 de poursuivre nos missions de conseil, d\u2019expertise, d\u2019animation et d\u2019\u00e9valuation en privil\u00e9giant une logique de fili\u00e8re. Pour cela, \u00e0 partir d\u2019exigences communes et d\u2019outils mutualis\u00e9s \u00e0 l\u2019ensemble des enseignements, nous vous informons des dispositions suivantes\u00a0:<\/p>\n<p style=\"text-align: left;\">&#8211; un inspecteur r\u00e9f\u00e9rent S.T.I. est maintenu. Il sera l\u2019interlocuteur privil\u00e9gi\u00e9 du chef d\u2019\u00e9tablissement\u00a0;<\/p>\n<p style=\"text-align: left;\">&#8211; les inspections individuelles seront r\u00e9alis\u00e9es par l\u2019inspecteur en charge de la fili\u00e8re\u00a0;<\/p>\n<p style=\"text-align: left;\">&#8211; au regard de situations particuli\u00e8res, des inspections de fili\u00e8re pourront \u00eatre initi\u00e9es.<\/p>\n<p style=\"text-align: left;\">De plus, nous avons d\u00e9cid\u00e9 d\u2019encourager les pratiques r\u00e9flexives, ce qui se traduira par un nouveau format de nos rapports d&rsquo;inspection :<\/p>\n<p style=\"text-align: left;\">(cf. <a href=\"https:\/\/www.education.gouv.fr\/le-referentiel-de-competences-des-metiers-du-professorat-et-de-l-education-5753\" target=\"_blank\" rel=\"noopener\">l\u2019Arr\u00eat\u00e9 du 1er juillet 2013 BO n\u00b030 du 25 juillet 2013<\/a>).<\/p>\n<p style=\"text-align: left;\">Enfin, nous vous demandons d\u2019apporter une attention particuli\u00e8re \u00e0\u00a0:<\/p>\n<ul style=\"text-align: left;\">\n<li>La circulaire de rentr\u00e9e 2025-2026 (<a href=\"https:\/\/eduscol.education.fr\/3898\/circulaire-de-rentree\" target=\"_blank\" rel=\"noopener\">https:\/\/eduscol.education.fr\/3898\/circulaire-de-rentree<\/a>)<\/li>\n<li>La circulaire, r\u00e9ussir l&rsquo;entr\u00e9e au lyc\u00e9e professionnel (<a href=\"https:\/\/www.education.gouv.fr\/bo\/16\/Hebdo13\/MENE1608562C.htm\" target=\"_blank\" rel=\"noopener\">circulaire n\u00b0 2016-055 du 29-3-2016<\/a>).<\/li>\n<\/ul>\n<p style=\"text-align: left;\">Ce site se veut \u00eatre un outil de communication au sein de la communaut\u00e9 \u00e9ducative en charge des formations professionnelles en Sciences en Techniques Industrielles. Il est aliment\u00e9 par les contributions des groupes de travail acad\u00e9miques ainsi que par vos propres productions. Son objectif premier est de mutualiser les comp\u00e9tences et connaissances des enseignants en vue d&rsquo;une efficacit\u00e9 accrue de notre syst\u00e8me de formation.<\/p>\n<p style=\"text-align: left;\">Nous vous souhaitons de trouver des r\u00e9ponses aux questions qui se posent \u00e0 nous aujourd&rsquo;hui. En contribuant \u00e0 son actualisation, vous en ferez un outil de travail utile pour tous les enseignants de STI.<\/p>\n<p style=\"text-align: left;\">Nous savons que nous pouvons encore compter sur votre fort engagement professionnel, et vous souhaitons \u00e0 toutes et \u00e0 tous une excellente ann\u00e9e scolaire au service de la r\u00e9ussite des \u00e9l\u00e8ves qui nous sont confi\u00e9s.<\/p>\n<p>M. Walter DI PILLA<\/p>\n<div>Doyen des IEN du second degr\u00e9<\/div>\n<div>Inspecteur de l\u2019\u00c9ducation Nationale<\/div>\n<div>Sciences et Techniques Industrielles<\/div>\n<div>\n<hr \/>\n<\/div>\n","protected":false},"excerpt":{"rendered":"<p>Nombre de vues : Mesdames, Messieurs les enseignants des domaines professionnels Mesdames, Messieurs les directeurs d\u00e9l\u00e9gu\u00e9s aux formations professionnelles et technologiques Mesdames et Messieurs les personnels de direction. Bonjour, nous avons, lors de ces deux derni\u00e8res ann\u00e9es, affirm\u00e9 notre volont\u00e9 d\u2019harmoniser nos pratiques et nos attentes. Cette volont\u00e9 a trouv\u00e9 sa traduction par l\u2019identification d\u2019un &hellip; <\/p>\n<p><a class=\"more-link btn\" href=\"https:\/\/www.pedagogie.ac-nice.fr\/sti-voie-pro\/\">Lire la suite<\/a><\/p>\n","protected":false},"author":166,"featured_media":0,"parent":0,"menu_order":0,"comment_status":"closed","ping_status":"closed","template":"","meta":{"footnotes":""},"class_list":["post-255","page","type-page","status-publish","hentry","nodate","item-wrap"],"rttpg_featured_image_url":null,"rttpg_author":{"display_name":"fferrero","author_link":"https:\/\/www.pedagogie.ac-nice.fr\/sti-voie-pro\/author\/fferrero\/"},"rttpg_comment":0,"rttpg_category":null,"rttpg_excerpt":"Nombre de vues : Mesdames, Messieurs les enseignants des domaines professionnels Mesdames, Messieurs les directeurs d\u00e9l\u00e9gu\u00e9s aux formations professionnelles et technologiques Mesdames et Messieurs les personnels de direction. Bonjour, nous avons, lors de ces deux derni\u00e8res ann\u00e9es, affirm\u00e9 notre volont\u00e9 d\u2019harmoniser nos pratiques et nos attentes. Cette volont\u00e9 a trouv\u00e9 sa traduction par l\u2019identification d\u2019un\u2026","post_mailing_queue_ids":[],"_links":{"self":[{"href":"https:\/\/www.pedagogie.ac-nice.fr\/sti-voie-pro\/wp-json\/wp\/v2\/pages\/255","targetHints":{"allow":["GET"]}}],"collection":[{"href":"https:\/\/www.pedagogie.ac-nice.fr\/sti-voie-pro\/wp-json\/wp\/v2\/pages"}],"about":[{"href":"https:\/\/www.pedagogie.ac-nice.fr\/sti-voie-pro\/wp-json\/wp\/v2\/types\/page"}],"author":[{"embeddable":true,"href":"https:\/\/www.pedagogie.ac-nice.fr\/sti-voie-pro\/wp-json\/wp\/v2\/users\/166"}],"replies":[{"embeddable":true,"href":"https:\/\/www.pedagogie.ac-nice.fr\/sti-voie-pro\/wp-json\/wp\/v2\/comments?post=255"}],"version-history":[{"count":18,"href":"https:\/\/www.pedagogie.ac-nice.fr\/sti-voie-pro\/wp-json\/wp\/v2\/pages\/255\/revisions"}],"predecessor-version":[{"id":1803,"href":"https:\/\/www.pedagogie.ac-nice.fr\/sti-voie-pro\/wp-json\/wp\/v2\/pages\/255\/revisions\/1803"}],"wp:attachment":[{"href":"https:\/\/www.pedagogie.ac-nice.fr\/sti-voie-pro\/wp-json\/wp\/v2\/media?parent=255"}],"curies":[{"name":"wp","href":"https:\/\/api.w.org\/{rel}","templated":true}]}}