{"id":999,"date":"2026-01-25T15:21:09","date_gmt":"2026-01-25T14:21:09","guid":{"rendered":"https:\/\/www.pedagogie.ac-nice.fr\/MIGR-sti-voie-pro\/?page_id=999"},"modified":"2026-04-02T01:38:15","modified_gmt":"2026-04-01T23:38:15","slug":"migration-du-site-sti-voie-pro-nice","status":"publish","type":"page","link":"https:\/\/www.pedagogie.ac-nice.fr\/sti-voie-pro\/migration-du-site-sti-voie-pro-nice\/","title":{"rendered":"Migration du site STI Voie Pro Nice"},"content":{"rendered":"<p>Nombre de vues : 22<\/p>\n<hr \/>\n<p><img loading=\"lazy\" decoding=\"async\" class=\"alignnone wp-image-997 size-medium\" src=\"https:\/\/www.pedagogie.ac-nice.fr\/sti-voie-pro\/wp-content\/uploads\/sites\/73\/2026\/01\/ChatGPT-Image-25-janv.-2026-15_13_44-300x200.png\" alt=\"\" width=\"300\" height=\"200\" srcset=\"https:\/\/www.pedagogie.ac-nice.fr\/sti-voie-pro\/wp-content\/uploads\/sites\/73\/2026\/01\/ChatGPT-Image-25-janv.-2026-15_13_44-300x200.png 300w, https:\/\/www.pedagogie.ac-nice.fr\/sti-voie-pro\/wp-content\/uploads\/sites\/73\/2026\/01\/ChatGPT-Image-25-janv.-2026-15_13_44-1024x683.png 1024w, https:\/\/www.pedagogie.ac-nice.fr\/sti-voie-pro\/wp-content\/uploads\/sites\/73\/2026\/01\/ChatGPT-Image-25-janv.-2026-15_13_44-768x512.png 768w, https:\/\/www.pedagogie.ac-nice.fr\/sti-voie-pro\/wp-content\/uploads\/sites\/73\/2026\/01\/ChatGPT-Image-25-janv.-2026-15_13_44-645x430.png 645w, https:\/\/www.pedagogie.ac-nice.fr\/sti-voie-pro\/wp-content\/uploads\/sites\/73\/2026\/01\/ChatGPT-Image-25-janv.-2026-15_13_44.png 1536w\" sizes=\"auto, (max-width: 300px) 100vw, 300px\" \/><img loading=\"lazy\" decoding=\"async\" class=\"alignnone size-full wp-image-542\" src=\"https:\/\/www.pedagogie.ac-nice.fr\/MIGR-sti-voie-pro\/wp-content\/uploads\/sites\/73\/2025\/12\/stipro-newsletters_sans_fond-300x183-1-e1768563661669.png\" alt=\"\" width=\"118\" height=\"72\" \/><\/p>\n<p>Bonjour,<\/p>\n<p>La migration vers WordPress est termin\u00e9e.<\/p>\n<p>Pour information, le total des articles vus s&rsquo;\u00e9l\u00e8ve \u00e0\u00a0 365133 sur les 5 ann\u00e9es, soit une moyenne de plus de 6000 vues d&rsquo;articles par mois.<\/p>\n<p>Je vous en remercie et vous souhaite une bonne navigation sur ce nouveau site d\u00e9di\u00e9 aux exp\u00e9rimentations en STI de la voie Professionnelle.<\/p>\n<p>Cordialement,<\/p>\n<p>M. FERRERO Franck Correspondant au Num\u00e9rique en STI Voie Professionnelle.<\/p>\n","protected":false},"excerpt":{"rendered":"<p>Nombre de vues : Bonjour, La migration vers WordPress est termin\u00e9e. Pour information, le total des articles vus s&rsquo;\u00e9l\u00e8ve \u00e0\u00a0 365133 sur les 5 ann\u00e9es, soit une moyenne de plus de 6000 vues d&rsquo;articles par mois. Je vous en remercie et vous souhaite une bonne navigation sur ce nouveau site d\u00e9di\u00e9 aux exp\u00e9rimentations en STI &hellip; <\/p>\n<p><a class=\"more-link btn\" href=\"https:\/\/www.pedagogie.ac-nice.fr\/sti-voie-pro\/migration-du-site-sti-voie-pro-nice\/\">Lire la suite<\/a><\/p>\n","protected":false},"author":166,"featured_media":0,"parent":0,"menu_order":0,"comment_status":"closed","ping_status":"closed","template":"","meta":{"footnotes":""},"class_list":["post-999","page","type-page","status-publish","hentry","nodate","item-wrap"],"rttpg_featured_image_url":null,"rttpg_author":{"display_name":"fferrero","author_link":"https:\/\/www.pedagogie.ac-nice.fr\/sti-voie-pro\/author\/fferrero\/"},"rttpg_comment":0,"rttpg_category":null,"rttpg_excerpt":"Nombre de vues : Bonjour, La migration vers WordPress est termin\u00e9e. Pour information, le total des articles vus s&rsquo;\u00e9l\u00e8ve \u00e0\u00a0 365133 sur les 5 ann\u00e9es, soit une moyenne de plus de 6000 vues d&rsquo;articles par mois. Je vous en remercie et vous souhaite une bonne navigation sur ce nouveau site d\u00e9di\u00e9 aux exp\u00e9rimentations en STI\u2026","post_mailing_queue_ids":[],"_links":{"self":[{"href":"https:\/\/www.pedagogie.ac-nice.fr\/sti-voie-pro\/wp-json\/wp\/v2\/pages\/999","targetHints":{"allow":["GET"]}}],"collection":[{"href":"https:\/\/www.pedagogie.ac-nice.fr\/sti-voie-pro\/wp-json\/wp\/v2\/pages"}],"about":[{"href":"https:\/\/www.pedagogie.ac-nice.fr\/sti-voie-pro\/wp-json\/wp\/v2\/types\/page"}],"author":[{"embeddable":true,"href":"https:\/\/www.pedagogie.ac-nice.fr\/sti-voie-pro\/wp-json\/wp\/v2\/users\/166"}],"replies":[{"embeddable":true,"href":"https:\/\/www.pedagogie.ac-nice.fr\/sti-voie-pro\/wp-json\/wp\/v2\/comments?post=999"}],"version-history":[{"count":7,"href":"https:\/\/www.pedagogie.ac-nice.fr\/sti-voie-pro\/wp-json\/wp\/v2\/pages\/999\/revisions"}],"predecessor-version":[{"id":1740,"href":"https:\/\/www.pedagogie.ac-nice.fr\/sti-voie-pro\/wp-json\/wp\/v2\/pages\/999\/revisions\/1740"}],"wp:attachment":[{"href":"https:\/\/www.pedagogie.ac-nice.fr\/sti-voie-pro\/wp-json\/wp\/v2\/media?parent=999"}],"curies":[{"name":"wp","href":"https:\/\/api.w.org\/{rel}","templated":true}]}}